{"id":247082,"date":"2026-01-29T15:46:48","date_gmt":"2026-01-29T20:46:48","guid":{"rendered":"https:\/\/arriendo.com\/co\/%es_type%\/%address_city%\/%neighborhood%\/bogota-cedritos-apartamento-en-arriendo-en-869b31\/"},"modified":"2026-01-29T15:46:48","modified_gmt":"2026-01-29T20:46:48","slug":"AR-247082","status":"publish","type":"properties","link":"https:\/\/arriendo.com\/co\/apartamentos\/bogota\/cedritos\/AR-247082\/","title":{"rendered":"Apartamento en Arriendo en Cedritos, Bogot\u00e1"},"content":{"rendered":"<p>Apto Cedritos Norte de Bogota , sala comedor, chimenea , Balc\u00f3n, cocina abierta a gas , zona lavander\u00eda , 1 alcoba , 1 ba\u00f1o , espacio peq para estudio, garaje Dep\u00f3sito , parque infantil, gimnasio , sal\u00f3n comunal , sauna.<br \/>\nCerca a la calle 140 , calle 147 , Cra 13 , av 19 tambi\u00e9n se vende 363 millones.<\/p>\n","protected":false},"excerpt":{"rendered":"Apto Cedritos Norte de Bogota , sala comedor, chimenea ,...","protected":false},"author":7302,"featured_media":247085,"template":"","es_locations":[110,77,274],"es_categories":[124],"es_types":[114],"es_rent_periods":[],"es_labels":[],"es_statuses":[],"es_parkings":[],"es_roofs":[],"es_exterior_materials":[],"es_basements":[],"es_floor_coverings":[],"es_features":[131,132,2263,2145,134,2131,133,2146,2147,2148,151,136,2149,2179,145,2216,2132,2133,2181,2182,2167,2135,2150,143,2136,2151,2185,2152],"es_amenities":[152,2186,2269,2153,2313,2139,2154,2155,2156,2157,2270,2158,2159,154,2160,156,2140,158,159,2171,2142,2161,2290,2143,161,162,2173,2162],"es_neighborhoods":[],"es_tags":[],"class_list":["post-247082","properties","type-properties","status-publish","has-post-thumbnail","hentry","es_location-bogota","es_location-bogota-d-c","es_location-cedritos","es_category-arriendo","es_type-apartamentos","es_feature-ascensor","es_feature-balcon","es_feature-barra-estilo-americano","es_feature-calentador","es_feature-chimenea","es_feature-circuito-cerrado-de-tv","es_feature-citofono","es_feature-cocina-integral","es_feature-cocina-tipo-americano","es_feature-colegios-universidades","es_feature-deposito-bodega","es_feature-estudio","es_feature-garajes","es_feature-gimnasio","es_feature-instalacion-de-gas","es_feature-parqueadero-visitantes","es_feature-parques-cercanos","es_feature-porteria-recepcion","es_feature-porteria-vigilancia","es_feature-salon-comunal","es_feature-sauna-turco-jacuzzi","es_feature-sobre-via-principal","es_feature-supermercados-c-comerciales","es_feature-terraza","es_feature-trans-publico-cercano","es_feature-zona-de-lavanderia","es_feature-zona-infantil","es_feature-zona-residencial","es_amenity-ascensor-privado","es_amenity-balcon","es_amenity-barra-estilo-americano","es_amenity-calentador","es_amenity-chimenea","es_amenity-circuito-cerrado-de-tv","es_amenity-citofono","es_amenity-cocina-integral","es_amenity-cocina-tipo-americano","es_amenity-colegios-universidades","es_amenity-deposito-bodega","es_amenity-estudio","es_amenity-garajes","es_amenity-gimnasio","es_amenity-instalacion-de-gas","es_amenity-parqueadero-visitantes","es_amenity-parques-cercanos","es_amenity-porteria-recepcion","es_amenity-salon-comunal","es_amenity-sauna-turco-jacuzzi","es_amenity-sobre-via-principal","es_amenity-supermercados-c-comerciales","es_amenity-terraza","es_amenity-trans-publico-cercano","es_amenity-vigilancia-24-7","es_amenity-zona-de-lavanderia","es_amenity-zona-infantil","es_amenity-zona-residencial","es-post-entity"],"_links":{"self":[{"href":"https:\/\/arriendo.com\/co\/wp-json\/wp\/v2\/properties\/247082","targetHints":{"allow":["GET"]}}],"collection":[{"href":"https:\/\/arriendo.com\/co\/wp-json\/wp\/v2\/properties"}],"about":[{"href":"https:\/\/arriendo.com\/co\/wp-json\/wp\/v2\/types\/properties"}],"author":[{"embeddable":true,"href":"https:\/\/arriendo.com\/co\/wp-json\/wp\/v2\/users\/7302"}],"version-history":[{"count":0,"href":"https:\/\/arriendo.com\/co\/wp-json\/wp\/v2\/properties\/247082\/revisions"}],"wp:featuredmedia":[{"embeddable":true,"href":"https:\/\/arriendo.com\/co\/wp-json\/wp\/v2\/media\/247085"}],"wp:attachment":[{"href":"https:\/\/arriendo.com\/co\/wp-json\/wp\/v2\/media?parent=247082"}],"wp:term":[{"taxonomy":"es_location","embeddable":true,"href":"https:\/\/arriendo.com\/co\/wp-json\/wp\/v2\/es_locations?post=247082"},{"taxonomy":"es_category","embeddable":true,"href":"https:\/\/arriendo.com\/co\/wp-json\/wp\/v2\/es_categories?post=247082"},{"taxonomy":"es_type","embeddable":true,"href":"https:\/\/arriendo.com\/co\/wp-json\/wp\/v2\/es_types?post=247082"},{"taxonomy":"es_rent_period","embeddable":true,"href":"https:\/\/arriendo.com\/co\/wp-json\/wp\/v2\/es_rent_periods?post=247082"},{"taxonomy":"es_label","embeddable":true,"href":"https:\/\/arriendo.com\/co\/wp-json\/wp\/v2\/es_labels?post=247082"},{"taxonomy":"es_status","embeddable":true,"href":"https:\/\/arriendo.com\/co\/wp-json\/wp\/v2\/es_statuses?post=247082"},{"taxonomy":"es_parking","embeddable":true,"href":"https:\/\/arriendo.com\/co\/wp-json\/wp\/v2\/es_parkings?post=247082"},{"taxonomy":"es_roof","embeddable":true,"href":"https:\/\/arriendo.com\/co\/wp-json\/wp\/v2\/es_roofs?post=247082"},{"taxonomy":"es_exterior_material","embeddable":true,"href":"https:\/\/arriendo.com\/co\/wp-json\/wp\/v2\/es_exterior_materials?post=247082"},{"taxonomy":"es_basement","embeddable":true,"href":"https:\/\/arriendo.com\/co\/wp-json\/wp\/v2\/es_basements?post=247082"},{"taxonomy":"es_floor_covering","embeddable":true,"href":"https:\/\/arriendo.com\/co\/wp-json\/wp\/v2\/es_floor_coverings?post=247082"},{"taxonomy":"es_feature","embeddable":true,"href":"https:\/\/arriendo.com\/co\/wp-json\/wp\/v2\/es_features?post=247082"},{"taxonomy":"es_amenity","embeddable":true,"href":"https:\/\/arriendo.com\/co\/wp-json\/wp\/v2\/es_amenities?post=247082"},{"taxonomy":"es_neighborhood","embeddable":true,"href":"https:\/\/arriendo.com\/co\/wp-json\/wp\/v2\/es_neighborhoods?post=247082"},{"taxonomy":"es_tag","embeddable":true,"href":"https:\/\/arriendo.com\/co\/wp-json\/wp\/v2\/es_tags?post=247082"}],"curies":[{"name":"wp","href":"https:\/\/api.w.org\/{rel}","templated":true}]}}

Apartamento en Arriendo en Cedritos, Bogotá

<p>Apto Cedritos Norte de Bogota , sala comedor, chimenea , Balcón, cocina abierta a gas , zona lavandería , 1 alcoba , 1 baño , espacio peq para estudio, garaje Depósito , parque infantil, gimnasio , salón comunal , sauna.<br />
Cerca a la calle 140 , calle 147 , Cra 13 , av 19 también se vende 363 millones.</p>
