{"id":247075,"date":"2026-01-29T15:45:48","date_gmt":"2026-01-29T20:45:48","guid":{"rendered":"https:\/\/arriendo.com\/co\/%es_type%\/%address_city%\/%neighborhood%\/bogota-la-calleja-apartamento-en-arriendo-en-c962cc\/"},"modified":"2026-01-29T15:45:48","modified_gmt":"2026-01-29T20:45:48","slug":"AR-247075","status":"publish","type":"properties","link":"https:\/\/arriendo.com\/co\/apartamentos\/bogota\/la-calleja\/AR-247075\/","title":{"rendered":"Apartamento en Arriendo en La Calleja, Bogot\u00e1"},"content":{"rendered":"<p>Apartamento 1 alcoba en un segundo piso con 39 mts de \u00e1rea construida, ubicado en la calleja baja .con 1 ba\u00f1o y medio , sala comedor con cocina integral tipo americano , zona de lavander\u00eda independiente. El edificio tiene su sal\u00f3n comunal cerca a la avenida 19 , calle 127 y la autopista.<\/p>\n","protected":false},"excerpt":{"rendered":"Apartamento 1 alcoba en un segundo piso con 39 mts...","protected":false},"author":7302,"featured_media":247078,"template":"","es_locations":[110,77,207],"es_categories":[124],"es_types":[114],"es_rent_periods":[],"es_labels":[],"es_statuses":[],"es_parkings":[],"es_roofs":[],"es_exterior_materials":[],"es_basements":[],"es_floor_coverings":[],"es_features":[131,2212,2263,2145,2131,133,2147,2148,2149,145,2132,2133,2181,2150,2136,2152],"es_amenities":[152,2217,2269,2153,2139,2154,2156,2157,2159,2160,2140,158,2161,2143,161,2162],"es_neighborhoods":[],"es_tags":[],"class_list":["post-247075","properties","type-properties","status-publish","has-post-thumbnail","hentry","es_location-bogota","es_location-bogota-d-c","es_location-la-calleja","es_category-arriendo","es_type-apartamentos","es_feature-ascensor","es_feature-bano-auxiliar","es_feature-barra-estilo-americano","es_feature-calentador","es_feature-circuito-cerrado-de-tv","es_feature-citofono","es_feature-cocina-tipo-americano","es_feature-colegios-universidades","es_feature-garajes","es_feature-instalacion-de-gas","es_feature-parques-cercanos","es_feature-porteria-recepcion","es_feature-porteria-vigilancia","es_feature-supermercados-c-comerciales","es_feature-trans-publico-cercano","es_feature-zona-residencial","es_amenity-ascensor-privado","es_amenity-bano-auxiliar","es_amenity-barra-estilo-americano","es_amenity-calentador","es_amenity-circuito-cerrado-de-tv","es_amenity-citofono","es_amenity-cocina-tipo-americano","es_amenity-colegios-universidades","es_amenity-garajes","es_amenity-instalacion-de-gas","es_amenity-parques-cercanos","es_amenity-porteria-recepcion","es_amenity-supermercados-c-comerciales","es_amenity-trans-publico-cercano","es_amenity-vigilancia-24-7","es_amenity-zona-residencial","es-post-entity"],"_links":{"self":[{"href":"https:\/\/arriendo.com\/co\/wp-json\/wp\/v2\/properties\/247075","targetHints":{"allow":["GET"]}}],"collection":[{"href":"https:\/\/arriendo.com\/co\/wp-json\/wp\/v2\/properties"}],"about":[{"href":"https:\/\/arriendo.com\/co\/wp-json\/wp\/v2\/types\/properties"}],"author":[{"embeddable":true,"href":"https:\/\/arriendo.com\/co\/wp-json\/wp\/v2\/users\/7302"}],"version-history":[{"count":0,"href":"https:\/\/arriendo.com\/co\/wp-json\/wp\/v2\/properties\/247075\/revisions"}],"wp:featuredmedia":[{"embeddable":true,"href":"https:\/\/arriendo.com\/co\/wp-json\/wp\/v2\/media\/247078"}],"wp:attachment":[{"href":"https:\/\/arriendo.com\/co\/wp-json\/wp\/v2\/media?parent=247075"}],"wp:term":[{"taxonomy":"es_location","embeddable":true,"href":"https:\/\/arriendo.com\/co\/wp-json\/wp\/v2\/es_locations?post=247075"},{"taxonomy":"es_category","embeddable":true,"href":"https:\/\/arriendo.com\/co\/wp-json\/wp\/v2\/es_categories?post=247075"},{"taxonomy":"es_type","embeddable":true,"href":"https:\/\/arriendo.com\/co\/wp-json\/wp\/v2\/es_types?post=247075"},{"taxonomy":"es_rent_period","embeddable":true,"href":"https:\/\/arriendo.com\/co\/wp-json\/wp\/v2\/es_rent_periods?post=247075"},{"taxonomy":"es_label","embeddable":true,"href":"https:\/\/arriendo.com\/co\/wp-json\/wp\/v2\/es_labels?post=247075"},{"taxonomy":"es_status","embeddable":true,"href":"https:\/\/arriendo.com\/co\/wp-json\/wp\/v2\/es_statuses?post=247075"},{"taxonomy":"es_parking","embeddable":true,"href":"https:\/\/arriendo.com\/co\/wp-json\/wp\/v2\/es_parkings?post=247075"},{"taxonomy":"es_roof","embeddable":true,"href":"https:\/\/arriendo.com\/co\/wp-json\/wp\/v2\/es_roofs?post=247075"},{"taxonomy":"es_exterior_material","embeddable":true,"href":"https:\/\/arriendo.com\/co\/wp-json\/wp\/v2\/es_exterior_materials?post=247075"},{"taxonomy":"es_basement","embeddable":true,"href":"https:\/\/arriendo.com\/co\/wp-json\/wp\/v2\/es_basements?post=247075"},{"taxonomy":"es_floor_covering","embeddable":true,"href":"https:\/\/arriendo.com\/co\/wp-json\/wp\/v2\/es_floor_coverings?post=247075"},{"taxonomy":"es_feature","embeddable":true,"href":"https:\/\/arriendo.com\/co\/wp-json\/wp\/v2\/es_features?post=247075"},{"taxonomy":"es_amenity","embeddable":true,"href":"https:\/\/arriendo.com\/co\/wp-json\/wp\/v2\/es_amenities?post=247075"},{"taxonomy":"es_neighborhood","embeddable":true,"href":"https:\/\/arriendo.com\/co\/wp-json\/wp\/v2\/es_neighborhoods?post=247075"},{"taxonomy":"es_tag","embeddable":true,"href":"https:\/\/arriendo.com\/co\/wp-json\/wp\/v2\/es_tags?post=247075"}],"curies":[{"name":"wp","href":"https:\/\/api.w.org\/{rel}","templated":true}]}}

Apartamento en Arriendo en La Calleja, Bogotá

<p>Apartamento 1 alcoba en un segundo piso con 39 mts de área construida, ubicado en la calleja baja .con 1 baño y medio , sala comedor con cocina integral tipo americano , zona de lavandería independiente. El edificio tiene su salón comunal cerca a la avenida 19 , calle 127 y la autopista.</p>
