{"id":246788,"date":"2026-01-29T15:19:48","date_gmt":"2026-01-29T20:19:48","guid":{"rendered":"https:\/\/arriendo.com\/co\/%es_type%\/%address_city%\/%neighborhood%\/medellin-la-calera-apartamento-en-arriendo-en-442362\/"},"modified":"2026-01-29T15:19:48","modified_gmt":"2026-01-29T20:19:48","slug":"AR-246788","status":"publish","type":"properties","link":"https:\/\/arriendo.com\/co\/apartamentos\/medellin\/la-calera\/AR-246788\/","title":{"rendered":"Apartamento en Arriendo en La Calera, Medell\u00edn"},"content":{"rendered":"<p>Excelente ubicaci\u00f3n. piso alto con linda vista.<\/p>\n<p> Amplios espacios, doble balc\u00f3n, 3 alcobas cada una con ba\u00f1o m\u00e1s alcoba de servicio, estar, sal\u00f3n y comedor independiente.<\/p>\n<p>1 parqueadero doble lineal, 1 independiente y cuarto \u00fatil. <\/p>\n<p>Excelentes espacios de entretenimiento para toda la familia con piscina, zonas verdes, juegos, gimnasio.<\/p>\n","protected":false},"excerpt":{"rendered":"Excelente ubicaci\u00f3n. piso alto con linda vista. Amplios espacios, doble...","protected":false},"author":7169,"featured_media":246791,"template":"","es_locations":[79,579,305],"es_categories":[124],"es_types":[114],"es_rent_periods":[],"es_labels":[],"es_statuses":[],"es_parkings":[],"es_roofs":[],"es_exterior_materials":[],"es_basements":[],"es_floor_coverings":[],"es_features":[131,132,2212,2164,2145,2211,2166,2146,2331,151,136,2149,2179,2216,2180,2133,2181,2182,2185,2204],"es_amenities":[152,2186,2217,2187,2153,2210,2189,2155,2332,2270,2158,2159,154,156,157,158,159,161,2173,2209],"es_neighborhoods":[],"es_tags":[],"class_list":["post-246788","properties","type-properties","status-publish","has-post-thumbnail","hentry","es_location-antioquia","es_location-la-calera","es_location-medellin","es_category-arriendo","es_type-apartamentos","es_feature-ascensor","es_feature-balcon","es_feature-bano-auxiliar","es_feature-bano-independiente","es_feature-calentador","es_feature-canchas-deportivas","es_feature-closet","es_feature-cocina-integral","es_feature-cuarto-de-servicio","es_feature-deposito-bodega","es_feature-estudio","es_feature-garajes","es_feature-gimnasio","es_feature-parqueadero-visitantes","es_feature-piscina","es_feature-porteria-recepcion","es_feature-porteria-vigilancia","es_feature-salon-comunal","es_feature-zona-infantil","es_feature-zonas-verdes","es_amenity-ascensor-privado","es_amenity-balcon","es_amenity-bano-auxiliar","es_amenity-bano-independiente","es_amenity-calentador","es_amenity-canchas-deportivas","es_amenity-closet","es_amenity-cocina-integral","es_amenity-cuarto-de-servicio","es_amenity-deposito-bodega","es_amenity-estudio","es_amenity-garajes","es_amenity-gimnasio","es_amenity-parqueadero-visitantes","es_amenity-piscina","es_amenity-porteria-recepcion","es_amenity-salon-comunal","es_amenity-vigilancia-24-7","es_amenity-zona-infantil","es_amenity-zonas-verdes","es-post-entity"],"_links":{"self":[{"href":"https:\/\/arriendo.com\/co\/wp-json\/wp\/v2\/properties\/246788","targetHints":{"allow":["GET"]}}],"collection":[{"href":"https:\/\/arriendo.com\/co\/wp-json\/wp\/v2\/properties"}],"about":[{"href":"https:\/\/arriendo.com\/co\/wp-json\/wp\/v2\/types\/properties"}],"author":[{"embeddable":true,"href":"https:\/\/arriendo.com\/co\/wp-json\/wp\/v2\/users\/7169"}],"version-history":[{"count":0,"href":"https:\/\/arriendo.com\/co\/wp-json\/wp\/v2\/properties\/246788\/revisions"}],"wp:featuredmedia":[{"embeddable":true,"href":"https:\/\/arriendo.com\/co\/wp-json\/wp\/v2\/media\/246791"}],"wp:attachment":[{"href":"https:\/\/arriendo.com\/co\/wp-json\/wp\/v2\/media?parent=246788"}],"wp:term":[{"taxonomy":"es_location","embeddable":true,"href":"https:\/\/arriendo.com\/co\/wp-json\/wp\/v2\/es_locations?post=246788"},{"taxonomy":"es_category","embeddable":true,"href":"https:\/\/arriendo.com\/co\/wp-json\/wp\/v2\/es_categories?post=246788"},{"taxonomy":"es_type","embeddable":true,"href":"https:\/\/arriendo.com\/co\/wp-json\/wp\/v2\/es_types?post=246788"},{"taxonomy":"es_rent_period","embeddable":true,"href":"https:\/\/arriendo.com\/co\/wp-json\/wp\/v2\/es_rent_periods?post=246788"},{"taxonomy":"es_label","embeddable":true,"href":"https:\/\/arriendo.com\/co\/wp-json\/wp\/v2\/es_labels?post=246788"},{"taxonomy":"es_status","embeddable":true,"href":"https:\/\/arriendo.com\/co\/wp-json\/wp\/v2\/es_statuses?post=246788"},{"taxonomy":"es_parking","embeddable":true,"href":"https:\/\/arriendo.com\/co\/wp-json\/wp\/v2\/es_parkings?post=246788"},{"taxonomy":"es_roof","embeddable":true,"href":"https:\/\/arriendo.com\/co\/wp-json\/wp\/v2\/es_roofs?post=246788"},{"taxonomy":"es_exterior_material","embeddable":true,"href":"https:\/\/arriendo.com\/co\/wp-json\/wp\/v2\/es_exterior_materials?post=246788"},{"taxonomy":"es_basement","embeddable":true,"href":"https:\/\/arriendo.com\/co\/wp-json\/wp\/v2\/es_basements?post=246788"},{"taxonomy":"es_floor_covering","embeddable":true,"href":"https:\/\/arriendo.com\/co\/wp-json\/wp\/v2\/es_floor_coverings?post=246788"},{"taxonomy":"es_feature","embeddable":true,"href":"https:\/\/arriendo.com\/co\/wp-json\/wp\/v2\/es_features?post=246788"},{"taxonomy":"es_amenity","embeddable":true,"href":"https:\/\/arriendo.com\/co\/wp-json\/wp\/v2\/es_amenities?post=246788"},{"taxonomy":"es_neighborhood","embeddable":true,"href":"https:\/\/arriendo.com\/co\/wp-json\/wp\/v2\/es_neighborhoods?post=246788"},{"taxonomy":"es_tag","embeddable":true,"href":"https:\/\/arriendo.com\/co\/wp-json\/wp\/v2\/es_tags?post=246788"}],"curies":[{"name":"wp","href":"https:\/\/api.w.org\/{rel}","templated":true}]}}

Apartamento en Arriendo en La Calera, Medellín

<p>Excelente ubicación. piso alto con linda vista.</p>
<p> Amplios espacios, doble balcón, 3 alcobas cada una con baño más alcoba de servicio, estar, salón y comedor independiente.</p>
<p>1 parqueadero doble lineal, 1 independiente y cuarto útil. </p>
<p>Excelentes espacios de entretenimiento para toda la familia con piscina, zonas verdes, juegos, gimnasio.</p>

Excelente ubicación. piso alto con linda vista. Amplios espacios, doble...
