{"id":246771,"date":"2026-01-29T15:17:48","date_gmt":"2026-01-29T20:17:48","guid":{"rendered":"https:\/\/arriendo.com\/co\/%es_type%\/%address_city%\/%neighborhood%\/medellin-las-palmas-casa-en-arriendo-en-c28908\/"},"modified":"2026-01-29T15:17:48","modified_gmt":"2026-01-29T20:17:48","slug":"AR-246771","status":"publish","type":"properties","link":"https:\/\/arriendo.com\/co\/casas\/medellin\/las-palmas\/AR-246771\/","title":{"rendered":"Casa en Arriendo en Las palmas, Medell\u00edn"},"content":{"rendered":"<p>HERMOSA CASA EN LAS PALMAS<\/p>\n<p>Valor canon: $35.000.000 amoblada<\/p>\n<p>Residencia de lujo en El Alto de Las Palmas, uno de los lugares m\u00e1s exclusivos y privilegiados para vivir.<\/p>\n<p>Esta casa de dos niveles ofrece una arquitectura impecable que combina elegancia, amplitud y conexi\u00f3n con la naturaleza. Rodeada de verde, brinda una sensaci\u00f3n de serenidad y privacidad inigualables.<\/p>\n<p>Dispone de un amplio garaje con capacidad para hasta cinco veh\u00edculos, jacuzzi, tres alcobas con ba\u00f1o y vestier, adem\u00e1s de un amplio estudio con vista al entorno natural, ideal para el trabajo o la lectura en calma.<\/p>\n<p>Su cocina abierta se integra armoniosamente con una amplia zona social, donde los acabados de lujo y la iluminaci\u00f3n realzan cada espacio. La terraza, generosa y rodeada de vegetaci\u00f3n, invita a disfrutar del paisaje y de los momentos de descanso.<\/p>\n<p>3 alcobas familiares con ba\u00f1o y vestier, estar. <\/p>\n<p>Un hogar excepcional, pensado para quienes buscan vivir con distinci\u00f3n, seguridad y un estilo de vida verdaderamente exclusivo.<\/p>\n","protected":false},"excerpt":{"rendered":"HERMOSA CASA EN LAS PALMAS Valor canon: $35.000.000 amoblada Residencia...","protected":false},"author":7169,"featured_media":246774,"template":"","es_locations":[79,532,305],"es_categories":[124],"es_types":[115],"es_rent_periods":[],"es_labels":[],"es_statuses":[],"es_parkings":[],"es_roofs":[],"es_exterior_materials":[],"es_basements":[],"es_floor_coverings":[],"es_features":[2292,132,2212,134,2166,2274,2331,136,2149,2216],"es_amenities":[2294,2186,2217,2313,2189,2278,2332,2158,2159,156],"es_neighborhoods":[],"es_tags":[],"class_list":["post-246771","properties","type-properties","status-publish","has-post-thumbnail","hentry","es_location-antioquia","es_location-las-palmas","es_location-medellin","es_category-arriendo","es_type-casas","es_feature-acceso-pavimentado","es_feature-balcon","es_feature-bano-auxiliar","es_feature-chimenea","es_feature-closet","es_feature-cocina-equipada","es_feature-cuarto-de-servicio","es_feature-estudio","es_feature-garajes","es_feature-parqueadero-visitantes","es_amenity-acceso-pavimentado","es_amenity-balcon","es_amenity-bano-auxiliar","es_amenity-chimenea","es_amenity-closet","es_amenity-cocina-equipada","es_amenity-cuarto-de-servicio","es_amenity-estudio","es_amenity-garajes","es_amenity-parqueadero-visitantes","es-post-entity"],"_links":{"self":[{"href":"https:\/\/arriendo.com\/co\/wp-json\/wp\/v2\/properties\/246771","targetHints":{"allow":["GET"]}}],"collection":[{"href":"https:\/\/arriendo.com\/co\/wp-json\/wp\/v2\/properties"}],"about":[{"href":"https:\/\/arriendo.com\/co\/wp-json\/wp\/v2\/types\/properties"}],"author":[{"embeddable":true,"href":"https:\/\/arriendo.com\/co\/wp-json\/wp\/v2\/users\/7169"}],"version-history":[{"count":0,"href":"https:\/\/arriendo.com\/co\/wp-json\/wp\/v2\/properties\/246771\/revisions"}],"wp:featuredmedia":[{"embeddable":true,"href":"https:\/\/arriendo.com\/co\/wp-json\/wp\/v2\/media\/246774"}],"wp:attachment":[{"href":"https:\/\/arriendo.com\/co\/wp-json\/wp\/v2\/media?parent=246771"}],"wp:term":[{"taxonomy":"es_location","embeddable":true,"href":"https:\/\/arriendo.com\/co\/wp-json\/wp\/v2\/es_locations?post=246771"},{"taxonomy":"es_category","embeddable":true,"href":"https:\/\/arriendo.com\/co\/wp-json\/wp\/v2\/es_categories?post=246771"},{"taxonomy":"es_type","embeddable":true,"href":"https:\/\/arriendo.com\/co\/wp-json\/wp\/v2\/es_types?post=246771"},{"taxonomy":"es_rent_period","embeddable":true,"href":"https:\/\/arriendo.com\/co\/wp-json\/wp\/v2\/es_rent_periods?post=246771"},{"taxonomy":"es_label","embeddable":true,"href":"https:\/\/arriendo.com\/co\/wp-json\/wp\/v2\/es_labels?post=246771"},{"taxonomy":"es_status","embeddable":true,"href":"https:\/\/arriendo.com\/co\/wp-json\/wp\/v2\/es_statuses?post=246771"},{"taxonomy":"es_parking","embeddable":true,"href":"https:\/\/arriendo.com\/co\/wp-json\/wp\/v2\/es_parkings?post=246771"},{"taxonomy":"es_roof","embeddable":true,"href":"https:\/\/arriendo.com\/co\/wp-json\/wp\/v2\/es_roofs?post=246771"},{"taxonomy":"es_exterior_material","embeddable":true,"href":"https:\/\/arriendo.com\/co\/wp-json\/wp\/v2\/es_exterior_materials?post=246771"},{"taxonomy":"es_basement","embeddable":true,"href":"https:\/\/arriendo.com\/co\/wp-json\/wp\/v2\/es_basements?post=246771"},{"taxonomy":"es_floor_covering","embeddable":true,"href":"https:\/\/arriendo.com\/co\/wp-json\/wp\/v2\/es_floor_coverings?post=246771"},{"taxonomy":"es_feature","embeddable":true,"href":"https:\/\/arriendo.com\/co\/wp-json\/wp\/v2\/es_features?post=246771"},{"taxonomy":"es_amenity","embeddable":true,"href":"https:\/\/arriendo.com\/co\/wp-json\/wp\/v2\/es_amenities?post=246771"},{"taxonomy":"es_neighborhood","embeddable":true,"href":"https:\/\/arriendo.com\/co\/wp-json\/wp\/v2\/es_neighborhoods?post=246771"},{"taxonomy":"es_tag","embeddable":true,"href":"https:\/\/arriendo.com\/co\/wp-json\/wp\/v2\/es_tags?post=246771"}],"curies":[{"name":"wp","href":"https:\/\/api.w.org\/{rel}","templated":true}]}}

Casa en Arriendo en Las palmas, Medellín

<p>HERMOSA CASA EN LAS PALMAS</p>
<p>Valor canon: $35.000.000 amoblada</p>
<p>Residencia de lujo en El Alto de Las Palmas, uno de los lugares más exclusivos y privilegiados para vivir.</p>
<p>Esta casa de dos niveles ofrece una arquitectura impecable que combina elegancia, amplitud y conexión con la naturaleza. Rodeada de verde, brinda una sensación de serenidad y privacidad inigualables.</p>
<p>Dispone de un amplio garaje con capacidad para hasta cinco vehículos, jacuzzi, tres alcobas con baño y vestier, además de un amplio estudio con vista al entorno natural, ideal para el trabajo o la lectura en calma.</p>
<p>Su cocina abierta se integra armoniosamente con una amplia zona social, donde los acabados de lujo y la iluminación realzan cada espacio. La terraza, generosa y rodeada de vegetación, invita a disfrutar del paisaje y de los momentos de descanso.</p>
<p>3 alcobas familiares con baño y vestier, estar. </p>
<p>Un hogar excepcional, pensado para quienes buscan vivir con distinción, seguridad y un estilo de vida verdaderamente exclusivo.</p>
