{"id":246084,"date":"2026-01-29T13:56:48","date_gmt":"2026-01-29T18:56:48","guid":{"rendered":"https:\/\/arriendo.com\/co\/%es_type%\/%address_city%\/%neighborhood%\/bogota-la-porciuncula-oficina-en-arriendo-02134c\/"},"modified":"2026-01-29T13:56:48","modified_gmt":"2026-01-29T18:56:48","slug":"AR-246084","status":"publish","type":"properties","link":"https:\/\/arriendo.com\/co\/oficinas\/bogota\/la-porciuncula\/AR-246084\/","title":{"rendered":"Oficina en  Arriendo en La porciuncula, Bogot\u00e1"},"content":{"rendered":"<p>Oficina en perfecto estado, en la Zona Financiera de la 72 en Bogot\u00e1. Dos espacios, pisos en madera la minada, un ba\u00f1o. Iluminada, un buen edificio y con todos los ervicios en la zona. Bancos, Centro Comercial de avenida Chile, restaurantes, caf\u00e9s etc. Transporte p\u00fablico cercano.<\/p>\n","protected":false},"excerpt":{"rendered":"Oficina en perfecto estado, en la Zona Financiera de la...","protected":false},"author":6996,"featured_media":246087,"template":"","es_locations":[110,77,992],"es_categories":[124],"es_types":[116],"es_rent_periods":[],"es_labels":[],"es_statuses":[],"es_parkings":[],"es_roofs":[],"es_exterior_materials":[],"es_basements":[],"es_floor_coverings":[],"es_features":[131,2328,2131,133,2226,2178,2216,2418,2133,2134,2297],"es_amenities":[152,2330,2139,2154,2251,2193,156,2419,158,2141,2299],"es_neighborhoods":[],"es_tags":[],"class_list":["post-246084","properties","type-properties","status-publish","has-post-thumbnail","hentry","es_location-bogota","es_location-bogota-d-c","es_location-la-porciuncula","es_category-arriendo","es_type-oficinas","es_feature-ascensor","es_feature-banos-mixtos","es_feature-circuito-cerrado-de-tv","es_feature-citofono","es_feature-escalera-de-emergencia","es_feature-garaje-cubierto","es_feature-parqueadero-visitantes","es_feature-piso-en-madera","es_feature-porteria-recepcion","es_feature-servicios-publicos","es_feature-ubicada-en-edificio","es_amenity-ascensor-privado","es_amenity-banos-mixtos","es_amenity-circuito-cerrado-de-tv","es_amenity-citofono","es_amenity-escalera-de-emergencia","es_amenity-garaje-cubierto","es_amenity-parqueadero-visitantes","es_amenity-piso-en-madera","es_amenity-porteria-recepcion","es_amenity-servicios-publicos","es_amenity-ubicada-en-edificio","es-post-entity"],"_links":{"self":[{"href":"https:\/\/arriendo.com\/co\/wp-json\/wp\/v2\/properties\/246084","targetHints":{"allow":["GET"]}}],"collection":[{"href":"https:\/\/arriendo.com\/co\/wp-json\/wp\/v2\/properties"}],"about":[{"href":"https:\/\/arriendo.com\/co\/wp-json\/wp\/v2\/types\/properties"}],"author":[{"embeddable":true,"href":"https:\/\/arriendo.com\/co\/wp-json\/wp\/v2\/users\/6996"}],"version-history":[{"count":0,"href":"https:\/\/arriendo.com\/co\/wp-json\/wp\/v2\/properties\/246084\/revisions"}],"wp:featuredmedia":[{"embeddable":true,"href":"https:\/\/arriendo.com\/co\/wp-json\/wp\/v2\/media\/246087"}],"wp:attachment":[{"href":"https:\/\/arriendo.com\/co\/wp-json\/wp\/v2\/media?parent=246084"}],"wp:term":[{"taxonomy":"es_location","embeddable":true,"href":"https:\/\/arriendo.com\/co\/wp-json\/wp\/v2\/es_locations?post=246084"},{"taxonomy":"es_category","embeddable":true,"href":"https:\/\/arriendo.com\/co\/wp-json\/wp\/v2\/es_categories?post=246084"},{"taxonomy":"es_type","embeddable":true,"href":"https:\/\/arriendo.com\/co\/wp-json\/wp\/v2\/es_types?post=246084"},{"taxonomy":"es_rent_period","embeddable":true,"href":"https:\/\/arriendo.com\/co\/wp-json\/wp\/v2\/es_rent_periods?post=246084"},{"taxonomy":"es_label","embeddable":true,"href":"https:\/\/arriendo.com\/co\/wp-json\/wp\/v2\/es_labels?post=246084"},{"taxonomy":"es_status","embeddable":true,"href":"https:\/\/arriendo.com\/co\/wp-json\/wp\/v2\/es_statuses?post=246084"},{"taxonomy":"es_parking","embeddable":true,"href":"https:\/\/arriendo.com\/co\/wp-json\/wp\/v2\/es_parkings?post=246084"},{"taxonomy":"es_roof","embeddable":true,"href":"https:\/\/arriendo.com\/co\/wp-json\/wp\/v2\/es_roofs?post=246084"},{"taxonomy":"es_exterior_material","embeddable":true,"href":"https:\/\/arriendo.com\/co\/wp-json\/wp\/v2\/es_exterior_materials?post=246084"},{"taxonomy":"es_basement","embeddable":true,"href":"https:\/\/arriendo.com\/co\/wp-json\/wp\/v2\/es_basements?post=246084"},{"taxonomy":"es_floor_covering","embeddable":true,"href":"https:\/\/arriendo.com\/co\/wp-json\/wp\/v2\/es_floor_coverings?post=246084"},{"taxonomy":"es_feature","embeddable":true,"href":"https:\/\/arriendo.com\/co\/wp-json\/wp\/v2\/es_features?post=246084"},{"taxonomy":"es_amenity","embeddable":true,"href":"https:\/\/arriendo.com\/co\/wp-json\/wp\/v2\/es_amenities?post=246084"},{"taxonomy":"es_neighborhood","embeddable":true,"href":"https:\/\/arriendo.com\/co\/wp-json\/wp\/v2\/es_neighborhoods?post=246084"},{"taxonomy":"es_tag","embeddable":true,"href":"https:\/\/arriendo.com\/co\/wp-json\/wp\/v2\/es_tags?post=246084"}],"curies":[{"name":"wp","href":"https:\/\/api.w.org\/{rel}","templated":true}]}}

Oficina en  Arriendo en La porciuncula, Bogotá

<p>Oficina en perfecto estado, en la Zona Financiera de la 72 en Bogotá. Dos espacios, pisos en madera la minada, un baño. Iluminada, un buen edificio y con todos los ervicios en la zona. Bancos, Centro Comercial de avenida Chile, restaurantes, cafés etc. Transporte público cercano.</p>
