{"id":245616,"date":"2026-01-29T13:03:47","date_gmt":"2026-01-29T18:03:47","guid":{"rendered":"https:\/\/arriendo.com\/co\/%es_type%\/%address_city%\/%neighborhood%\/villavicencio-emporio-habitacion-en-arriendo-en-3daa30\/"},"modified":"2026-01-29T13:03:47","modified_gmt":"2026-01-29T18:03:47","slug":"AR-245616","status":"publish","type":"properties","link":"https:\/\/arriendo.com\/co\/habitaciones\/villavicencio\/emporio\/AR-245616\/","title":{"rendered":"Habitaci\u00f3n en Arriendo en Emporio, Villavicencio"},"content":{"rendered":"<p>Cocineta, habitaci\u00f3n, ba\u00f1o con ducha, instalaci\u00f3n para lavadora, primer piso, para persona sola, no se admiten mascotas. Cerca al centro, ubicada en el emporio, frente a la porter\u00eda del conjunto el prado. Incluye agua y luz no tiene gas natural.<\/p>\n","protected":false},"excerpt":{"rendered":"Cocineta, habitaci\u00f3n, ba\u00f1o con ducha, instalaci\u00f3n para lavadora, primer piso,...","protected":false},"author":6841,"featured_media":245619,"template":"","es_locations":[2871,97,338],"es_categories":[124],"es_types":[123],"es_rent_periods":[],"es_labels":[],"es_statuses":[],"es_parkings":[],"es_roofs":[],"es_exterior_materials":[],"es_basements":[],"es_floor_coverings":[],"es_features":[2132,2136],"es_amenities":[2140,2143],"es_neighborhoods":[],"es_tags":[],"class_list":["post-245616","properties","type-properties","status-publish","has-post-thumbnail","hentry","es_location-emporio","es_location-meta","es_location-villavicencio","es_category-arriendo","es_type-habitaciones","es_feature-parques-cercanos","es_feature-trans-publico-cercano","es_amenity-parques-cercanos","es_amenity-trans-publico-cercano","es-post-entity"],"_links":{"self":[{"href":"https:\/\/arriendo.com\/co\/wp-json\/wp\/v2\/properties\/245616","targetHints":{"allow":["GET"]}}],"collection":[{"href":"https:\/\/arriendo.com\/co\/wp-json\/wp\/v2\/properties"}],"about":[{"href":"https:\/\/arriendo.com\/co\/wp-json\/wp\/v2\/types\/properties"}],"author":[{"embeddable":true,"href":"https:\/\/arriendo.com\/co\/wp-json\/wp\/v2\/users\/6841"}],"version-history":[{"count":0,"href":"https:\/\/arriendo.com\/co\/wp-json\/wp\/v2\/properties\/245616\/revisions"}],"wp:featuredmedia":[{"embeddable":true,"href":"https:\/\/arriendo.com\/co\/wp-json\/wp\/v2\/media\/245619"}],"wp:attachment":[{"href":"https:\/\/arriendo.com\/co\/wp-json\/wp\/v2\/media?parent=245616"}],"wp:term":[{"taxonomy":"es_location","embeddable":true,"href":"https:\/\/arriendo.com\/co\/wp-json\/wp\/v2\/es_locations?post=245616"},{"taxonomy":"es_category","embeddable":true,"href":"https:\/\/arriendo.com\/co\/wp-json\/wp\/v2\/es_categories?post=245616"},{"taxonomy":"es_type","embeddable":true,"href":"https:\/\/arriendo.com\/co\/wp-json\/wp\/v2\/es_types?post=245616"},{"taxonomy":"es_rent_period","embeddable":true,"href":"https:\/\/arriendo.com\/co\/wp-json\/wp\/v2\/es_rent_periods?post=245616"},{"taxonomy":"es_label","embeddable":true,"href":"https:\/\/arriendo.com\/co\/wp-json\/wp\/v2\/es_labels?post=245616"},{"taxonomy":"es_status","embeddable":true,"href":"https:\/\/arriendo.com\/co\/wp-json\/wp\/v2\/es_statuses?post=245616"},{"taxonomy":"es_parking","embeddable":true,"href":"https:\/\/arriendo.com\/co\/wp-json\/wp\/v2\/es_parkings?post=245616"},{"taxonomy":"es_roof","embeddable":true,"href":"https:\/\/arriendo.com\/co\/wp-json\/wp\/v2\/es_roofs?post=245616"},{"taxonomy":"es_exterior_material","embeddable":true,"href":"https:\/\/arriendo.com\/co\/wp-json\/wp\/v2\/es_exterior_materials?post=245616"},{"taxonomy":"es_basement","embeddable":true,"href":"https:\/\/arriendo.com\/co\/wp-json\/wp\/v2\/es_basements?post=245616"},{"taxonomy":"es_floor_covering","embeddable":true,"href":"https:\/\/arriendo.com\/co\/wp-json\/wp\/v2\/es_floor_coverings?post=245616"},{"taxonomy":"es_feature","embeddable":true,"href":"https:\/\/arriendo.com\/co\/wp-json\/wp\/v2\/es_features?post=245616"},{"taxonomy":"es_amenity","embeddable":true,"href":"https:\/\/arriendo.com\/co\/wp-json\/wp\/v2\/es_amenities?post=245616"},{"taxonomy":"es_neighborhood","embeddable":true,"href":"https:\/\/arriendo.com\/co\/wp-json\/wp\/v2\/es_neighborhoods?post=245616"},{"taxonomy":"es_tag","embeddable":true,"href":"https:\/\/arriendo.com\/co\/wp-json\/wp\/v2\/es_tags?post=245616"}],"curies":[{"name":"wp","href":"https:\/\/api.w.org\/{rel}","templated":true}]}}

Habitación en Arriendo en Emporio, Villavicencio

<p>Cocineta, habitación, baño con ducha, instalación para lavadora, primer piso, para persona sola, no se admiten mascotas. Cerca al centro, ubicada en el emporio, frente a la portería del conjunto el prado. Incluye agua y luz no tiene gas natural.</p>

Cocineta, habitación, baño con ducha, instalación para lavadora, primer piso,...
