{"id":245607,"date":"2026-01-29T13:02:47","date_gmt":"2026-01-29T18:02:47","guid":{"rendered":"https:\/\/arriendo.com\/co\/%es_type%\/%address_city%\/%neighborhood%\/villavicencio-comuna-8-apartamento-en-arriendo-en-7da218\/"},"modified":"2026-01-29T13:02:47","modified_gmt":"2026-01-29T18:02:47","slug":"AR-245607","status":"publish","type":"properties","link":"https:\/\/arriendo.com\/co\/apartamentos\/villavicencio\/comuna-8\/AR-245607\/","title":{"rendered":"Apartamento en Arriendo en Comuna 8, Villavicencio"},"content":{"rendered":"<p>\u2666Venta o Arriendo hermoso apartamento para Estrenar- Conjunto Prado Verde<br \/>\nSegundo piso<br \/>\n\u00c1rea: 57m2<br \/>\nEstrato: 4<br \/>\nPrecio: $350.000.000 Negociables<br \/>\nArriendo: $1.650.000 incluida admon<br \/>\nLibre de hipoteca<br \/>\nConsta de: Sala comedor, 2 habitaciones con closet ,  1 Estudio amplio, 2 ba\u00f1os, Cocina integral abierta con barra, zona de lavander\u00eda, Balc\u00f3n,  1 Parqueadero propio en plataforma. <\/p>\n<p>\u2666Ventajas: Tiene rejillas de ventilaci\u00f3n, se puede instalar aire acondicionado en dos habitaciones, m\u00e1rmol en la cocina, excelentes acabados, para estrenar.<br \/>\nEl conjunto cuenta con:  Ascensor, porter\u00eda con lobby, terraza BBQ, piscina para adultos y ni\u00f1os, cancha recreativa, sal\u00f3n de ni\u00f1os, gimnasio biosaludable, gimnasio semidotado, cuarto de bienestar para empleados, caminos peatonales, zonas verdes.<br \/>\nSalida v\u00eda Serramonte<\/p>\n","protected":false},"excerpt":{"rendered":"\u2666Venta o Arriendo hermoso apartamento para Estrenar- Conjunto Prado Verde...","protected":false},"author":6841,"featured_media":245610,"template":"","es_locations":[1341,97,338],"es_categories":[124],"es_types":[114],"es_rent_periods":[],"es_labels":[],"es_statuses":[],"es_parkings":[],"es_roofs":[],"es_exterior_materials":[],"es_basements":[],"es_floor_coverings":[],"es_features":[131,132,2212,2263,2146,2147,2148,136,2149,2282,145,2203,2132,2180,2133,2181,2182,2135,2150,143,2136,144,2185,2152,2204],"es_amenities":[152,2186,2217,2269,2155,2156,2157,2158,2159,2287,2160,2208,2140,157,158,159,2142,2161,2290,2143,161,2289,2173,2162,2209],"es_neighborhoods":[],"es_tags":[],"class_list":["post-245607","properties","type-properties","status-publish","has-post-thumbnail","hentry","es_location-comuna-8","es_location-meta","es_location-villavicencio","es_category-arriendo","es_type-apartamentos","es_feature-ascensor","es_feature-balcon","es_feature-bano-auxiliar","es_feature-barra-estilo-americano","es_feature-cocina-integral","es_feature-cocina-tipo-americano","es_feature-colegios-universidades","es_feature-estudio","es_feature-garajes","es_feature-hall-de-alcobas","es_feature-instalacion-de-gas","es_feature-jardines-exteriores","es_feature-parques-cercanos","es_feature-piscina","es_feature-porteria-recepcion","es_feature-porteria-vigilancia","es_feature-salon-comunal","es_feature-sobre-via-principal","es_feature-supermercados-c-comerciales","es_feature-terraza","es_feature-trans-publico-cercano","es_feature-vista-panoramica","es_feature-zona-infantil","es_feature-zona-residencial","es_feature-zonas-verdes","es_amenity-ascensor-privado","es_amenity-balcon","es_amenity-bano-auxiliar","es_amenity-barra-estilo-americano","es_amenity-cocina-integral","es_amenity-cocina-tipo-americano","es_amenity-colegios-universidades","es_amenity-estudio","es_amenity-garajes","es_amenity-hall-de-alcobas","es_amenity-instalacion-de-gas","es_amenity-jardines-exteriores","es_amenity-parques-cercanos","es_amenity-piscina","es_amenity-porteria-recepcion","es_amenity-salon-comunal","es_amenity-sobre-via-principal","es_amenity-supermercados-c-comerciales","es_amenity-terraza","es_amenity-trans-publico-cercano","es_amenity-vigilancia-24-7","es_amenity-vista-panoramica","es_amenity-zona-infantil","es_amenity-zona-residencial","es_amenity-zonas-verdes","es-post-entity"],"_links":{"self":[{"href":"https:\/\/arriendo.com\/co\/wp-json\/wp\/v2\/properties\/245607","targetHints":{"allow":["GET"]}}],"collection":[{"href":"https:\/\/arriendo.com\/co\/wp-json\/wp\/v2\/properties"}],"about":[{"href":"https:\/\/arriendo.com\/co\/wp-json\/wp\/v2\/types\/properties"}],"author":[{"embeddable":true,"href":"https:\/\/arriendo.com\/co\/wp-json\/wp\/v2\/users\/6841"}],"version-history":[{"count":0,"href":"https:\/\/arriendo.com\/co\/wp-json\/wp\/v2\/properties\/245607\/revisions"}],"wp:featuredmedia":[{"embeddable":true,"href":"https:\/\/arriendo.com\/co\/wp-json\/wp\/v2\/media\/245610"}],"wp:attachment":[{"href":"https:\/\/arriendo.com\/co\/wp-json\/wp\/v2\/media?parent=245607"}],"wp:term":[{"taxonomy":"es_location","embeddable":true,"href":"https:\/\/arriendo.com\/co\/wp-json\/wp\/v2\/es_locations?post=245607"},{"taxonomy":"es_category","embeddable":true,"href":"https:\/\/arriendo.com\/co\/wp-json\/wp\/v2\/es_categories?post=245607"},{"taxonomy":"es_type","embeddable":true,"href":"https:\/\/arriendo.com\/co\/wp-json\/wp\/v2\/es_types?post=245607"},{"taxonomy":"es_rent_period","embeddable":true,"href":"https:\/\/arriendo.com\/co\/wp-json\/wp\/v2\/es_rent_periods?post=245607"},{"taxonomy":"es_label","embeddable":true,"href":"https:\/\/arriendo.com\/co\/wp-json\/wp\/v2\/es_labels?post=245607"},{"taxonomy":"es_status","embeddable":true,"href":"https:\/\/arriendo.com\/co\/wp-json\/wp\/v2\/es_statuses?post=245607"},{"taxonomy":"es_parking","embeddable":true,"href":"https:\/\/arriendo.com\/co\/wp-json\/wp\/v2\/es_parkings?post=245607"},{"taxonomy":"es_roof","embeddable":true,"href":"https:\/\/arriendo.com\/co\/wp-json\/wp\/v2\/es_roofs?post=245607"},{"taxonomy":"es_exterior_material","embeddable":true,"href":"https:\/\/arriendo.com\/co\/wp-json\/wp\/v2\/es_exterior_materials?post=245607"},{"taxonomy":"es_basement","embeddable":true,"href":"https:\/\/arriendo.com\/co\/wp-json\/wp\/v2\/es_basements?post=245607"},{"taxonomy":"es_floor_covering","embeddable":true,"href":"https:\/\/arriendo.com\/co\/wp-json\/wp\/v2\/es_floor_coverings?post=245607"},{"taxonomy":"es_feature","embeddable":true,"href":"https:\/\/arriendo.com\/co\/wp-json\/wp\/v2\/es_features?post=245607"},{"taxonomy":"es_amenity","embeddable":true,"href":"https:\/\/arriendo.com\/co\/wp-json\/wp\/v2\/es_amenities?post=245607"},{"taxonomy":"es_neighborhood","embeddable":true,"href":"https:\/\/arriendo.com\/co\/wp-json\/wp\/v2\/es_neighborhoods?post=245607"},{"taxonomy":"es_tag","embeddable":true,"href":"https:\/\/arriendo.com\/co\/wp-json\/wp\/v2\/es_tags?post=245607"}],"curies":[{"name":"wp","href":"https:\/\/api.w.org\/{rel}","templated":true}]}}

<p>♦Venta o Arriendo hermoso apartamento para Estrenar- Conjunto Prado Verde<br />
Segundo piso<br />
Área: 57m2<br />
Estrato: 4<br />
Precio: $350.000.000 Negociables<br />
Arriendo: $1.650.000 incluida admon<br />
Libre de hipoteca<br />
Consta de: Sala comedor, 2 habitaciones con closet ,  1 Estudio amplio, 2 baños, Cocina integral abierta con barra, zona de lavandería, Balcón,  1 Parqueadero propio en plataforma. </p>
<p>♦Ventajas: Tiene rejillas de ventilación, se puede instalar aire acondicionado en dos habitaciones, mármol en la cocina, excelentes acabados, para estrenar.<br />
El conjunto cuenta con:  Ascensor, portería con lobby, terraza BBQ, piscina para adultos y niños, cancha recreativa, salón de niños, gimnasio biosaludable, gimnasio semidotado, cuarto de bienestar para empleados, caminos peatonales, zonas verdes.<br />
Salida vía Serramonte</p>
