{"id":245594,"date":"2026-01-29T13:01:19","date_gmt":"2026-01-29T18:01:19","guid":{"rendered":"https:\/\/arriendo.com\/co\/%es_type%\/%address_city%\/%neighborhood%\/villavicencio-canos-negros-apartamento-en-arriendo-en-fc729d\/"},"modified":"2026-01-29T13:01:19","modified_gmt":"2026-01-29T18:01:19","slug":"AR-245594","status":"publish","type":"properties","link":"https:\/\/arriendo.com\/co\/apartamentos\/villavicencio\/canos-negros\/AR-245594\/","title":{"rendered":"Apartamento en Arriendo en Ca\u00f1os negros, Villavicencio"},"content":{"rendered":"<p>\u2666Arriendo Espectacular apartamento &#8211; Llano Alto 3<br \/>\nD\u00e9cimo Piso &#8211; 9-1002<br \/>\n\u00c1rea: 59m2<br \/>\nAMOBLADO<br \/>\nPrecio: $1.500.000 incluida admon<br \/>\nSIN AMOBLAR<br \/>\n$1.200.000 INCLUIDA ADMON<br \/>\nConsta de: 3 habitaciones con closet, 2 ba\u00f1os con divisi\u00f3n en vidrio, sala comedor, cocina integral abierta con barra, zona de lavander\u00eda con divisi\u00f3n en puerta de madera, balc\u00f3n hermosa vista.<br \/>\n\u2666Ventajas: Hermosa vista, totalmente remodelado, ventilares de techo en la sala y habitaciones, muebles adicionales.<br \/>\nAMOBLADO: Comedor de 4 puestos, Tv con mueble, nevera, lavadora, escritorio con una silla ergonomica, 1 cama sencilla, 1 cama doble, sof\u00e1, ventilador, 2 aires acondicionados portatil, microondas menaje de cocina.<br \/>\nEl conjunto cuenta con: Porter\u00eda, vigilancia privada, ascensor, terraza, parqueadero comunal, zonas sociales.<\/p>\n","protected":false},"excerpt":{"rendered":"\u2666Arriendo Espectacular apartamento &#8211; Llano Alto 3 D\u00e9cimo Piso &#8211;...","protected":false},"author":6841,"featured_media":245597,"template":"","es_locations":[2870,97,338],"es_categories":[124],"es_types":[114],"es_rent_periods":[],"es_labels":[],"es_statuses":[],"es_parkings":[],"es_roofs":[],"es_exterior_materials":[],"es_basements":[],"es_floor_coverings":[],"es_features":[2262,131,132,2212,2263,2146,2196,2149,2282,145,2180,2181,2135,143,2136,144,2151,2185,2152,2204],"es_amenities":[2267,152,2186,2217,2269,2155,2197,2159,2287,2160,157,2142,2290,2143,161,2289,162,2173,2162,2209],"es_neighborhoods":[],"es_tags":[],"class_list":["post-245594","properties","type-properties","status-publish","has-post-thumbnail","hentry","es_location-canos-negros","es_location-meta","es_location-villavicencio","es_category-arriendo","es_type-apartamentos","es_feature-amoblado","es_feature-ascensor","es_feature-balcon","es_feature-bano-auxiliar","es_feature-barra-estilo-americano","es_feature-cocina-integral","es_feature-en-conjunto-cerrado","es_feature-garajes","es_feature-hall-de-alcobas","es_feature-instalacion-de-gas","es_feature-piscina","es_feature-porteria-vigilancia","es_feature-sobre-via-principal","es_feature-terraza","es_feature-trans-publico-cercano","es_feature-vista-panoramica","es_feature-zona-de-lavanderia","es_feature-zona-infantil","es_feature-zona-residencial","es_feature-zonas-verdes","es_amenity-amoblado","es_amenity-ascensor-privado","es_amenity-balcon","es_amenity-bano-auxiliar","es_amenity-barra-estilo-americano","es_amenity-cocina-integral","es_amenity-en-conjunto-cerrado","es_amenity-garajes","es_amenity-hall-de-alcobas","es_amenity-instalacion-de-gas","es_amenity-piscina","es_amenity-sobre-via-principal","es_amenity-terraza","es_amenity-trans-publico-cercano","es_amenity-vigilancia-24-7","es_amenity-vista-panoramica","es_amenity-zona-de-lavanderia","es_amenity-zona-infantil","es_amenity-zona-residencial","es_amenity-zonas-verdes","es-post-entity"],"_links":{"self":[{"href":"https:\/\/arriendo.com\/co\/wp-json\/wp\/v2\/properties\/245594","targetHints":{"allow":["GET"]}}],"collection":[{"href":"https:\/\/arriendo.com\/co\/wp-json\/wp\/v2\/properties"}],"about":[{"href":"https:\/\/arriendo.com\/co\/wp-json\/wp\/v2\/types\/properties"}],"author":[{"embeddable":true,"href":"https:\/\/arriendo.com\/co\/wp-json\/wp\/v2\/users\/6841"}],"version-history":[{"count":0,"href":"https:\/\/arriendo.com\/co\/wp-json\/wp\/v2\/properties\/245594\/revisions"}],"wp:featuredmedia":[{"embeddable":true,"href":"https:\/\/arriendo.com\/co\/wp-json\/wp\/v2\/media\/245597"}],"wp:attachment":[{"href":"https:\/\/arriendo.com\/co\/wp-json\/wp\/v2\/media?parent=245594"}],"wp:term":[{"taxonomy":"es_location","embeddable":true,"href":"https:\/\/arriendo.com\/co\/wp-json\/wp\/v2\/es_locations?post=245594"},{"taxonomy":"es_category","embeddable":true,"href":"https:\/\/arriendo.com\/co\/wp-json\/wp\/v2\/es_categories?post=245594"},{"taxonomy":"es_type","embeddable":true,"href":"https:\/\/arriendo.com\/co\/wp-json\/wp\/v2\/es_types?post=245594"},{"taxonomy":"es_rent_period","embeddable":true,"href":"https:\/\/arriendo.com\/co\/wp-json\/wp\/v2\/es_rent_periods?post=245594"},{"taxonomy":"es_label","embeddable":true,"href":"https:\/\/arriendo.com\/co\/wp-json\/wp\/v2\/es_labels?post=245594"},{"taxonomy":"es_status","embeddable":true,"href":"https:\/\/arriendo.com\/co\/wp-json\/wp\/v2\/es_statuses?post=245594"},{"taxonomy":"es_parking","embeddable":true,"href":"https:\/\/arriendo.com\/co\/wp-json\/wp\/v2\/es_parkings?post=245594"},{"taxonomy":"es_roof","embeddable":true,"href":"https:\/\/arriendo.com\/co\/wp-json\/wp\/v2\/es_roofs?post=245594"},{"taxonomy":"es_exterior_material","embeddable":true,"href":"https:\/\/arriendo.com\/co\/wp-json\/wp\/v2\/es_exterior_materials?post=245594"},{"taxonomy":"es_basement","embeddable":true,"href":"https:\/\/arriendo.com\/co\/wp-json\/wp\/v2\/es_basements?post=245594"},{"taxonomy":"es_floor_covering","embeddable":true,"href":"https:\/\/arriendo.com\/co\/wp-json\/wp\/v2\/es_floor_coverings?post=245594"},{"taxonomy":"es_feature","embeddable":true,"href":"https:\/\/arriendo.com\/co\/wp-json\/wp\/v2\/es_features?post=245594"},{"taxonomy":"es_amenity","embeddable":true,"href":"https:\/\/arriendo.com\/co\/wp-json\/wp\/v2\/es_amenities?post=245594"},{"taxonomy":"es_neighborhood","embeddable":true,"href":"https:\/\/arriendo.com\/co\/wp-json\/wp\/v2\/es_neighborhoods?post=245594"},{"taxonomy":"es_tag","embeddable":true,"href":"https:\/\/arriendo.com\/co\/wp-json\/wp\/v2\/es_tags?post=245594"}],"curies":[{"name":"wp","href":"https:\/\/api.w.org\/{rel}","templated":true}]}}

Apartamento en Arriendo en Caños negros, Villavicencio

<p>♦Arriendo Espectacular apartamento &#8211; Llano Alto 3<br />
Décimo Piso &#8211; 9-1002<br />
Área: 59m2<br />
AMOBLADO<br />
Precio: $1.500.000 incluida admon<br />
SIN AMOBLAR<br />
$1.200.000 INCLUIDA ADMON<br />
Consta de: 3 habitaciones con closet, 2 baños con división en vidrio, sala comedor, cocina integral abierta con barra, zona de lavandería con división en puerta de madera, balcón hermosa vista.<br />
♦Ventajas: Hermosa vista, totalmente remodelado, ventilares de techo en la sala y habitaciones, muebles adicionales.<br />
AMOBLADO: Comedor de 4 puestos, Tv con mueble, nevera, lavadora, escritorio con una silla ergonomica, 1 cama sencilla, 1 cama doble, sofá, ventilador, 2 aires acondicionados portatil, microondas menaje de cocina.<br />
El conjunto cuenta con: Portería, vigilancia privada, ascensor, terraza, parqueadero comunal, zonas sociales.</p>

♦Arriendo Espectacular apartamento &#8211; Llano Alto 3 Décimo Piso &#8211;...
