{"id":245449,"date":"2026-01-29T12:47:48","date_gmt":"2026-01-29T17:47:48","guid":{"rendered":"https:\/\/arriendo.com\/co\/%es_type%\/%address_city%\/%neighborhood%\/jamundi-parque-natura-apartamento-en-arriendo-en-43c023\/"},"modified":"2026-01-29T12:47:48","modified_gmt":"2026-01-29T17:47:48","slug":"AR-245449","status":"publish","type":"properties","link":"https:\/\/arriendo.com\/co\/apartamentos\/jamundi\/parque-natura\/AR-245449\/","title":{"rendered":"Apartamento en Arriendo en Parque Natura, Jamund\u00ed"},"content":{"rendered":"<p>Descubre este encantador apartamento ubicado en un quinto piso con ascensor, donde la comodidad y el bienestar se unen en un solo lugar. Ideal para familias, este acogedor espacio cuenta con dos habitaciones CON AIRE ACONDICIONADO, perfectas para el descanso, y dos ba\u00f1os funcionales para tu d\u00eda a d\u00eda.<br \/>\nOlv\u00eddate de buscar parqueo, \u00a1este apartamento incluye un parqueadero exclusivo para tu veh\u00edculo!<br \/>\nPero eso no es todo, la unidad residencial ha sido dise\u00f1ada pensando en tu calidad de vida y la de tu familia. Disfruta de refrescantes momentos en la piscina, celebra ocasiones especiales en el sal\u00f3n social o en la zona de asados, y permite que los m\u00e1s peque\u00f1os exploren y se diviertan en la zona para ni\u00f1os.<br \/>\nUbicado en la tranquila y creciente zona de Jamund\u00ed, tendr\u00e1s f\u00e1cil acceso a servicios, comercio y un ambiente natural para disfrutar.<\/p>\n<p>\u00a1No dejes pasar esta oportunidad! Cont\u00e1ctanos para conocer m\u00e1s detalles y agenda tu visita.<\/p>\n","protected":false},"excerpt":{"rendered":"Descubre este encantador apartamento ubicado en un quinto piso con...","protected":false},"author":6742,"featured_media":245452,"template":"","es_locations":[1348],"es_categories":[124],"es_types":[114],"es_rent_periods":[],"es_labels":[],"es_statuses":[],"es_parkings":[],"es_roofs":[],"es_exterior_materials":[],"es_basements":[],"es_floor_coverings":[],"es_features":[149,131,132,2263,2145,2211,2131,2146,2147,2148,2196,136,2149,2179,145,2203,2216,2180,2365,2133,2181,2182,2150,2136,2306,2151,2152,2204],"es_amenities":[2329,152,2186,2269,2153,2210,2139,2155,2156,2157,2197,2158,2159,154,2160,2208,156,157,2366,158,159,2161,2143,161,2308,162,2162,2209],"es_neighborhoods":[],"es_tags":[],"class_list":["post-245449","properties","type-properties","status-publish","has-post-thumbnail","hentry","es_location-parque-natura","es_category-arriendo","es_type-apartamentos","es_feature-aire-acondicionado","es_feature-ascensor","es_feature-balcon","es_feature-barra-estilo-americano","es_feature-calentador","es_feature-canchas-deportivas","es_feature-circuito-cerrado-de-tv","es_feature-cocina-integral","es_feature-cocina-tipo-americano","es_feature-colegios-universidades","es_feature-en-conjunto-cerrado","es_feature-estudio","es_feature-garajes","es_feature-gimnasio","es_feature-instalacion-de-gas","es_feature-jardines-exteriores","es_feature-parqueadero-visitantes","es_feature-piscina","es_feature-planta-electrica","es_feature-porteria-recepcion","es_feature-porteria-vigilancia","es_feature-salon-comunal","es_feature-supermercados-c-comerciales","es_feature-trans-publico-cercano","es_feature-zona-campestre","es_feature-zona-de-lavanderia","es_feature-zona-residencial","es_feature-zonas-verdes","es_amenity-aire-acondicionado","es_amenity-ascensor-privado","es_amenity-balcon","es_amenity-barra-estilo-americano","es_amenity-calentador","es_amenity-canchas-deportivas","es_amenity-circuito-cerrado-de-tv","es_amenity-cocina-integral","es_amenity-cocina-tipo-americano","es_amenity-colegios-universidades","es_amenity-en-conjunto-cerrado","es_amenity-estudio","es_amenity-garajes","es_amenity-gimnasio","es_amenity-instalacion-de-gas","es_amenity-jardines-exteriores","es_amenity-parqueadero-visitantes","es_amenity-piscina","es_amenity-planta-electrica","es_amenity-porteria-recepcion","es_amenity-salon-comunal","es_amenity-supermercados-c-comerciales","es_amenity-trans-publico-cercano","es_amenity-vigilancia-24-7","es_amenity-zona-campestre","es_amenity-zona-de-lavanderia","es_amenity-zona-residencial","es_amenity-zonas-verdes","es-post-entity"],"_links":{"self":[{"href":"https:\/\/arriendo.com\/co\/wp-json\/wp\/v2\/properties\/245449","targetHints":{"allow":["GET"]}}],"collection":[{"href":"https:\/\/arriendo.com\/co\/wp-json\/wp\/v2\/properties"}],"about":[{"href":"https:\/\/arriendo.com\/co\/wp-json\/wp\/v2\/types\/properties"}],"author":[{"embeddable":true,"href":"https:\/\/arriendo.com\/co\/wp-json\/wp\/v2\/users\/6742"}],"version-history":[{"count":0,"href":"https:\/\/arriendo.com\/co\/wp-json\/wp\/v2\/properties\/245449\/revisions"}],"wp:featuredmedia":[{"embeddable":true,"href":"https:\/\/arriendo.com\/co\/wp-json\/wp\/v2\/media\/245452"}],"wp:attachment":[{"href":"https:\/\/arriendo.com\/co\/wp-json\/wp\/v2\/media?parent=245449"}],"wp:term":[{"taxonomy":"es_location","embeddable":true,"href":"https:\/\/arriendo.com\/co\/wp-json\/wp\/v2\/es_locations?post=245449"},{"taxonomy":"es_category","embeddable":true,"href":"https:\/\/arriendo.com\/co\/wp-json\/wp\/v2\/es_categories?post=245449"},{"taxonomy":"es_type","embeddable":true,"href":"https:\/\/arriendo.com\/co\/wp-json\/wp\/v2\/es_types?post=245449"},{"taxonomy":"es_rent_period","embeddable":true,"href":"https:\/\/arriendo.com\/co\/wp-json\/wp\/v2\/es_rent_periods?post=245449"},{"taxonomy":"es_label","embeddable":true,"href":"https:\/\/arriendo.com\/co\/wp-json\/wp\/v2\/es_labels?post=245449"},{"taxonomy":"es_status","embeddable":true,"href":"https:\/\/arriendo.com\/co\/wp-json\/wp\/v2\/es_statuses?post=245449"},{"taxonomy":"es_parking","embeddable":true,"href":"https:\/\/arriendo.com\/co\/wp-json\/wp\/v2\/es_parkings?post=245449"},{"taxonomy":"es_roof","embeddable":true,"href":"https:\/\/arriendo.com\/co\/wp-json\/wp\/v2\/es_roofs?post=245449"},{"taxonomy":"es_exterior_material","embeddable":true,"href":"https:\/\/arriendo.com\/co\/wp-json\/wp\/v2\/es_exterior_materials?post=245449"},{"taxonomy":"es_basement","embeddable":true,"href":"https:\/\/arriendo.com\/co\/wp-json\/wp\/v2\/es_basements?post=245449"},{"taxonomy":"es_floor_covering","embeddable":true,"href":"https:\/\/arriendo.com\/co\/wp-json\/wp\/v2\/es_floor_coverings?post=245449"},{"taxonomy":"es_feature","embeddable":true,"href":"https:\/\/arriendo.com\/co\/wp-json\/wp\/v2\/es_features?post=245449"},{"taxonomy":"es_amenity","embeddable":true,"href":"https:\/\/arriendo.com\/co\/wp-json\/wp\/v2\/es_amenities?post=245449"},{"taxonomy":"es_neighborhood","embeddable":true,"href":"https:\/\/arriendo.com\/co\/wp-json\/wp\/v2\/es_neighborhoods?post=245449"},{"taxonomy":"es_tag","embeddable":true,"href":"https:\/\/arriendo.com\/co\/wp-json\/wp\/v2\/es_tags?post=245449"}],"curies":[{"name":"wp","href":"https:\/\/api.w.org\/{rel}","templated":true}]}}

Apartamento en Arriendo en Parque Natura, Jamundí

<p>Descubre este encantador apartamento ubicado en un quinto piso con ascensor, donde la comodidad y el bienestar se unen en un solo lugar. Ideal para familias, este acogedor espacio cuenta con dos habitaciones CON AIRE ACONDICIONADO, perfectas para el descanso, y dos baños funcionales para tu día a día.<br />
Olvídate de buscar parqueo, ¡este apartamento incluye un parqueadero exclusivo para tu vehículo!<br />
Pero eso no es todo, la unidad residencial ha sido diseñada pensando en tu calidad de vida y la de tu familia. Disfruta de refrescantes momentos en la piscina, celebra ocasiones especiales en el salón social o en la zona de asados, y permite que los más pequeños exploren y se diviertan en la zona para niños.<br />
Ubicado en la tranquila y creciente zona de Jamundí, tendrás fácil acceso a servicios, comercio y un ambiente natural para disfrutar.</p>
<p>¡No dejes pasar esta oportunidad! Contáctanos para conocer más detalles y agenda tu visita.</p>
