{"id":245403,"date":"2026-01-29T12:43:47","date_gmt":"2026-01-29T17:43:47","guid":{"rendered":"https:\/\/arriendo.com\/co\/%es_type%\/%address_city%\/%neighborhood%\/cali-ciudad-los-alamos-apartamento-en-arriendo-en-3e8f69\/"},"modified":"2026-01-29T12:43:48","modified_gmt":"2026-01-29T17:43:48","slug":"AR-245403","status":"publish","type":"properties","link":"https:\/\/arriendo.com\/co\/apartamentos\/cali\/ciudad-los-alamos\/AR-245403\/","title":{"rendered":"Apartamento en Arriendo en Ciudad los alamos, Cali"},"content":{"rendered":"<p>Descubra una oportunidad de arriendo ideal con este apartamento de 60 m\u00b2, perfectamente optimizado para la vida moderna. Este inmueble funcional y luminoso ofrece un espacio bien distribuido, ideal para quienes buscan comodidad y practicidad en su hogar.  El apartamento cuenta con una sala de estar di\u00e1fana que se abre a un balc\u00f3n, proporcionando un espacio adicional para relajarse y disfrutar. La cocina es funcional y est\u00e1 equipada con una pr\u00e1ctica barra de desayuno, ideal para comidas r\u00e1pidas o para socializar. Dispone de dos ba\u00f1os y un vers\u00e1til dormitorio secundario, adaptable a sus necesidades. Un pr\u00e1ctico lavadero y un pasillo distribuidor completan los espacios interiores.  Los acabados en baldosa y las paredes blancas, junto con la abundante luz natural que ingresa gracias a su ventilaci\u00f3n natural, crean un ambiente acogedor y listo para personalizar a su gusto. La propiedad se distingue por su antig\u00fcedad de m\u00e1s de 30 a\u00f1os, lo que puede implicar una construcci\u00f3n s\u00f3lida y probada. Las caracter\u00edsticas clave incluyen un balc\u00f3n, cocina equipada, ventilaci\u00f3n natural, piso en baldosa\/m\u00e1rmol, zona de lavander\u00eda y una barra estilo americano, ofreciendo un estilo de vida c\u00f3modo y funcional.  Este apartamento es una excelente opci\u00f3n para quienes valoran un espacio pr\u00e1ctico y bien distribuido, con caracter\u00edsticas esenciales que facilitan la vida diaria y un ambiente listo para habitar.<\/p>\n","protected":false},"excerpt":{"rendered":"Descubra una oportunidad de arriendo ideal con este apartamento de...","protected":false},"author":6739,"featured_media":245406,"template":"","es_locations":[179,2866],"es_categories":[124],"es_types":[114],"es_rent_periods":[],"es_labels":[],"es_statuses":[],"es_parkings":[],"es_roofs":[],"es_exterior_materials":[],"es_basements":[],"es_floor_coverings":[],"es_features":[132,2263,2146,2148,2203,2216,2180,2133,2181,2135,2150,2136,2151,2300,2204],"es_amenities":[2186,2269,2155,2157,2208,156,157,158,2142,2161,2143,161,162,2301,2209],"es_neighborhoods":[],"es_tags":[],"class_list":["post-245403","properties","type-properties","status-publish","has-post-thumbnail","hentry","es_location-cali","es_location-ciudad-los-alamos","es_category-arriendo","es_type-apartamentos","es_feature-balcon","es_feature-barra-estilo-americano","es_feature-cocina-integral","es_feature-colegios-universidades","es_feature-jardines-exteriores","es_feature-parqueadero-visitantes","es_feature-piscina","es_feature-porteria-recepcion","es_feature-porteria-vigilancia","es_feature-sobre-via-principal","es_feature-supermercados-c-comerciales","es_feature-trans-publico-cercano","es_feature-zona-de-lavanderia","es_feature-zona-industrial","es_feature-zonas-verdes","es_amenity-balcon","es_amenity-barra-estilo-americano","es_amenity-cocina-integral","es_amenity-colegios-universidades","es_amenity-jardines-exteriores","es_amenity-parqueadero-visitantes","es_amenity-piscina","es_amenity-porteria-recepcion","es_amenity-sobre-via-principal","es_amenity-supermercados-c-comerciales","es_amenity-trans-publico-cercano","es_amenity-vigilancia-24-7","es_amenity-zona-de-lavanderia","es_amenity-zona-industrial","es_amenity-zonas-verdes","es-post-entity"],"_links":{"self":[{"href":"https:\/\/arriendo.com\/co\/wp-json\/wp\/v2\/properties\/245403","targetHints":{"allow":["GET"]}}],"collection":[{"href":"https:\/\/arriendo.com\/co\/wp-json\/wp\/v2\/properties"}],"about":[{"href":"https:\/\/arriendo.com\/co\/wp-json\/wp\/v2\/types\/properties"}],"author":[{"embeddable":true,"href":"https:\/\/arriendo.com\/co\/wp-json\/wp\/v2\/users\/6739"}],"version-history":[{"count":0,"href":"https:\/\/arriendo.com\/co\/wp-json\/wp\/v2\/properties\/245403\/revisions"}],"wp:featuredmedia":[{"embeddable":true,"href":"https:\/\/arriendo.com\/co\/wp-json\/wp\/v2\/media\/245406"}],"wp:attachment":[{"href":"https:\/\/arriendo.com\/co\/wp-json\/wp\/v2\/media?parent=245403"}],"wp:term":[{"taxonomy":"es_location","embeddable":true,"href":"https:\/\/arriendo.com\/co\/wp-json\/wp\/v2\/es_locations?post=245403"},{"taxonomy":"es_category","embeddable":true,"href":"https:\/\/arriendo.com\/co\/wp-json\/wp\/v2\/es_categories?post=245403"},{"taxonomy":"es_type","embeddable":true,"href":"https:\/\/arriendo.com\/co\/wp-json\/wp\/v2\/es_types?post=245403"},{"taxonomy":"es_rent_period","embeddable":true,"href":"https:\/\/arriendo.com\/co\/wp-json\/wp\/v2\/es_rent_periods?post=245403"},{"taxonomy":"es_label","embeddable":true,"href":"https:\/\/arriendo.com\/co\/wp-json\/wp\/v2\/es_labels?post=245403"},{"taxonomy":"es_status","embeddable":true,"href":"https:\/\/arriendo.com\/co\/wp-json\/wp\/v2\/es_statuses?post=245403"},{"taxonomy":"es_parking","embeddable":true,"href":"https:\/\/arriendo.com\/co\/wp-json\/wp\/v2\/es_parkings?post=245403"},{"taxonomy":"es_roof","embeddable":true,"href":"https:\/\/arriendo.com\/co\/wp-json\/wp\/v2\/es_roofs?post=245403"},{"taxonomy":"es_exterior_material","embeddable":true,"href":"https:\/\/arriendo.com\/co\/wp-json\/wp\/v2\/es_exterior_materials?post=245403"},{"taxonomy":"es_basement","embeddable":true,"href":"https:\/\/arriendo.com\/co\/wp-json\/wp\/v2\/es_basements?post=245403"},{"taxonomy":"es_floor_covering","embeddable":true,"href":"https:\/\/arriendo.com\/co\/wp-json\/wp\/v2\/es_floor_coverings?post=245403"},{"taxonomy":"es_feature","embeddable":true,"href":"https:\/\/arriendo.com\/co\/wp-json\/wp\/v2\/es_features?post=245403"},{"taxonomy":"es_amenity","embeddable":true,"href":"https:\/\/arriendo.com\/co\/wp-json\/wp\/v2\/es_amenities?post=245403"},{"taxonomy":"es_neighborhood","embeddable":true,"href":"https:\/\/arriendo.com\/co\/wp-json\/wp\/v2\/es_neighborhoods?post=245403"},{"taxonomy":"es_tag","embeddable":true,"href":"https:\/\/arriendo.com\/co\/wp-json\/wp\/v2\/es_tags?post=245403"}],"curies":[{"name":"wp","href":"https:\/\/api.w.org\/{rel}","templated":true}]}}

<p>Descubra una oportunidad de arriendo ideal con este apartamento de 60 m², perfectamente optimizado para la vida moderna. Este inmueble funcional y luminoso ofrece un espacio bien distribuido, ideal para quienes buscan comodidad y practicidad en su hogar.  El apartamento cuenta con una sala de estar diáfana que se abre a un balcón, proporcionando un espacio adicional para relajarse y disfrutar. La cocina es funcional y está equipada con una práctica barra de desayuno, ideal para comidas rápidas o para socializar. Dispone de dos baños y un versátil dormitorio secundario, adaptable a sus necesidades. Un práctico lavadero y un pasillo distribuidor completan los espacios interiores.  Los acabados en baldosa y las paredes blancas, junto con la abundante luz natural que ingresa gracias a su ventilación natural, crean un ambiente acogedor y listo para personalizar a su gusto. La propiedad se distingue por su antigüedad de más de 30 años, lo que puede implicar una construcción sólida y probada. Las características clave incluyen un balcón, cocina equipada, ventilación natural, piso en baldosa/mármol, zona de lavandería y una barra estilo americano, ofreciendo un estilo de vida cómodo y funcional.  Este apartamento es una excelente opción para quienes valoran un espacio práctico y bien distribuido, con características esenciales que facilitan la vida diaria y un ambiente listo para habitar.</p>
