{"id":245078,"date":"2026-01-29T12:02:47","date_gmt":"2026-01-29T17:02:47","guid":{"rendered":"https:\/\/arriendo.com\/co\/%es_type%\/%address_city%\/%neighborhood%\/bogota-usaquen-edificio-en-arriendo-79fc3f\/"},"modified":"2026-01-29T12:02:47","modified_gmt":"2026-01-29T17:02:47","slug":"AR-245078","status":"publish","type":"properties","link":"https:\/\/arriendo.com\/co\/edificios\/bogota\/usaquen\/AR-245078\/","title":{"rendered":"Edificio en  Arriendo en Usaquen, Bogot\u00e1"},"content":{"rendered":"<p>? \u00bfBuscas un espacio corporativo estrat\u00e9gico? Esta propiedad est\u00e1 dise\u00f1ada para empresas que necesitan instalaciones con visi\u00f3n dotacional, comercial o empresarial.<\/p>\n<p>? Ubicaci\u00f3n privilegiada: Facilita la conexi\u00f3n de tu equipo y clientes con las principales v\u00edas de la ciudad, como la Cra. 7ma, Calle 127 y Calle 116.<\/p>\n<p>? Disponible para venta y\/o arriendo. Cuenta con 7 Plantas, ascensor, Fachada con ventanales piso a techo, Terraza adecuada para empleados, tanque de agua y bomba inyectora.<\/p>\n<p>\u00a1Un espacio a la altura de tus necesidades corporativas! Se entrega en obra gris para adecuaciones.<\/p>\n<p>#EdificioCorporativo #ArriendoEmpresarial #VentaCorporativa #Ubicaci\u00f3nEstrat\u00e9gica #EspaciosComerciales #Negocios #OportunidadesInmobiliarias #Sostenibilidad #Multinacionales<\/p>\n","protected":false},"excerpt":{"rendered":"? \u00bfBuscas un espacio corporativo estrat\u00e9gico? Esta propiedad est\u00e1 dise\u00f1ada...","protected":false},"author":4102,"featured_media":245081,"template":"","es_locations":[110,77,192],"es_categories":[124],"es_types":[122],"es_rent_periods":[],"es_labels":[],"es_statuses":[],"es_parkings":[],"es_roofs":[],"es_exterior_materials":[],"es_basements":[],"es_floor_coverings":[],"es_features":[131,2137],"es_amenities":[152,2144],"es_neighborhoods":[],"es_tags":[],"class_list":["post-245078","properties","type-properties","status-publish","has-post-thumbnail","hentry","es_location-bogota","es_location-bogota-d-c","es_location-usaquen","es_category-arriendo","es_type-edificios","es_feature-ascensor","es_feature-zona-comercial","es_amenity-ascensor-privado","es_amenity-zona-comercial","es-post-entity"],"_links":{"self":[{"href":"https:\/\/arriendo.com\/co\/wp-json\/wp\/v2\/properties\/245078","targetHints":{"allow":["GET"]}}],"collection":[{"href":"https:\/\/arriendo.com\/co\/wp-json\/wp\/v2\/properties"}],"about":[{"href":"https:\/\/arriendo.com\/co\/wp-json\/wp\/v2\/types\/properties"}],"author":[{"embeddable":true,"href":"https:\/\/arriendo.com\/co\/wp-json\/wp\/v2\/users\/4102"}],"version-history":[{"count":0,"href":"https:\/\/arriendo.com\/co\/wp-json\/wp\/v2\/properties\/245078\/revisions"}],"wp:featuredmedia":[{"embeddable":true,"href":"https:\/\/arriendo.com\/co\/wp-json\/wp\/v2\/media\/245081"}],"wp:attachment":[{"href":"https:\/\/arriendo.com\/co\/wp-json\/wp\/v2\/media?parent=245078"}],"wp:term":[{"taxonomy":"es_location","embeddable":true,"href":"https:\/\/arriendo.com\/co\/wp-json\/wp\/v2\/es_locations?post=245078"},{"taxonomy":"es_category","embeddable":true,"href":"https:\/\/arriendo.com\/co\/wp-json\/wp\/v2\/es_categories?post=245078"},{"taxonomy":"es_type","embeddable":true,"href":"https:\/\/arriendo.com\/co\/wp-json\/wp\/v2\/es_types?post=245078"},{"taxonomy":"es_rent_period","embeddable":true,"href":"https:\/\/arriendo.com\/co\/wp-json\/wp\/v2\/es_rent_periods?post=245078"},{"taxonomy":"es_label","embeddable":true,"href":"https:\/\/arriendo.com\/co\/wp-json\/wp\/v2\/es_labels?post=245078"},{"taxonomy":"es_status","embeddable":true,"href":"https:\/\/arriendo.com\/co\/wp-json\/wp\/v2\/es_statuses?post=245078"},{"taxonomy":"es_parking","embeddable":true,"href":"https:\/\/arriendo.com\/co\/wp-json\/wp\/v2\/es_parkings?post=245078"},{"taxonomy":"es_roof","embeddable":true,"href":"https:\/\/arriendo.com\/co\/wp-json\/wp\/v2\/es_roofs?post=245078"},{"taxonomy":"es_exterior_material","embeddable":true,"href":"https:\/\/arriendo.com\/co\/wp-json\/wp\/v2\/es_exterior_materials?post=245078"},{"taxonomy":"es_basement","embeddable":true,"href":"https:\/\/arriendo.com\/co\/wp-json\/wp\/v2\/es_basements?post=245078"},{"taxonomy":"es_floor_covering","embeddable":true,"href":"https:\/\/arriendo.com\/co\/wp-json\/wp\/v2\/es_floor_coverings?post=245078"},{"taxonomy":"es_feature","embeddable":true,"href":"https:\/\/arriendo.com\/co\/wp-json\/wp\/v2\/es_features?post=245078"},{"taxonomy":"es_amenity","embeddable":true,"href":"https:\/\/arriendo.com\/co\/wp-json\/wp\/v2\/es_amenities?post=245078"},{"taxonomy":"es_neighborhood","embeddable":true,"href":"https:\/\/arriendo.com\/co\/wp-json\/wp\/v2\/es_neighborhoods?post=245078"},{"taxonomy":"es_tag","embeddable":true,"href":"https:\/\/arriendo.com\/co\/wp-json\/wp\/v2\/es_tags?post=245078"}],"curies":[{"name":"wp","href":"https:\/\/api.w.org\/{rel}","templated":true}]}}

Edificio en  Arriendo en Usaquen, Bogotá

<p>? ¿Buscas un espacio corporativo estratégico? Esta propiedad está diseñada para empresas que necesitan instalaciones con visión dotacional, comercial o empresarial.</p>
<p>? Ubicación privilegiada: Facilita la conexión de tu equipo y clientes con las principales vías de la ciudad, como la Cra. 7ma, Calle 127 y Calle 116.</p>
<p>? Disponible para venta y/o arriendo. Cuenta con 7 Plantas, ascensor, Fachada con ventanales piso a techo, Terraza adecuada para empleados, tanque de agua y bomba inyectora.</p>
<p>¡Un espacio a la altura de tus necesidades corporativas! Se entrega en obra gris para adecuaciones.</p>
<p>#EdificioCorporativo #ArriendoEmpresarial #VentaCorporativa #UbicaciónEstratégica #EspaciosComerciales #Negocios #OportunidadesInmobiliarias #Sostenibilidad #Multinacionales</p>

? ¿Buscas un espacio corporativo estratégico? Esta propiedad está diseñada...
