{"id":244926,"date":"2026-01-29T11:48:29","date_gmt":"2026-01-29T16:48:29","guid":{"rendered":"https:\/\/arriendo.com\/co\/%es_type%\/%address_city%\/%neighborhood%\/barranquilla-altos-del-prado-local-en-arriendo-d46a17\/"},"modified":"2026-01-29T11:48:29","modified_gmt":"2026-01-29T16:48:29","slug":"AR-244926","status":"publish","type":"properties","link":"https:\/\/arriendo.com\/co\/locales\/barranquilla\/altos-del-prado\/AR-244926\/","title":{"rendered":"Local en  Arriendo en Altos del prado, Barranquilla"},"content":{"rendered":"<p>VENDO Local con excelente ubicaci\u00f3n, en el exclusivo sector de alto prado , certificado con Pet de la salud, todos en un solo nivel, con estructura de columnas en hierro y las ventajas de tener el espacio a\u00e9reo libre, adecuado con oficinas y bater\u00edas de ba\u00f1o internas.<br \/>\nINSTITUCIONAL: (Eps, Arp y Arl), as\u00ed como SALUD: Consultorios, Laboratorios, Veterinarias, Centros M\u00e9dicos.<br \/>\n\u2022\tConcepto de Norma #0028-2021 O.A., emitido por la Curadur\u00eda Urbana 2, sobre<br \/>\n\u2022\tPredio ubicado al interior del \u00e1rea de influencia, en la Manzana catastral: # 077<br \/>\n\u2022\tSector Normativo: # 6 Altos del Prado<br \/>\n\u2022\tNivel de Intervenci\u00f3n: 4 (Inmuebles sin valores patrimoniales en el \u00e1mbito arquitect\u00f3nico)<br \/>\nNOTA: En la &#8220;Ficha Normativa&#8221; &#8211; Sector Normativo 6, revisar entre otros usos:<br \/>\nP\u00e1gina 7, la parte correspondiente donde especifican el uso permitido.<br \/>\n* LOCAL DISPONIBLE &#8211; 1 &#8220;A&#8221; &#8211; (\u00c1rea: 273 mt2)<br \/>\n* LOCAL DISPONIBLE &#8211; 1 &#8220;B&#8221; &#8211; (\u00c1rea: 158 mt2)<br \/>\nTotal \u00e1rea construida: 451 mt2<br \/>\n\u00c1rea de antejard\u00edn\/ (terraza): 87 mt2<br \/>\nTOTAL \u00c1REA DEL PREDIO: 538 MT2       Verlo es comprarlo,<br \/>\nHagamos una cita: Yesid Celis Cel: ***.<\/p>\n","protected":false},"excerpt":{"rendered":"VENDO Local con excelente ubicaci\u00f3n, en el exclusivo sector de...","protected":false},"author":4102,"featured_media":244929,"template":"","es_locations":[332,81,281],"es_categories":[124],"es_types":[117],"es_rent_periods":[],"es_labels":[],"es_statuses":[],"es_parkings":[],"es_roofs":[],"es_exterior_materials":[],"es_basements":[],"es_floor_coverings":[],"es_features":[149,150,2265,2131,2302,151,2201,2203,2385,2455,2216,2132,2488,2272,2181,2283,2135,2239,143,2241,2137],"es_amenities":[2329,2387,2268,2139,2303,2270,2206,2208,2386,2457,156,2140,2489,2273,2288,2142,2256,2290,161,2259,2144],"es_neighborhoods":[],"es_tags":[],"class_list":["post-244926","properties","type-properties","status-publish","has-post-thumbnail","hentry","es_location-altos-del-prado","es_location-atlantico","es_location-barranquilla","es_category-arriendo","es_type-locales","es_feature-aire-acondicionado","es_feature-alarma","es_feature-bahia-exterior-de-parqueo","es_feature-circuito-cerrado-de-tv","es_feature-cocineta","es_feature-deposito-bodega","es_feature-en-zona-comercial","es_feature-jardines-exteriores","es_feature-local-exterior","es_feature-local-interior","es_feature-parqueadero-visitantes","es_feature-parques-cercanos","es_feature-pasaje-comercial","es_feature-piso-en-baldosa-marmol","es_feature-porteria-vigilancia","es_feature-servicio-de-internet","es_feature-sobre-via-principal","es_feature-sobre-via-secundaria","es_feature-terraza","es_feature-vigilancia-24x7","es_feature-zona-comercial","es_amenity-aire-acondicionado","es_amenity-alarma","es_amenity-bahia-exterior-de-parqueo","es_amenity-circuito-cerrado-de-tv","es_amenity-cocineta","es_amenity-deposito-bodega","es_amenity-en-zona-comercial","es_amenity-jardines-exteriores","es_amenity-local-exterior","es_amenity-local-interior","es_amenity-parqueadero-visitantes","es_amenity-parques-cercanos","es_amenity-pasaje-comercial","es_amenity-piso-en-baldosa-marmol","es_amenity-servicio-de-internet","es_amenity-sobre-via-principal","es_amenity-sobre-via-secundaria","es_amenity-terraza","es_amenity-vigilancia-24-7","es_amenity-vigilancia-24x7","es_amenity-zona-comercial","es-post-entity"],"_links":{"self":[{"href":"https:\/\/arriendo.com\/co\/wp-json\/wp\/v2\/properties\/244926","targetHints":{"allow":["GET"]}}],"collection":[{"href":"https:\/\/arriendo.com\/co\/wp-json\/wp\/v2\/properties"}],"about":[{"href":"https:\/\/arriendo.com\/co\/wp-json\/wp\/v2\/types\/properties"}],"author":[{"embeddable":true,"href":"https:\/\/arriendo.com\/co\/wp-json\/wp\/v2\/users\/4102"}],"version-history":[{"count":0,"href":"https:\/\/arriendo.com\/co\/wp-json\/wp\/v2\/properties\/244926\/revisions"}],"wp:featuredmedia":[{"embeddable":true,"href":"https:\/\/arriendo.com\/co\/wp-json\/wp\/v2\/media\/244929"}],"wp:attachment":[{"href":"https:\/\/arriendo.com\/co\/wp-json\/wp\/v2\/media?parent=244926"}],"wp:term":[{"taxonomy":"es_location","embeddable":true,"href":"https:\/\/arriendo.com\/co\/wp-json\/wp\/v2\/es_locations?post=244926"},{"taxonomy":"es_category","embeddable":true,"href":"https:\/\/arriendo.com\/co\/wp-json\/wp\/v2\/es_categories?post=244926"},{"taxonomy":"es_type","embeddable":true,"href":"https:\/\/arriendo.com\/co\/wp-json\/wp\/v2\/es_types?post=244926"},{"taxonomy":"es_rent_period","embeddable":true,"href":"https:\/\/arriendo.com\/co\/wp-json\/wp\/v2\/es_rent_periods?post=244926"},{"taxonomy":"es_label","embeddable":true,"href":"https:\/\/arriendo.com\/co\/wp-json\/wp\/v2\/es_labels?post=244926"},{"taxonomy":"es_status","embeddable":true,"href":"https:\/\/arriendo.com\/co\/wp-json\/wp\/v2\/es_statuses?post=244926"},{"taxonomy":"es_parking","embeddable":true,"href":"https:\/\/arriendo.com\/co\/wp-json\/wp\/v2\/es_parkings?post=244926"},{"taxonomy":"es_roof","embeddable":true,"href":"https:\/\/arriendo.com\/co\/wp-json\/wp\/v2\/es_roofs?post=244926"},{"taxonomy":"es_exterior_material","embeddable":true,"href":"https:\/\/arriendo.com\/co\/wp-json\/wp\/v2\/es_exterior_materials?post=244926"},{"taxonomy":"es_basement","embeddable":true,"href":"https:\/\/arriendo.com\/co\/wp-json\/wp\/v2\/es_basements?post=244926"},{"taxonomy":"es_floor_covering","embeddable":true,"href":"https:\/\/arriendo.com\/co\/wp-json\/wp\/v2\/es_floor_coverings?post=244926"},{"taxonomy":"es_feature","embeddable":true,"href":"https:\/\/arriendo.com\/co\/wp-json\/wp\/v2\/es_features?post=244926"},{"taxonomy":"es_amenity","embeddable":true,"href":"https:\/\/arriendo.com\/co\/wp-json\/wp\/v2\/es_amenities?post=244926"},{"taxonomy":"es_neighborhood","embeddable":true,"href":"https:\/\/arriendo.com\/co\/wp-json\/wp\/v2\/es_neighborhoods?post=244926"},{"taxonomy":"es_tag","embeddable":true,"href":"https:\/\/arriendo.com\/co\/wp-json\/wp\/v2\/es_tags?post=244926"}],"curies":[{"name":"wp","href":"https:\/\/api.w.org\/{rel}","templated":true}]}}

<p>VENDO Local con excelente ubicación, en el exclusivo sector de alto prado , certificado con Pet de la salud, todos en un solo nivel, con estructura de columnas en hierro y las ventajas de tener el espacio aéreo libre, adecuado con oficinas y baterías de baño internas.<br />
INSTITUCIONAL: (Eps, Arp y Arl), así como SALUD: Consultorios, Laboratorios, Veterinarias, Centros Médicos.<br />
•	Concepto de Norma #0028-2021 O.A., emitido por la Curaduría Urbana 2, sobre<br />
•	Predio ubicado al interior del área de influencia, en la Manzana catastral: # 077<br />
•	Sector Normativo: # 6 Altos del Prado<br />
•	Nivel de Intervención: 4 (Inmuebles sin valores patrimoniales en el ámbito arquitectónico)<br />
NOTA: En la &#8220;Ficha Normativa&#8221; &#8211; Sector Normativo 6, revisar entre otros usos:<br />
Página 7, la parte correspondiente donde especifican el uso permitido.<br />
* LOCAL DISPONIBLE &#8211; 1 &#8220;A&#8221; &#8211; (Área: 273 mt2)<br />
* LOCAL DISPONIBLE &#8211; 1 &#8220;B&#8221; &#8211; (Área: 158 mt2)<br />
Total área construida: 451 mt2<br />
Área de antejardín/ (terraza): 87 mt2<br />
TOTAL ÁREA DEL PREDIO: 538 MT2       Verlo es comprarlo,<br />
Hagamos una cita: Yesid Celis Cel: ***.</p>

VENDO Local con excelente ubicación, en el exclusivo sector de...
