{"id":244472,"date":"2026-01-29T11:06:47","date_gmt":"2026-01-29T16:06:47","guid":{"rendered":"https:\/\/arriendo.com\/co\/%es_type%\/%address_city%\/%neighborhood%\/barranquilla-san-vicente-apartaestudio-en-arriendo-en-7a5c85\/"},"modified":"2026-01-29T11:06:47","modified_gmt":"2026-01-29T16:06:47","slug":"AR-244472","status":"publish","type":"properties","link":"https:\/\/arriendo.com\/co\/apartaestudios\/barranquilla\/san-vicente\/AR-244472\/","title":{"rendered":"Apartaestudio en Arriendo en San vicente, Barranquilla"},"content":{"rendered":"<p>\u00a1APARTAESTUDIO AMOBLADO EN RENTA EN EL BARRIO SAN VICENTE!<\/p>\n<p>Con un \u00e1rea construida de 52 m2, cuenta con Sala comedor, Cocina abierta, Ba\u00f1o social, habitaci\u00f3n principal con ba\u00f1o privado y wc, zona de labores, un parqueadero.<\/p>\n<p>El apartaestudio se entrega completamente amoblado, aire acondicionado, cortinas.<\/p>\n<p>El edificio cuenta con ascensor, gimnasio, sal\u00f3n social, jacuzzi, vigilancia 24 horas.<\/p>\n<p>En el precio de la renta esta incluida la administraci\u00f3n.<\/p>\n<p>Para mas informaci\u00f3n cont\u00e1ctame y agendamos una cita!!<\/p>\n","protected":false},"excerpt":{"rendered":"\u00a1APARTAESTUDIO AMOBLADO EN RENTA EN EL BARRIO SAN VICENTE! Con...","protected":false},"author":4102,"featured_media":244475,"template":"","es_locations":[81,281,497],"es_categories":[124],"es_types":[299],"es_rent_periods":[],"es_labels":[],"es_statuses":[],"es_parkings":[],"es_roofs":[],"es_exterior_materials":[],"es_basements":[],"es_floor_coverings":[],"es_features":[149,2262,131,2147,2148,2196,2179,145,2132,2181,2182,2167,2150,2136,2137,2151,2152],"es_amenities":[2329,2267,152,2156,2157,2197,154,2160,2140,159,2171,2161,2143,161,2144,162,2162],"es_neighborhoods":[],"es_tags":[],"class_list":["post-244472","properties","type-properties","status-publish","has-post-thumbnail","hentry","es_location-atlantico","es_location-barranquilla","es_location-san-vicente","es_category-arriendo","es_type-apartaestudios","es_feature-aire-acondicionado","es_feature-amoblado","es_feature-ascensor","es_feature-cocina-tipo-americano","es_feature-colegios-universidades","es_feature-en-conjunto-cerrado","es_feature-gimnasio","es_feature-instalacion-de-gas","es_feature-parques-cercanos","es_feature-porteria-vigilancia","es_feature-salon-comunal","es_feature-sauna-turco-jacuzzi","es_feature-supermercados-c-comerciales","es_feature-trans-publico-cercano","es_feature-zona-comercial","es_feature-zona-de-lavanderia","es_feature-zona-residencial","es_amenity-aire-acondicionado","es_amenity-amoblado","es_amenity-ascensor-privado","es_amenity-cocina-tipo-americano","es_amenity-colegios-universidades","es_amenity-en-conjunto-cerrado","es_amenity-gimnasio","es_amenity-instalacion-de-gas","es_amenity-parques-cercanos","es_amenity-salon-comunal","es_amenity-sauna-turco-jacuzzi","es_amenity-supermercados-c-comerciales","es_amenity-trans-publico-cercano","es_amenity-vigilancia-24-7","es_amenity-zona-comercial","es_amenity-zona-de-lavanderia","es_amenity-zona-residencial","es-post-entity"],"_links":{"self":[{"href":"https:\/\/arriendo.com\/co\/wp-json\/wp\/v2\/properties\/244472","targetHints":{"allow":["GET"]}}],"collection":[{"href":"https:\/\/arriendo.com\/co\/wp-json\/wp\/v2\/properties"}],"about":[{"href":"https:\/\/arriendo.com\/co\/wp-json\/wp\/v2\/types\/properties"}],"author":[{"embeddable":true,"href":"https:\/\/arriendo.com\/co\/wp-json\/wp\/v2\/users\/4102"}],"version-history":[{"count":0,"href":"https:\/\/arriendo.com\/co\/wp-json\/wp\/v2\/properties\/244472\/revisions"}],"wp:featuredmedia":[{"embeddable":true,"href":"https:\/\/arriendo.com\/co\/wp-json\/wp\/v2\/media\/244475"}],"wp:attachment":[{"href":"https:\/\/arriendo.com\/co\/wp-json\/wp\/v2\/media?parent=244472"}],"wp:term":[{"taxonomy":"es_location","embeddable":true,"href":"https:\/\/arriendo.com\/co\/wp-json\/wp\/v2\/es_locations?post=244472"},{"taxonomy":"es_category","embeddable":true,"href":"https:\/\/arriendo.com\/co\/wp-json\/wp\/v2\/es_categories?post=244472"},{"taxonomy":"es_type","embeddable":true,"href":"https:\/\/arriendo.com\/co\/wp-json\/wp\/v2\/es_types?post=244472"},{"taxonomy":"es_rent_period","embeddable":true,"href":"https:\/\/arriendo.com\/co\/wp-json\/wp\/v2\/es_rent_periods?post=244472"},{"taxonomy":"es_label","embeddable":true,"href":"https:\/\/arriendo.com\/co\/wp-json\/wp\/v2\/es_labels?post=244472"},{"taxonomy":"es_status","embeddable":true,"href":"https:\/\/arriendo.com\/co\/wp-json\/wp\/v2\/es_statuses?post=244472"},{"taxonomy":"es_parking","embeddable":true,"href":"https:\/\/arriendo.com\/co\/wp-json\/wp\/v2\/es_parkings?post=244472"},{"taxonomy":"es_roof","embeddable":true,"href":"https:\/\/arriendo.com\/co\/wp-json\/wp\/v2\/es_roofs?post=244472"},{"taxonomy":"es_exterior_material","embeddable":true,"href":"https:\/\/arriendo.com\/co\/wp-json\/wp\/v2\/es_exterior_materials?post=244472"},{"taxonomy":"es_basement","embeddable":true,"href":"https:\/\/arriendo.com\/co\/wp-json\/wp\/v2\/es_basements?post=244472"},{"taxonomy":"es_floor_covering","embeddable":true,"href":"https:\/\/arriendo.com\/co\/wp-json\/wp\/v2\/es_floor_coverings?post=244472"},{"taxonomy":"es_feature","embeddable":true,"href":"https:\/\/arriendo.com\/co\/wp-json\/wp\/v2\/es_features?post=244472"},{"taxonomy":"es_amenity","embeddable":true,"href":"https:\/\/arriendo.com\/co\/wp-json\/wp\/v2\/es_amenities?post=244472"},{"taxonomy":"es_neighborhood","embeddable":true,"href":"https:\/\/arriendo.com\/co\/wp-json\/wp\/v2\/es_neighborhoods?post=244472"},{"taxonomy":"es_tag","embeddable":true,"href":"https:\/\/arriendo.com\/co\/wp-json\/wp\/v2\/es_tags?post=244472"}],"curies":[{"name":"wp","href":"https:\/\/api.w.org\/{rel}","templated":true}]}}

<p>¡APARTAESTUDIO AMOBLADO EN RENTA EN EL BARRIO SAN VICENTE!</p>
<p>Con un área construida de 52 m2, cuenta con Sala comedor, Cocina abierta, Baño social, habitación principal con baño privado y wc, zona de labores, un parqueadero.</p>
<p>El apartaestudio se entrega completamente amoblado, aire acondicionado, cortinas.</p>
<p>El edificio cuenta con ascensor, gimnasio, salón social, jacuzzi, vigilancia 24 horas.</p>
<p>En el precio de la renta esta incluida la administración.</p>
<p>Para mas información contáctame y agendamos una cita!!</p>
