{"id":244458,"date":"2026-01-29T11:04:47","date_gmt":"2026-01-29T16:04:47","guid":{"rendered":"https:\/\/arriendo.com\/co\/%es_type%\/%address_city%\/%neighborhood%\/barranquilla-villa-santos-apartamento-en-arriendo-en-f80369\/"},"modified":"2026-01-29T11:04:47","modified_gmt":"2026-01-29T16:04:47","slug":"AR-244458","status":"publish","type":"properties","link":"https:\/\/arriendo.com\/co\/apartamentos\/barranquilla\/villa-santos\/AR-244458\/","title":{"rendered":"Apartamento en Arriendo en Villa santos, Barranquilla"},"content":{"rendered":"<p>\u00a1Tu vida, tu espacio, tu estilo en Villa Santos!<br \/>\nArrienda apartamento de 65,7 m\u00b2 con entrega inmediata<br \/>\nVive en un apartamento moderno, ideal para profesionales din\u00e1micos que buscan luz, comodidad y vistas exclusivas de la zona norte de Barranquilla.<br \/>\n1 dormitorio amplio, aire acondicionado instalado,  vestier y ba\u00f1o privado.<br \/>\nAdem\u00e1s, cuenta con un espacio flexible y vers\u00e1til, ideal para transformarlo en un dormitorio de visitas acogedor o un estudio independiente que impulse tu productividad.<br \/>\nZona social iluminada (lado sombra: fresca todo el d\u00eda)<br \/>\nBalc\u00f3n perfecto para disfrutar la brisa y una vista espectacular.<br \/>\nSegundo ba\u00f1o completo, cocina abierta y distribuci\u00f3n funcional para teletrabajo o recibir visitas. Zona de ropas independiente.<\/p>\n<p>Edificio con amenidades: sal\u00f3n social, \u00e1rea de juegos para ni\u00f1os, gimnasio, piscina, parqueadero privado, parqueadero de visitantes y vigilancia 24\/7.<\/p>\n<p>\u00a1Tu espacio listo para mudarte y vivir tu mejor versi\u00f3n!<br \/>\nCont\u00e1ctanos y agenda tu visita.<\/p>\n","protected":false},"excerpt":{"rendered":"\u00a1Tu vida, tu espacio, tu estilo en Villa Santos! Arrienda...","protected":false},"author":4102,"featured_media":244461,"template":"","es_locations":[81,281,2799],"es_categories":[124],"es_types":[114],"es_rent_periods":[],"es_labels":[],"es_statuses":[],"es_parkings":[],"es_roofs":[],"es_exterior_materials":[],"es_basements":[],"es_floor_coverings":[],"es_features":[149,131,2263,2146,2147,2148,151,136,2149,2179,2216,2132,2180,2181,2182,144,2137,2151],"es_amenities":[2329,152,2269,2155,2156,2157,2270,2158,2159,154,156,2140,157,159,161,2289,2144,162],"es_neighborhoods":[],"es_tags":[],"class_list":["post-244458","properties","type-properties","status-publish","has-post-thumbnail","hentry","es_location-atlantico","es_location-barranquilla","es_location-villa-santos","es_category-arriendo","es_type-apartamentos","es_feature-aire-acondicionado","es_feature-ascensor","es_feature-barra-estilo-americano","es_feature-cocina-integral","es_feature-cocina-tipo-americano","es_feature-colegios-universidades","es_feature-deposito-bodega","es_feature-estudio","es_feature-garajes","es_feature-gimnasio","es_feature-parqueadero-visitantes","es_feature-parques-cercanos","es_feature-piscina","es_feature-porteria-vigilancia","es_feature-salon-comunal","es_feature-vista-panoramica","es_feature-zona-comercial","es_feature-zona-de-lavanderia","es_amenity-aire-acondicionado","es_amenity-ascensor-privado","es_amenity-barra-estilo-americano","es_amenity-cocina-integral","es_amenity-cocina-tipo-americano","es_amenity-colegios-universidades","es_amenity-deposito-bodega","es_amenity-estudio","es_amenity-garajes","es_amenity-gimnasio","es_amenity-parqueadero-visitantes","es_amenity-parques-cercanos","es_amenity-piscina","es_amenity-salon-comunal","es_amenity-vigilancia-24-7","es_amenity-vista-panoramica","es_amenity-zona-comercial","es_amenity-zona-de-lavanderia","es-post-entity"],"_links":{"self":[{"href":"https:\/\/arriendo.com\/co\/wp-json\/wp\/v2\/properties\/244458","targetHints":{"allow":["GET"]}}],"collection":[{"href":"https:\/\/arriendo.com\/co\/wp-json\/wp\/v2\/properties"}],"about":[{"href":"https:\/\/arriendo.com\/co\/wp-json\/wp\/v2\/types\/properties"}],"author":[{"embeddable":true,"href":"https:\/\/arriendo.com\/co\/wp-json\/wp\/v2\/users\/4102"}],"version-history":[{"count":0,"href":"https:\/\/arriendo.com\/co\/wp-json\/wp\/v2\/properties\/244458\/revisions"}],"wp:featuredmedia":[{"embeddable":true,"href":"https:\/\/arriendo.com\/co\/wp-json\/wp\/v2\/media\/244461"}],"wp:attachment":[{"href":"https:\/\/arriendo.com\/co\/wp-json\/wp\/v2\/media?parent=244458"}],"wp:term":[{"taxonomy":"es_location","embeddable":true,"href":"https:\/\/arriendo.com\/co\/wp-json\/wp\/v2\/es_locations?post=244458"},{"taxonomy":"es_category","embeddable":true,"href":"https:\/\/arriendo.com\/co\/wp-json\/wp\/v2\/es_categories?post=244458"},{"taxonomy":"es_type","embeddable":true,"href":"https:\/\/arriendo.com\/co\/wp-json\/wp\/v2\/es_types?post=244458"},{"taxonomy":"es_rent_period","embeddable":true,"href":"https:\/\/arriendo.com\/co\/wp-json\/wp\/v2\/es_rent_periods?post=244458"},{"taxonomy":"es_label","embeddable":true,"href":"https:\/\/arriendo.com\/co\/wp-json\/wp\/v2\/es_labels?post=244458"},{"taxonomy":"es_status","embeddable":true,"href":"https:\/\/arriendo.com\/co\/wp-json\/wp\/v2\/es_statuses?post=244458"},{"taxonomy":"es_parking","embeddable":true,"href":"https:\/\/arriendo.com\/co\/wp-json\/wp\/v2\/es_parkings?post=244458"},{"taxonomy":"es_roof","embeddable":true,"href":"https:\/\/arriendo.com\/co\/wp-json\/wp\/v2\/es_roofs?post=244458"},{"taxonomy":"es_exterior_material","embeddable":true,"href":"https:\/\/arriendo.com\/co\/wp-json\/wp\/v2\/es_exterior_materials?post=244458"},{"taxonomy":"es_basement","embeddable":true,"href":"https:\/\/arriendo.com\/co\/wp-json\/wp\/v2\/es_basements?post=244458"},{"taxonomy":"es_floor_covering","embeddable":true,"href":"https:\/\/arriendo.com\/co\/wp-json\/wp\/v2\/es_floor_coverings?post=244458"},{"taxonomy":"es_feature","embeddable":true,"href":"https:\/\/arriendo.com\/co\/wp-json\/wp\/v2\/es_features?post=244458"},{"taxonomy":"es_amenity","embeddable":true,"href":"https:\/\/arriendo.com\/co\/wp-json\/wp\/v2\/es_amenities?post=244458"},{"taxonomy":"es_neighborhood","embeddable":true,"href":"https:\/\/arriendo.com\/co\/wp-json\/wp\/v2\/es_neighborhoods?post=244458"},{"taxonomy":"es_tag","embeddable":true,"href":"https:\/\/arriendo.com\/co\/wp-json\/wp\/v2\/es_tags?post=244458"}],"curies":[{"name":"wp","href":"https:\/\/api.w.org\/{rel}","templated":true}]}}

<p>¡Tu vida, tu espacio, tu estilo en Villa Santos!<br />
Arrienda apartamento de 65,7 m² con entrega inmediata<br />
Vive en un apartamento moderno, ideal para profesionales dinámicos que buscan luz, comodidad y vistas exclusivas de la zona norte de Barranquilla.<br />
1 dormitorio amplio, aire acondicionado instalado,  vestier y baño privado.<br />
Además, cuenta con un espacio flexible y versátil, ideal para transformarlo en un dormitorio de visitas acogedor o un estudio independiente que impulse tu productividad.<br />
Zona social iluminada (lado sombra: fresca todo el día)<br />
Balcón perfecto para disfrutar la brisa y una vista espectacular.<br />
Segundo baño completo, cocina abierta y distribución funcional para teletrabajo o recibir visitas. Zona de ropas independiente.</p>
<p>Edificio con amenidades: salón social, área de juegos para niños, gimnasio, piscina, parqueadero privado, parqueadero de visitantes y vigilancia 24/7.</p>
<p>¡Tu espacio listo para mudarte y vivir tu mejor versión!<br />
Contáctanos y agenda tu visita.</p>
