{"id":244405,"date":"2026-01-29T10:58:47","date_gmt":"2026-01-29T15:58:47","guid":{"rendered":"https:\/\/arriendo.com\/co\/%es_type%\/%address_city%\/%neighborhood%\/barranquilla-altos-del-prado-casa-en-arriendo-en-7723e3\/"},"modified":"2026-01-29T10:58:47","modified_gmt":"2026-01-29T15:58:47","slug":"AR-244405","status":"publish","type":"properties","link":"https:\/\/arriendo.com\/co\/casas\/barranquilla\/altos-del-prado\/AR-244405\/","title":{"rendered":"Casa en Arriendo en Altos del prado, Barranquilla"},"content":{"rendered":"<p>Vive o instala tu proyecto en una de las joyas arquitect\u00f3nicas m\u00e1s emblem\u00e1ticas de Barranquilla.<br \/>\nEsta casa colonial de 1933, ubicada en el ic\u00f3nico barrio El Prado, combina historia, prestigio y ubicaci\u00f3n estrat\u00e9gica.<br \/>\nCon 906 m\u00b2 de terreno y 267 m\u00b2 construidos, ofrece amplios salones, biblioteca, comedor, estudio, dos habitaciones, cocina y dos patios con jardines que inspiran frescura y vida.<br \/>\nGracias a su clasificaci\u00f3n patrimonial (Nivel 2 \u2013 Conservaci\u00f3n tipol\u00f3gica), es el espacio perfecto para quienes buscan m\u00e1s que un inmueble:<br \/>\n? Un restaurante con encanto en el barrio m\u00e1s m\u00e1gico de la ciudad.<br \/>\n?\ufe0f Una corporaci\u00f3n cultural o fundaci\u00f3n con presencia e identidad.<br \/>\n? Un hostal boutique que atraiga visitantes en busca de historia.<br \/>\n? Oficinas o instituciones que necesiten proyectar confianza y prestigio.<br \/>\nLas fotos muestran parte de su esencia\u2026 pero la verdadera magia solo se siente al recorrerla.<\/p>\n<p>? No dejes que otros te lo cuenten: agenda tu visita y siente en persona c\u00f3mo esta joya del Prado puede convertirse en el escenario perfecto para tu negocio, tu fundaci\u00f3n o tu pr\u00f3ximo<\/p>\n","protected":false},"excerpt":{"rendered":"Vive o instala tu proyecto en una de las joyas...","protected":false},"author":4102,"featured_media":244408,"template":"","es_locations":[332,81,281],"es_categories":[124],"es_types":[115],"es_rent_periods":[],"es_labels":[],"es_statuses":[],"es_parkings":[],"es_roofs":[],"es_exterior_materials":[],"es_basements":[],"es_floor_coverings":[],"es_features":[2148,2312,2512,136,2149,2282,145,2203,2216,2132,2220,2272,2150,2136,2137,2151,2152,2204],"es_amenities":[2157,2314,2513,2158,2159,2287,2160,2208,156,2140,2221,2273,2161,2143,2144,162,2162,2209],"es_neighborhoods":[],"es_tags":[],"class_list":["post-244405","properties","type-properties","status-publish","has-post-thumbnail","hentry","es_location-altos-del-prado","es_location-atlantico","es_location-barranquilla","es_category-arriendo","es_type-casas","es_feature-colegios-universidades","es_feature-comedor-auxiliar","es_feature-cuarto-de-conductores","es_feature-estudio","es_feature-garajes","es_feature-hall-de-alcobas","es_feature-instalacion-de-gas","es_feature-jardines-exteriores","es_feature-parqueadero-visitantes","es_feature-parques-cercanos","es_feature-patio","es_feature-piso-en-baldosa-marmol","es_feature-supermercados-c-comerciales","es_feature-trans-publico-cercano","es_feature-zona-comercial","es_feature-zona-de-lavanderia","es_feature-zona-residencial","es_feature-zonas-verdes","es_amenity-colegios-universidades","es_amenity-comedor-auxiliar","es_amenity-cuarto-de-conductores","es_amenity-estudio","es_amenity-garajes","es_amenity-hall-de-alcobas","es_amenity-instalacion-de-gas","es_amenity-jardines-exteriores","es_amenity-parqueadero-visitantes","es_amenity-parques-cercanos","es_amenity-patio","es_amenity-piso-en-baldosa-marmol","es_amenity-supermercados-c-comerciales","es_amenity-trans-publico-cercano","es_amenity-zona-comercial","es_amenity-zona-de-lavanderia","es_amenity-zona-residencial","es_amenity-zonas-verdes","es-post-entity"],"_links":{"self":[{"href":"https:\/\/arriendo.com\/co\/wp-json\/wp\/v2\/properties\/244405","targetHints":{"allow":["GET"]}}],"collection":[{"href":"https:\/\/arriendo.com\/co\/wp-json\/wp\/v2\/properties"}],"about":[{"href":"https:\/\/arriendo.com\/co\/wp-json\/wp\/v2\/types\/properties"}],"author":[{"embeddable":true,"href":"https:\/\/arriendo.com\/co\/wp-json\/wp\/v2\/users\/4102"}],"version-history":[{"count":0,"href":"https:\/\/arriendo.com\/co\/wp-json\/wp\/v2\/properties\/244405\/revisions"}],"wp:featuredmedia":[{"embeddable":true,"href":"https:\/\/arriendo.com\/co\/wp-json\/wp\/v2\/media\/244408"}],"wp:attachment":[{"href":"https:\/\/arriendo.com\/co\/wp-json\/wp\/v2\/media?parent=244405"}],"wp:term":[{"taxonomy":"es_location","embeddable":true,"href":"https:\/\/arriendo.com\/co\/wp-json\/wp\/v2\/es_locations?post=244405"},{"taxonomy":"es_category","embeddable":true,"href":"https:\/\/arriendo.com\/co\/wp-json\/wp\/v2\/es_categories?post=244405"},{"taxonomy":"es_type","embeddable":true,"href":"https:\/\/arriendo.com\/co\/wp-json\/wp\/v2\/es_types?post=244405"},{"taxonomy":"es_rent_period","embeddable":true,"href":"https:\/\/arriendo.com\/co\/wp-json\/wp\/v2\/es_rent_periods?post=244405"},{"taxonomy":"es_label","embeddable":true,"href":"https:\/\/arriendo.com\/co\/wp-json\/wp\/v2\/es_labels?post=244405"},{"taxonomy":"es_status","embeddable":true,"href":"https:\/\/arriendo.com\/co\/wp-json\/wp\/v2\/es_statuses?post=244405"},{"taxonomy":"es_parking","embeddable":true,"href":"https:\/\/arriendo.com\/co\/wp-json\/wp\/v2\/es_parkings?post=244405"},{"taxonomy":"es_roof","embeddable":true,"href":"https:\/\/arriendo.com\/co\/wp-json\/wp\/v2\/es_roofs?post=244405"},{"taxonomy":"es_exterior_material","embeddable":true,"href":"https:\/\/arriendo.com\/co\/wp-json\/wp\/v2\/es_exterior_materials?post=244405"},{"taxonomy":"es_basement","embeddable":true,"href":"https:\/\/arriendo.com\/co\/wp-json\/wp\/v2\/es_basements?post=244405"},{"taxonomy":"es_floor_covering","embeddable":true,"href":"https:\/\/arriendo.com\/co\/wp-json\/wp\/v2\/es_floor_coverings?post=244405"},{"taxonomy":"es_feature","embeddable":true,"href":"https:\/\/arriendo.com\/co\/wp-json\/wp\/v2\/es_features?post=244405"},{"taxonomy":"es_amenity","embeddable":true,"href":"https:\/\/arriendo.com\/co\/wp-json\/wp\/v2\/es_amenities?post=244405"},{"taxonomy":"es_neighborhood","embeddable":true,"href":"https:\/\/arriendo.com\/co\/wp-json\/wp\/v2\/es_neighborhoods?post=244405"},{"taxonomy":"es_tag","embeddable":true,"href":"https:\/\/arriendo.com\/co\/wp-json\/wp\/v2\/es_tags?post=244405"}],"curies":[{"name":"wp","href":"https:\/\/api.w.org\/{rel}","templated":true}]}}

<p>Vive o instala tu proyecto en una de las joyas arquitectónicas más emblemáticas de Barranquilla.<br />
Esta casa colonial de 1933, ubicada en el icónico barrio El Prado, combina historia, prestigio y ubicación estratégica.<br />
Con 906 m² de terreno y 267 m² construidos, ofrece amplios salones, biblioteca, comedor, estudio, dos habitaciones, cocina y dos patios con jardines que inspiran frescura y vida.<br />
Gracias a su clasificación patrimonial (Nivel 2 – Conservación tipológica), es el espacio perfecto para quienes buscan más que un inmueble:<br />
? Un restaurante con encanto en el barrio más mágico de la ciudad.<br />
?️ Una corporación cultural o fundación con presencia e identidad.<br />
? Un hostal boutique que atraiga visitantes en busca de historia.<br />
? Oficinas o instituciones que necesiten proyectar confianza y prestigio.<br />
Las fotos muestran parte de su esencia… pero la verdadera magia solo se siente al recorrerla.</p>
<p>? No dejes que otros te lo cuenten: agenda tu visita y siente en persona cómo esta joya del Prado puede convertirse en el escenario perfecto para tu negocio, tu fundación o tu próximo</p>
