{"id":244375,"date":"2026-01-29T10:56:47","date_gmt":"2026-01-29T15:56:47","guid":{"rendered":"https:\/\/arriendo.com\/co\/%es_type%\/%address_city%\/%neighborhood%\/barranquilla-altos-del-prado-apartaestudio-en-arriendo-f63381\/"},"modified":"2026-01-29T10:56:47","modified_gmt":"2026-01-29T15:56:47","slug":"AR-244375","status":"publish","type":"properties","link":"https:\/\/arriendo.com\/co\/apartaestudios\/barranquilla\/altos-del-prado\/AR-244375\/","title":{"rendered":"Apartaestudio en  Arriendo en Altos del prado, Barranquilla"},"content":{"rendered":"<p>\u00a1Bienvenido a la comodidad  en el coraz\u00f3n de Barranquilla! Presentamos el exclusivo Apartaestudio tipo loft en el Edificio Prato 52,  en el prestigioso sector de Alto Prado. Edificio  de 16 pisos y 73 apartamentos.<\/p>\n<p>Este encantador apartaestudio, situado en un segundo piso, ofrece una experiencia \u00fanica de comodidad y tranquilidad. Con una distribuci\u00f3n para sala comedor, balc\u00f3n, habitaci\u00f3n, ba\u00f1o, cocina abierta y zona de labores. La iluminaci\u00f3n  y ventilaci\u00f3n natural  que le dan sus  tres amplios ventanales  realzan la belleza del interior. Un parqueadero.<\/p>\n<p>Las comodidades se complementan con las zonas comunes. En el primer piso lobby, gimnasio, un sal\u00f3n social perfecto para eventos, un parque infantil para los m\u00e1s peque\u00f1os y  parqueadero de visitantes.<br \/>\n En el piso 16 te espera una piscina para adultos y un relajante jacuzzi. Sum\u00e9rgete en el lujo mientras disfrutas de una espectacular vista panor\u00e1mica de la ciudad. vigilancia 24 horas, el edificio cuenta con planta el\u00e9ctrica con cobertura total.<\/p>\n<p>Vive rodeado de las m\u00e1s imponentes edificaciones de Barranquilla, a pocos pasos de los mejores centros comerciales, supermercados, boutiques, colegios, restaurantes y bares. No pierdas la oportunidad de hacer de Prato 52 tu nuevo hogar.<\/p>\n<p>\u00a1Cont\u00e1ctanos ahora y haz realidad tu sue\u00f1o de vivir con estilo en Alto Prado!<\/p>\n","protected":false},"excerpt":{"rendered":"\u00a1Bienvenido a la comodidad en el coraz\u00f3n de Barranquilla! Presentamos...","protected":false},"author":4102,"featured_media":244378,"template":"","es_locations":[332,81,281],"es_categories":[124],"es_types":[299],"es_rent_periods":[],"es_labels":[],"es_statuses":[],"es_parkings":[],"es_roofs":[],"es_exterior_materials":[],"es_basements":[],"es_floor_coverings":[],"es_features":[2262,131,132,2293,2146,2147,2179,145,2136,2152],"es_amenities":[2267,152,2186,2295,2155,2156,154,2160,2143,2162],"es_neighborhoods":[],"es_tags":[],"class_list":["post-244375","properties","type-properties","status-publish","has-post-thumbnail","hentry","es_location-altos-del-prado","es_location-atlantico","es_location-barranquilla","es_category-arriendo","es_type-apartaestudios","es_feature-amoblado","es_feature-ascensor","es_feature-balcon","es_feature-cerca-centro-comercial","es_feature-cocina-integral","es_feature-cocina-tipo-americano","es_feature-gimnasio","es_feature-instalacion-de-gas","es_feature-trans-publico-cercano","es_feature-zona-residencial","es_amenity-amoblado","es_amenity-ascensor-privado","es_amenity-balcon","es_amenity-cerca-centro-comercial","es_amenity-cocina-integral","es_amenity-cocina-tipo-americano","es_amenity-gimnasio","es_amenity-instalacion-de-gas","es_amenity-trans-publico-cercano","es_amenity-zona-residencial","es-post-entity"],"_links":{"self":[{"href":"https:\/\/arriendo.com\/co\/wp-json\/wp\/v2\/properties\/244375","targetHints":{"allow":["GET"]}}],"collection":[{"href":"https:\/\/arriendo.com\/co\/wp-json\/wp\/v2\/properties"}],"about":[{"href":"https:\/\/arriendo.com\/co\/wp-json\/wp\/v2\/types\/properties"}],"author":[{"embeddable":true,"href":"https:\/\/arriendo.com\/co\/wp-json\/wp\/v2\/users\/4102"}],"version-history":[{"count":0,"href":"https:\/\/arriendo.com\/co\/wp-json\/wp\/v2\/properties\/244375\/revisions"}],"wp:featuredmedia":[{"embeddable":true,"href":"https:\/\/arriendo.com\/co\/wp-json\/wp\/v2\/media\/244378"}],"wp:attachment":[{"href":"https:\/\/arriendo.com\/co\/wp-json\/wp\/v2\/media?parent=244375"}],"wp:term":[{"taxonomy":"es_location","embeddable":true,"href":"https:\/\/arriendo.com\/co\/wp-json\/wp\/v2\/es_locations?post=244375"},{"taxonomy":"es_category","embeddable":true,"href":"https:\/\/arriendo.com\/co\/wp-json\/wp\/v2\/es_categories?post=244375"},{"taxonomy":"es_type","embeddable":true,"href":"https:\/\/arriendo.com\/co\/wp-json\/wp\/v2\/es_types?post=244375"},{"taxonomy":"es_rent_period","embeddable":true,"href":"https:\/\/arriendo.com\/co\/wp-json\/wp\/v2\/es_rent_periods?post=244375"},{"taxonomy":"es_label","embeddable":true,"href":"https:\/\/arriendo.com\/co\/wp-json\/wp\/v2\/es_labels?post=244375"},{"taxonomy":"es_status","embeddable":true,"href":"https:\/\/arriendo.com\/co\/wp-json\/wp\/v2\/es_statuses?post=244375"},{"taxonomy":"es_parking","embeddable":true,"href":"https:\/\/arriendo.com\/co\/wp-json\/wp\/v2\/es_parkings?post=244375"},{"taxonomy":"es_roof","embeddable":true,"href":"https:\/\/arriendo.com\/co\/wp-json\/wp\/v2\/es_roofs?post=244375"},{"taxonomy":"es_exterior_material","embeddable":true,"href":"https:\/\/arriendo.com\/co\/wp-json\/wp\/v2\/es_exterior_materials?post=244375"},{"taxonomy":"es_basement","embeddable":true,"href":"https:\/\/arriendo.com\/co\/wp-json\/wp\/v2\/es_basements?post=244375"},{"taxonomy":"es_floor_covering","embeddable":true,"href":"https:\/\/arriendo.com\/co\/wp-json\/wp\/v2\/es_floor_coverings?post=244375"},{"taxonomy":"es_feature","embeddable":true,"href":"https:\/\/arriendo.com\/co\/wp-json\/wp\/v2\/es_features?post=244375"},{"taxonomy":"es_amenity","embeddable":true,"href":"https:\/\/arriendo.com\/co\/wp-json\/wp\/v2\/es_amenities?post=244375"},{"taxonomy":"es_neighborhood","embeddable":true,"href":"https:\/\/arriendo.com\/co\/wp-json\/wp\/v2\/es_neighborhoods?post=244375"},{"taxonomy":"es_tag","embeddable":true,"href":"https:\/\/arriendo.com\/co\/wp-json\/wp\/v2\/es_tags?post=244375"}],"curies":[{"name":"wp","href":"https:\/\/api.w.org\/{rel}","templated":true}]}}

<p>¡Bienvenido a la comodidad  en el corazón de Barranquilla! Presentamos el exclusivo Apartaestudio tipo loft en el Edificio Prato 52,  en el prestigioso sector de Alto Prado. Edificio  de 16 pisos y 73 apartamentos.</p>
<p>Este encantador apartaestudio, situado en un segundo piso, ofrece una experiencia única de comodidad y tranquilidad. Con una distribución para sala comedor, balcón, habitación, baño, cocina abierta y zona de labores. La iluminación  y ventilación natural  que le dan sus  tres amplios ventanales  realzan la belleza del interior. Un parqueadero.</p>
<p>Las comodidades se complementan con las zonas comunes. En el primer piso lobby, gimnasio, un salón social perfecto para eventos, un parque infantil para los más pequeños y  parqueadero de visitantes.<br />
 En el piso 16 te espera una piscina para adultos y un relajante jacuzzi. Sumérgete en el lujo mientras disfrutas de una espectacular vista panorámica de la ciudad. vigilancia 24 horas, el edificio cuenta con planta eléctrica con cobertura total.</p>
<p>Vive rodeado de las más imponentes edificaciones de Barranquilla, a pocos pasos de los mejores centros comerciales, supermercados, boutiques, colegios, restaurantes y bares. No pierdas la oportunidad de hacer de Prato 52 tu nuevo hogar.</p>
<p>¡Contáctanos ahora y haz realidad tu sueño de vivir con estilo en Alto Prado!</p>

¡Bienvenido a la comodidad en el corazón de Barranquilla! Presentamos...
