{"id":244017,"date":"2026-01-29T10:16:47","date_gmt":"2026-01-29T15:16:47","guid":{"rendered":"https:\/\/arriendo.com\/co\/%es_type%\/%address_city%\/%neighborhood%\/medellin-centro-local-en-arriendo-fa0aeb\/"},"modified":"2026-01-29T10:16:47","modified_gmt":"2026-01-29T15:16:47","slug":"AR-244017","status":"publish","type":"properties","link":"https:\/\/arriendo.com\/co\/locales\/medellin\/centro\/AR-244017\/","title":{"rendered":"Local en  Arriendo en Centro, Medell\u00edn"},"content":{"rendered":"<p>?\ufe0fExcelente oportunidad para tu negocio! local en el centro de Medell\u00edn?\ufe0f<\/p>\n<p>?Entorno:<\/p>\n<p> Ubicado cerca de la Iglesia Nuestra Se\u00f1ora de la Candelaria y edificio  Colteger .<br \/>\n A media cuadra de la estaci\u00f3n parque berrio y todo el sistema de transporte p\u00fablico.<br \/>\n Salida hacia parque berrio y hacia Jun\u00edn<\/p>\n<p>?Caracter\u00edsticas:<\/p>\n<p> \u00c1rea: 20 mts aprox<br \/>\n Piso: 2<br \/>\n Estado: Usado<\/p>\n<p>Descripci\u00f3n barrio<\/p>\n<p> ?Barrio la Candelaria parte central de Medell\u00edn<br \/>\n ?Ba\u00f1os comunes<br \/>\n \u26f2Recreaci\u00f3n:  Parques y locales comerciales cercanos.<\/p>\n<p>Este local se encuentra en un sector de gran afluencia de p\u00fablico versat\u00edl donde podr\u00e1s promocionar tus productos, ideal para almacen, productos de servicios, oficinas, efecty, entre otros<\/p>\n","protected":false},"excerpt":{"rendered":"?\ufe0fExcelente oportunidad para tu negocio! local en el centro de...","protected":false},"author":4102,"featured_media":244020,"template":"","es_locations":[79,505,305],"es_categories":[124],"es_types":[117],"es_rent_periods":[],"es_labels":[],"es_statuses":[],"es_parkings":[],"es_roofs":[],"es_exterior_materials":[],"es_basements":[],"es_floor_coverings":[],"es_features":[2292,2233,2370,2150,2136,2137],"es_amenities":[2294,2248,2371,2161,2143,2144],"es_neighborhoods":[],"es_tags":[],"class_list":["post-244017","properties","type-properties","status-publish","has-post-thumbnail","hentry","es_location-antioquia","es_location-centro","es_location-medellin","es_category-arriendo","es_type-locales","es_feature-acceso-pavimentado","es_feature-cerca-de-zona-urbana","es_feature-oficina-de-negocios","es_feature-supermercados-c-comerciales","es_feature-trans-publico-cercano","es_feature-zona-comercial","es_amenity-acceso-pavimentado","es_amenity-cerca-de-zona-urbana","es_amenity-oficina-de-negocios","es_amenity-supermercados-c-comerciales","es_amenity-trans-publico-cercano","es_amenity-zona-comercial","es-post-entity"],"_links":{"self":[{"href":"https:\/\/arriendo.com\/co\/wp-json\/wp\/v2\/properties\/244017","targetHints":{"allow":["GET"]}}],"collection":[{"href":"https:\/\/arriendo.com\/co\/wp-json\/wp\/v2\/properties"}],"about":[{"href":"https:\/\/arriendo.com\/co\/wp-json\/wp\/v2\/types\/properties"}],"author":[{"embeddable":true,"href":"https:\/\/arriendo.com\/co\/wp-json\/wp\/v2\/users\/4102"}],"version-history":[{"count":0,"href":"https:\/\/arriendo.com\/co\/wp-json\/wp\/v2\/properties\/244017\/revisions"}],"wp:featuredmedia":[{"embeddable":true,"href":"https:\/\/arriendo.com\/co\/wp-json\/wp\/v2\/media\/244020"}],"wp:attachment":[{"href":"https:\/\/arriendo.com\/co\/wp-json\/wp\/v2\/media?parent=244017"}],"wp:term":[{"taxonomy":"es_location","embeddable":true,"href":"https:\/\/arriendo.com\/co\/wp-json\/wp\/v2\/es_locations?post=244017"},{"taxonomy":"es_category","embeddable":true,"href":"https:\/\/arriendo.com\/co\/wp-json\/wp\/v2\/es_categories?post=244017"},{"taxonomy":"es_type","embeddable":true,"href":"https:\/\/arriendo.com\/co\/wp-json\/wp\/v2\/es_types?post=244017"},{"taxonomy":"es_rent_period","embeddable":true,"href":"https:\/\/arriendo.com\/co\/wp-json\/wp\/v2\/es_rent_periods?post=244017"},{"taxonomy":"es_label","embeddable":true,"href":"https:\/\/arriendo.com\/co\/wp-json\/wp\/v2\/es_labels?post=244017"},{"taxonomy":"es_status","embeddable":true,"href":"https:\/\/arriendo.com\/co\/wp-json\/wp\/v2\/es_statuses?post=244017"},{"taxonomy":"es_parking","embeddable":true,"href":"https:\/\/arriendo.com\/co\/wp-json\/wp\/v2\/es_parkings?post=244017"},{"taxonomy":"es_roof","embeddable":true,"href":"https:\/\/arriendo.com\/co\/wp-json\/wp\/v2\/es_roofs?post=244017"},{"taxonomy":"es_exterior_material","embeddable":true,"href":"https:\/\/arriendo.com\/co\/wp-json\/wp\/v2\/es_exterior_materials?post=244017"},{"taxonomy":"es_basement","embeddable":true,"href":"https:\/\/arriendo.com\/co\/wp-json\/wp\/v2\/es_basements?post=244017"},{"taxonomy":"es_floor_covering","embeddable":true,"href":"https:\/\/arriendo.com\/co\/wp-json\/wp\/v2\/es_floor_coverings?post=244017"},{"taxonomy":"es_feature","embeddable":true,"href":"https:\/\/arriendo.com\/co\/wp-json\/wp\/v2\/es_features?post=244017"},{"taxonomy":"es_amenity","embeddable":true,"href":"https:\/\/arriendo.com\/co\/wp-json\/wp\/v2\/es_amenities?post=244017"},{"taxonomy":"es_neighborhood","embeddable":true,"href":"https:\/\/arriendo.com\/co\/wp-json\/wp\/v2\/es_neighborhoods?post=244017"},{"taxonomy":"es_tag","embeddable":true,"href":"https:\/\/arriendo.com\/co\/wp-json\/wp\/v2\/es_tags?post=244017"}],"curies":[{"name":"wp","href":"https:\/\/api.w.org\/{rel}","templated":true}]}}

Local en  Arriendo en Centro, Medellín

<p>?️Excelente oportunidad para tu negocio! local en el centro de Medellín?️</p>
<p>?Entorno:</p>
<p> Ubicado cerca de la Iglesia Nuestra Señora de la Candelaria y edificio  Colteger .<br />
 A media cuadra de la estación parque berrio y todo el sistema de transporte público.<br />
 Salida hacia parque berrio y hacia Junín</p>
<p>?Características:</p>
<p> Área: 20 mts aprox<br />
 Piso: 2<br />
 Estado: Usado</p>
<p>Descripción barrio</p>
<p> ?Barrio la Candelaria parte central de Medellín<br />
 ?Baños comunes<br />
 ⛲Recreación:  Parques y locales comerciales cercanos.</p>
<p>Este local se encuentra en un sector de gran afluencia de público versatíl donde podrás promocionar tus productos, ideal para almacen, productos de servicios, oficinas, efecty, entre otros</p>
