{"id":243981,"date":"2026-01-29T10:12:47","date_gmt":"2026-01-29T15:12:47","guid":{"rendered":"https:\/\/arriendo.com\/co\/%es_type%\/%address_city%\/%neighborhood%\/rionegro-llano-grande-finca-en-arriendo-en-f8ab90\/"},"modified":"2026-01-29T10:12:47","modified_gmt":"2026-01-29T15:12:47","slug":"AR-243981","status":"publish","type":"properties","link":"https:\/\/arriendo.com\/co\/fincas\/rionegro\/llano-grande\/AR-243981\/","title":{"rendered":"Finca en Arriendo en Llano Grande, Rionegro"},"content":{"rendered":"<p>? Dise\u00f1o Moderno y Lujoso: La arquitectura es actual, con l\u00edneas limpias, amplios ventanales de piso a techo para maximizar la entrada de luz natural y la vista panor\u00e1mica a las monta\u00f1as y zonas verdes.<\/p>\n<p> ? Ubicaci\u00f3n Exclusiva: Se encuentra en una vereda tranquila y de alta valorizaci\u00f3n como Cabeceras, ofreciendo privacidad, pero con la cercan\u00eda a la &#8220;milla de oro&#8221; de Llanogrande, centros comerciales, colegios de prestigio y la v\u00eda principal hacia el Aeropuerto JMC.<\/p>\n<p> \u2728 Acabados de Alta Gama: Cuenta con materiales y acabados premium, como cocinas abiertas y equipadas con electrodom\u00e9sticos de \u00faltima generaci\u00f3n, pisos en materiales nobles, y dom\u00f3tica.<\/p>\n<p> ?\ufe0f Espacios Abiertos y Naturaleza: Los lotes suelen ser extensos, planos o con pendiente suave, ideales para disfrutar de amplios jardines, \u00e1rboles frutales, y quiz\u00e1s incluso una peque\u00f1a piscina, jacuzzi o terraza mirador.<\/p>\n<p> ?\ufe0f Comodidades Modernas: Dispone de todas las comodidades de una vivienda nueva, incluyendo amplias zonas sociales, m\u00faltiples habitaciones con ba\u00f1o privado, cuarto de servicio, y parqueaderos cubiertos.<\/p>\n","protected":false},"excerpt":{"rendered":"? Dise\u00f1o Moderno y Lujoso: La arquitectura es actual, con...","protected":false},"author":4102,"featured_media":243984,"template":"","es_locations":[79,1566,502],"es_categories":[124],"es_types":[118],"es_rent_periods":[],"es_labels":[],"es_statuses":[],"es_parkings":[],"es_roofs":[],"es_exterior_materials":[],"es_basements":[],"es_floor_coverings":[],"es_features":[2292,2229,2212,2164,2232,2166,2146,2203,2544,144,2306,2204],"es_amenities":[2294,2261,2217,2187,2246,2189,2155,2208,2547,2289,2308,2209],"es_neighborhoods":[],"es_tags":[],"class_list":["post-243981","properties","type-properties","status-publish","has-post-thumbnail","hentry","es_location-antioquia","es_location-llano-grande","es_location-rionegro","es_category-arriendo","es_type-fincas","es_feature-acceso-pavimentado","es_feature-arboles-frutales","es_feature-bano-auxiliar","es_feature-bano-independiente","es_feature-bosque-nativo","es_feature-closet","es_feature-cocina-integral","es_feature-jardines-exteriores","es_feature-rio-quebrada-cercanoa","es_feature-vista-panoramica","es_feature-zona-campestre","es_feature-zonas-verdes","es_amenity-acceso-pavimentado","es_amenity-arboles-frutales","es_amenity-bano-auxiliar","es_amenity-bano-independiente","es_amenity-bosque-nativo","es_amenity-closet","es_amenity-cocina-integral","es_amenity-jardines-exteriores","es_amenity-rio-quebrada-cercanoa","es_amenity-vista-panoramica","es_amenity-zona-campestre","es_amenity-zonas-verdes","es-post-entity"],"_links":{"self":[{"href":"https:\/\/arriendo.com\/co\/wp-json\/wp\/v2\/properties\/243981","targetHints":{"allow":["GET"]}}],"collection":[{"href":"https:\/\/arriendo.com\/co\/wp-json\/wp\/v2\/properties"}],"about":[{"href":"https:\/\/arriendo.com\/co\/wp-json\/wp\/v2\/types\/properties"}],"author":[{"embeddable":true,"href":"https:\/\/arriendo.com\/co\/wp-json\/wp\/v2\/users\/4102"}],"version-history":[{"count":0,"href":"https:\/\/arriendo.com\/co\/wp-json\/wp\/v2\/properties\/243981\/revisions"}],"wp:featuredmedia":[{"embeddable":true,"href":"https:\/\/arriendo.com\/co\/wp-json\/wp\/v2\/media\/243984"}],"wp:attachment":[{"href":"https:\/\/arriendo.com\/co\/wp-json\/wp\/v2\/media?parent=243981"}],"wp:term":[{"taxonomy":"es_location","embeddable":true,"href":"https:\/\/arriendo.com\/co\/wp-json\/wp\/v2\/es_locations?post=243981"},{"taxonomy":"es_category","embeddable":true,"href":"https:\/\/arriendo.com\/co\/wp-json\/wp\/v2\/es_categories?post=243981"},{"taxonomy":"es_type","embeddable":true,"href":"https:\/\/arriendo.com\/co\/wp-json\/wp\/v2\/es_types?post=243981"},{"taxonomy":"es_rent_period","embeddable":true,"href":"https:\/\/arriendo.com\/co\/wp-json\/wp\/v2\/es_rent_periods?post=243981"},{"taxonomy":"es_label","embeddable":true,"href":"https:\/\/arriendo.com\/co\/wp-json\/wp\/v2\/es_labels?post=243981"},{"taxonomy":"es_status","embeddable":true,"href":"https:\/\/arriendo.com\/co\/wp-json\/wp\/v2\/es_statuses?post=243981"},{"taxonomy":"es_parking","embeddable":true,"href":"https:\/\/arriendo.com\/co\/wp-json\/wp\/v2\/es_parkings?post=243981"},{"taxonomy":"es_roof","embeddable":true,"href":"https:\/\/arriendo.com\/co\/wp-json\/wp\/v2\/es_roofs?post=243981"},{"taxonomy":"es_exterior_material","embeddable":true,"href":"https:\/\/arriendo.com\/co\/wp-json\/wp\/v2\/es_exterior_materials?post=243981"},{"taxonomy":"es_basement","embeddable":true,"href":"https:\/\/arriendo.com\/co\/wp-json\/wp\/v2\/es_basements?post=243981"},{"taxonomy":"es_floor_covering","embeddable":true,"href":"https:\/\/arriendo.com\/co\/wp-json\/wp\/v2\/es_floor_coverings?post=243981"},{"taxonomy":"es_feature","embeddable":true,"href":"https:\/\/arriendo.com\/co\/wp-json\/wp\/v2\/es_features?post=243981"},{"taxonomy":"es_amenity","embeddable":true,"href":"https:\/\/arriendo.com\/co\/wp-json\/wp\/v2\/es_amenities?post=243981"},{"taxonomy":"es_neighborhood","embeddable":true,"href":"https:\/\/arriendo.com\/co\/wp-json\/wp\/v2\/es_neighborhoods?post=243981"},{"taxonomy":"es_tag","embeddable":true,"href":"https:\/\/arriendo.com\/co\/wp-json\/wp\/v2\/es_tags?post=243981"}],"curies":[{"name":"wp","href":"https:\/\/api.w.org\/{rel}","templated":true}]}}

<p>? Diseño Moderno y Lujoso: La arquitectura es actual, con líneas limpias, amplios ventanales de piso a techo para maximizar la entrada de luz natural y la vista panorámica a las montañas y zonas verdes.</p>
<p> ? Ubicación Exclusiva: Se encuentra en una vereda tranquila y de alta valorización como Cabeceras, ofreciendo privacidad, pero con la cercanía a la &#8220;milla de oro&#8221; de Llanogrande, centros comerciales, colegios de prestigio y la vía principal hacia el Aeropuerto JMC.</p>
<p> ✨ Acabados de Alta Gama: Cuenta con materiales y acabados premium, como cocinas abiertas y equipadas con electrodomésticos de última generación, pisos en materiales nobles, y domótica.</p>
<p> ?️ Espacios Abiertos y Naturaleza: Los lotes suelen ser extensos, planos o con pendiente suave, ideales para disfrutar de amplios jardines, árboles frutales, y quizás incluso una pequeña piscina, jacuzzi o terraza mirador.</p>
<p> ?️ Comodidades Modernas: Dispone de todas las comodidades de una vivienda nueva, incluyendo amplias zonas sociales, múltiples habitaciones con baño privado, cuarto de servicio, y parqueaderos cubiertos.</p>

? Diseño Moderno y Lujoso: La arquitectura es actual, con...
