{"id":243410,"date":"2026-01-29T09:16:29","date_gmt":"2026-01-29T14:16:29","guid":{"rendered":"https:\/\/arriendo.com\/co\/%es_type%\/%address_city%\/%neighborhood%\/bogota-bella-suiza-apartamento-en-arriendo-en-dac7d8\/"},"modified":"2026-01-29T09:16:29","modified_gmt":"2026-01-29T14:16:29","slug":"AR-243410","status":"publish","type":"properties","link":"https:\/\/arriendo.com\/co\/apartamentos\/bogota\/bella-suiza\/AR-243410\/","title":{"rendered":"Apartamento en Arriendo en Bella suiza, Bogot\u00e1"},"content":{"rendered":"<p>VIVA EN UNA ZONA TRANQUILA, SEGURA, CON AMPLIAS V\u00cdAS DE ACCESO, CERCA A CENTROS COMERCIALES COMO UNICENTRO, HACIENDA SANTA B\u00c1RBARA Y PALATINO, CL\u00cdNICA EL BOSQUE, CL\u00cdNICA SANTA FE Y DEM\u00c1S SITIOS DE INTER\u00c9S, TRANSPORTE P\u00daBLICO AMPLIO, DISFRUTE DE LA NATURALEZA Y EL AIRE PURO DE LOS CERROS ORIENTALES Y DE UNA VISTA MARAVILLOSA, ALTA VALORIZACI\u00d3N. GARAJE CUBIERTO.<\/p>\n","protected":false},"excerpt":{"rendered":"VIVA EN UNA ZONA TRANQUILA, SEGURA, CON AMPLIAS V\u00cdAS DE...","protected":false},"author":8363,"featured_media":243413,"template":"","es_locations":[197,110,77],"es_categories":[124],"es_types":[114],"es_rent_periods":[],"es_labels":[],"es_statuses":[],"es_parkings":[],"es_roofs":[],"es_exterior_materials":[],"es_basements":[],"es_floor_coverings":[],"es_features":[131,2212,2131,133,2146,2148,151,2149,2216,2132,2133,2181,2182,2150,2136,144,2376,2151,2152],"es_amenities":[152,2217,2139,2154,2155,2157,2270,2159,156,2140,158,159,2161,2143,161,2289,2377,162,2162],"es_neighborhoods":[],"es_tags":[],"class_list":["post-243410","properties","type-properties","status-publish","has-post-thumbnail","hentry","es_location-bella-suiza","es_location-bogota","es_location-bogota-d-c","es_category-arriendo","es_type-apartamentos","es_feature-ascensor","es_feature-bano-auxiliar","es_feature-circuito-cerrado-de-tv","es_feature-citofono","es_feature-cocina-integral","es_feature-colegios-universidades","es_feature-deposito-bodega","es_feature-garajes","es_feature-parqueadero-visitantes","es_feature-parques-cercanos","es_feature-porteria-recepcion","es_feature-porteria-vigilancia","es_feature-salon-comunal","es_feature-supermercados-c-comerciales","es_feature-trans-publico-cercano","es_feature-vista-panoramica","es_feature-vivienda-multifamiliar","es_feature-zona-de-lavanderia","es_feature-zona-residencial","es_amenity-ascensor-privado","es_amenity-bano-auxiliar","es_amenity-circuito-cerrado-de-tv","es_amenity-citofono","es_amenity-cocina-integral","es_amenity-colegios-universidades","es_amenity-deposito-bodega","es_amenity-garajes","es_amenity-parqueadero-visitantes","es_amenity-parques-cercanos","es_amenity-porteria-recepcion","es_amenity-salon-comunal","es_amenity-supermercados-c-comerciales","es_amenity-trans-publico-cercano","es_amenity-vigilancia-24-7","es_amenity-vista-panoramica","es_amenity-vivienda-multifamiliar","es_amenity-zona-de-lavanderia","es_amenity-zona-residencial","es-post-entity"],"_links":{"self":[{"href":"https:\/\/arriendo.com\/co\/wp-json\/wp\/v2\/properties\/243410","targetHints":{"allow":["GET"]}}],"collection":[{"href":"https:\/\/arriendo.com\/co\/wp-json\/wp\/v2\/properties"}],"about":[{"href":"https:\/\/arriendo.com\/co\/wp-json\/wp\/v2\/types\/properties"}],"author":[{"embeddable":true,"href":"https:\/\/arriendo.com\/co\/wp-json\/wp\/v2\/users\/8363"}],"version-history":[{"count":0,"href":"https:\/\/arriendo.com\/co\/wp-json\/wp\/v2\/properties\/243410\/revisions"}],"wp:featuredmedia":[{"embeddable":true,"href":"https:\/\/arriendo.com\/co\/wp-json\/wp\/v2\/media\/243413"}],"wp:attachment":[{"href":"https:\/\/arriendo.com\/co\/wp-json\/wp\/v2\/media?parent=243410"}],"wp:term":[{"taxonomy":"es_location","embeddable":true,"href":"https:\/\/arriendo.com\/co\/wp-json\/wp\/v2\/es_locations?post=243410"},{"taxonomy":"es_category","embeddable":true,"href":"https:\/\/arriendo.com\/co\/wp-json\/wp\/v2\/es_categories?post=243410"},{"taxonomy":"es_type","embeddable":true,"href":"https:\/\/arriendo.com\/co\/wp-json\/wp\/v2\/es_types?post=243410"},{"taxonomy":"es_rent_period","embeddable":true,"href":"https:\/\/arriendo.com\/co\/wp-json\/wp\/v2\/es_rent_periods?post=243410"},{"taxonomy":"es_label","embeddable":true,"href":"https:\/\/arriendo.com\/co\/wp-json\/wp\/v2\/es_labels?post=243410"},{"taxonomy":"es_status","embeddable":true,"href":"https:\/\/arriendo.com\/co\/wp-json\/wp\/v2\/es_statuses?post=243410"},{"taxonomy":"es_parking","embeddable":true,"href":"https:\/\/arriendo.com\/co\/wp-json\/wp\/v2\/es_parkings?post=243410"},{"taxonomy":"es_roof","embeddable":true,"href":"https:\/\/arriendo.com\/co\/wp-json\/wp\/v2\/es_roofs?post=243410"},{"taxonomy":"es_exterior_material","embeddable":true,"href":"https:\/\/arriendo.com\/co\/wp-json\/wp\/v2\/es_exterior_materials?post=243410"},{"taxonomy":"es_basement","embeddable":true,"href":"https:\/\/arriendo.com\/co\/wp-json\/wp\/v2\/es_basements?post=243410"},{"taxonomy":"es_floor_covering","embeddable":true,"href":"https:\/\/arriendo.com\/co\/wp-json\/wp\/v2\/es_floor_coverings?post=243410"},{"taxonomy":"es_feature","embeddable":true,"href":"https:\/\/arriendo.com\/co\/wp-json\/wp\/v2\/es_features?post=243410"},{"taxonomy":"es_amenity","embeddable":true,"href":"https:\/\/arriendo.com\/co\/wp-json\/wp\/v2\/es_amenities?post=243410"},{"taxonomy":"es_neighborhood","embeddable":true,"href":"https:\/\/arriendo.com\/co\/wp-json\/wp\/v2\/es_neighborhoods?post=243410"},{"taxonomy":"es_tag","embeddable":true,"href":"https:\/\/arriendo.com\/co\/wp-json\/wp\/v2\/es_tags?post=243410"}],"curies":[{"name":"wp","href":"https:\/\/api.w.org\/{rel}","templated":true}]}}

Apartamento en Arriendo en Bella suiza, Bogotá

<p>VIVA EN UNA ZONA TRANQUILA, SEGURA, CON AMPLIAS VÍAS DE ACCESO, CERCA A CENTROS COMERCIALES COMO UNICENTRO, HACIENDA SANTA BÁRBARA Y PALATINO, CLÍNICA EL BOSQUE, CLÍNICA SANTA FE Y DEMÁS SITIOS DE INTERÉS, TRANSPORTE PÚBLICO AMPLIO, DISFRUTE DE LA NATURALEZA Y EL AIRE PURO DE LOS CERROS ORIENTALES Y DE UNA VISTA MARAVILLOSA, ALTA VALORIZACIÓN. GARAJE CUBIERTO.</p>

VIVA EN UNA ZONA TRANQUILA, SEGURA, CON AMPLIAS VÍAS DE...
