{"id":242931,"date":"2026-01-29T08:30:37","date_gmt":"2026-01-29T13:30:37","guid":{"rendered":"https:\/\/arriendo.com\/co\/%es_type%\/%address_city%\/%neighborhood%\/bogota-corredor-ferreo-del-sur-apartamento-en-arriendo-en-d83c59\/"},"modified":"2026-01-29T08:30:37","modified_gmt":"2026-01-29T13:30:37","slug":"AR-242931","status":"publish","type":"properties","link":"https:\/\/arriendo.com\/co\/apartamentos\/bogota\/corredor-ferreo-del-sur\/AR-242931\/","title":{"rendered":"Apartamento en Arriendo en Corredor ferreo del sur, Bogot\u00e1"},"content":{"rendered":"<p>?\u2728 \u00a1Tu nuevo hogar te est\u00e1 esperando en Puente Aranda, Bogot\u00e1! \u2728?<\/p>\n<p>Descubre este espectacular apartamento de 52m\u00b2 para estrenar, perfecto para disfrutar de la vida en la ciudad. Con 2 habitaciones y 2 ba\u00f1os, este espacio es ideal para ti y tu familia.<\/p>\n<p>?\u200d? Cocina americana: \u00a1Cocina y comparte momentos inolvidables en un ambiente moderno y funcional!? Vista 360: Admira la ciudad desde las alturas y d\u00e9jate inspirar por el paisaje urbano.<\/p>\n<p>Todo esto por solo $1.700.000 al mes, \u00a1con administraci\u00f3n incluida! ?<\/p>\n<p>No dejes pasar esta oportunidad \u00fanica y haz de este lugar tu nuevo hogar. ?\u2764\ufe0f<\/p>\n<p>? Cont\u00e1ctanos para m\u00e1s informaci\u00f3n y agenda tu visita. \u00a1Tu nuevo comienzo est\u00e1 a un paso! ?\u2728<\/p>\n<p>#ApartamentoEnArriendo #PuenteAranda #Bogot\u00e1 #Estrenar #CocinaAmericana #Vista360 #TuNuevoHogar<\/p>\n","protected":false},"excerpt":{"rendered":"?\u2728 \u00a1Tu nuevo hogar te est\u00e1 esperando en Puente Aranda,...","protected":false},"author":8187,"featured_media":242934,"template":"","es_locations":[110,77,2855],"es_categories":[124],"es_types":[114],"es_rent_periods":[],"es_labels":[],"es_statuses":[],"es_parkings":[],"es_roofs":[],"es_exterior_materials":[],"es_basements":[],"es_floor_coverings":[],"es_features":[131,2212,2263,2145,2211,2131,133,2146,2147,2148,2196,2179,2282,145,2216,2365,2133,2181,2182,2183,2135,2150,143,2136,2376,2137,2151,2300,2185,2152],"es_amenities":[152,2217,2269,2153,2210,2139,2154,2155,2156,2157,2197,154,2287,2160,156,2366,158,159,2170,2142,2161,2290,2143,161,2377,2144,162,2301,2173,2162],"es_neighborhoods":[],"es_tags":[],"class_list":["post-242931","properties","type-properties","status-publish","has-post-thumbnail","hentry","es_location-bogota","es_location-bogota-d-c","es_location-corredor-ferreo-del-sur","es_category-arriendo","es_type-apartamentos","es_feature-ascensor","es_feature-bano-auxiliar","es_feature-barra-estilo-americano","es_feature-calentador","es_feature-canchas-deportivas","es_feature-circuito-cerrado-de-tv","es_feature-citofono","es_feature-cocina-integral","es_feature-cocina-tipo-americano","es_feature-colegios-universidades","es_feature-en-conjunto-cerrado","es_feature-gimnasio","es_feature-hall-de-alcobas","es_feature-instalacion-de-gas","es_feature-parqueadero-visitantes","es_feature-planta-electrica","es_feature-porteria-recepcion","es_feature-porteria-vigilancia","es_feature-salon-comunal","es_feature-salon-de-juegos","es_feature-sobre-via-principal","es_feature-supermercados-c-comerciales","es_feature-terraza","es_feature-trans-publico-cercano","es_feature-vivienda-multifamiliar","es_feature-zona-comercial","es_feature-zona-de-lavanderia","es_feature-zona-industrial","es_feature-zona-infantil","es_feature-zona-residencial","es_amenity-ascensor-privado","es_amenity-bano-auxiliar","es_amenity-barra-estilo-americano","es_amenity-calentador","es_amenity-canchas-deportivas","es_amenity-circuito-cerrado-de-tv","es_amenity-citofono","es_amenity-cocina-integral","es_amenity-cocina-tipo-americano","es_amenity-colegios-universidades","es_amenity-en-conjunto-cerrado","es_amenity-gimnasio","es_amenity-hall-de-alcobas","es_amenity-instalacion-de-gas","es_amenity-parqueadero-visitantes","es_amenity-planta-electrica","es_amenity-porteria-recepcion","es_amenity-salon-comunal","es_amenity-salon-de-juegos","es_amenity-sobre-via-principal","es_amenity-supermercados-c-comerciales","es_amenity-terraza","es_amenity-trans-publico-cercano","es_amenity-vigilancia-24-7","es_amenity-vivienda-multifamiliar","es_amenity-zona-comercial","es_amenity-zona-de-lavanderia","es_amenity-zona-industrial","es_amenity-zona-infantil","es_amenity-zona-residencial","es-post-entity"],"_links":{"self":[{"href":"https:\/\/arriendo.com\/co\/wp-json\/wp\/v2\/properties\/242931","targetHints":{"allow":["GET"]}}],"collection":[{"href":"https:\/\/arriendo.com\/co\/wp-json\/wp\/v2\/properties"}],"about":[{"href":"https:\/\/arriendo.com\/co\/wp-json\/wp\/v2\/types\/properties"}],"author":[{"embeddable":true,"href":"https:\/\/arriendo.com\/co\/wp-json\/wp\/v2\/users\/8187"}],"version-history":[{"count":0,"href":"https:\/\/arriendo.com\/co\/wp-json\/wp\/v2\/properties\/242931\/revisions"}],"wp:featuredmedia":[{"embeddable":true,"href":"https:\/\/arriendo.com\/co\/wp-json\/wp\/v2\/media\/242934"}],"wp:attachment":[{"href":"https:\/\/arriendo.com\/co\/wp-json\/wp\/v2\/media?parent=242931"}],"wp:term":[{"taxonomy":"es_location","embeddable":true,"href":"https:\/\/arriendo.com\/co\/wp-json\/wp\/v2\/es_locations?post=242931"},{"taxonomy":"es_category","embeddable":true,"href":"https:\/\/arriendo.com\/co\/wp-json\/wp\/v2\/es_categories?post=242931"},{"taxonomy":"es_type","embeddable":true,"href":"https:\/\/arriendo.com\/co\/wp-json\/wp\/v2\/es_types?post=242931"},{"taxonomy":"es_rent_period","embeddable":true,"href":"https:\/\/arriendo.com\/co\/wp-json\/wp\/v2\/es_rent_periods?post=242931"},{"taxonomy":"es_label","embeddable":true,"href":"https:\/\/arriendo.com\/co\/wp-json\/wp\/v2\/es_labels?post=242931"},{"taxonomy":"es_status","embeddable":true,"href":"https:\/\/arriendo.com\/co\/wp-json\/wp\/v2\/es_statuses?post=242931"},{"taxonomy":"es_parking","embeddable":true,"href":"https:\/\/arriendo.com\/co\/wp-json\/wp\/v2\/es_parkings?post=242931"},{"taxonomy":"es_roof","embeddable":true,"href":"https:\/\/arriendo.com\/co\/wp-json\/wp\/v2\/es_roofs?post=242931"},{"taxonomy":"es_exterior_material","embeddable":true,"href":"https:\/\/arriendo.com\/co\/wp-json\/wp\/v2\/es_exterior_materials?post=242931"},{"taxonomy":"es_basement","embeddable":true,"href":"https:\/\/arriendo.com\/co\/wp-json\/wp\/v2\/es_basements?post=242931"},{"taxonomy":"es_floor_covering","embeddable":true,"href":"https:\/\/arriendo.com\/co\/wp-json\/wp\/v2\/es_floor_coverings?post=242931"},{"taxonomy":"es_feature","embeddable":true,"href":"https:\/\/arriendo.com\/co\/wp-json\/wp\/v2\/es_features?post=242931"},{"taxonomy":"es_amenity","embeddable":true,"href":"https:\/\/arriendo.com\/co\/wp-json\/wp\/v2\/es_amenities?post=242931"},{"taxonomy":"es_neighborhood","embeddable":true,"href":"https:\/\/arriendo.com\/co\/wp-json\/wp\/v2\/es_neighborhoods?post=242931"},{"taxonomy":"es_tag","embeddable":true,"href":"https:\/\/arriendo.com\/co\/wp-json\/wp\/v2\/es_tags?post=242931"}],"curies":[{"name":"wp","href":"https:\/\/api.w.org\/{rel}","templated":true}]}}

Apartamento en Arriendo en Corredor ferreo del sur, Bogotá

<p>?✨ ¡Tu nuevo hogar te está esperando en Puente Aranda, Bogotá! ✨?</p>
<p>Descubre este espectacular apartamento de 52m² para estrenar, perfecto para disfrutar de la vida en la ciudad. Con 2 habitaciones y 2 baños, este espacio es ideal para ti y tu familia.</p>
<p>?‍? Cocina americana: ¡Cocina y comparte momentos inolvidables en un ambiente moderno y funcional!? Vista 360: Admira la ciudad desde las alturas y déjate inspirar por el paisaje urbano.</p>
<p>Todo esto por solo $1.700.000 al mes, ¡con administración incluida! ?</p>
<p>No dejes pasar esta oportunidad única y haz de este lugar tu nuevo hogar. ?❤️</p>
<p>? Contáctanos para más información y agenda tu visita. ¡Tu nuevo comienzo está a un paso! ?✨</p>
<p>#ApartamentoEnArriendo #PuenteAranda #Bogotá #Estrenar #CocinaAmericana #Vista360 #TuNuevoHogar</p>

?✨ ¡Tu nuevo hogar te está esperando en Puente Aranda,...
