{"id":242548,"date":"2026-01-29T07:55:39","date_gmt":"2026-01-29T12:55:39","guid":{"rendered":"https:\/\/arriendo.com\/co\/%es_type%\/%address_city%\/%neighborhood%\/bogota-alamos-apartaestudio-en-arriendo-en-be6bae\/"},"modified":"2026-01-29T07:55:40","modified_gmt":"2026-01-29T12:55:40","slug":"AR-242548","status":"publish","type":"properties","link":"https:\/\/arriendo.com\/co\/apartaestudios\/bogota\/alamos\/AR-242548\/","title":{"rendered":"Apartaestudio en Arriendo en Alamos, Bogot\u00e1"},"content":{"rendered":"<p>Arrienda este moderno apartaestudio con una c\u00f3moda alcoba y ba\u00f1o privado, sala-comedor integrado y cocina integral a gas, adem\u00e1s de patio de ropa. Ubicado cerca del centro comercial Diver Plaza, la avenida Ciudad de Cali y a minutos del aeropuerto, es la opci\u00f3n perfecta para quienes buscan practicidad, comodidad y excelente ubicaci\u00f3n. \u00a1No pierdas esta oportunidad!<\/p>\n","protected":false},"excerpt":{"rendered":"Arrienda este moderno apartaestudio con una c\u00f3moda alcoba y ba\u00f1o...","protected":false},"author":5910,"featured_media":242551,"template":"","es_locations":[804,110,77],"es_categories":[124],"es_types":[299],"es_rent_periods":[],"es_labels":[],"es_statuses":[],"es_parkings":[],"es_roofs":[],"es_exterior_materials":[],"es_basements":[],"es_floor_coverings":[],"es_features":[],"es_amenities":[],"es_neighborhoods":[],"es_tags":[],"class_list":["post-242548","properties","type-properties","status-publish","has-post-thumbnail","hentry","es_location-alamos","es_location-bogota","es_location-bogota-d-c","es_category-arriendo","es_type-apartaestudios","es-post-entity"],"_links":{"self":[{"href":"https:\/\/arriendo.com\/co\/wp-json\/wp\/v2\/properties\/242548","targetHints":{"allow":["GET"]}}],"collection":[{"href":"https:\/\/arriendo.com\/co\/wp-json\/wp\/v2\/properties"}],"about":[{"href":"https:\/\/arriendo.com\/co\/wp-json\/wp\/v2\/types\/properties"}],"author":[{"embeddable":true,"href":"https:\/\/arriendo.com\/co\/wp-json\/wp\/v2\/users\/5910"}],"version-history":[{"count":0,"href":"https:\/\/arriendo.com\/co\/wp-json\/wp\/v2\/properties\/242548\/revisions"}],"wp:featuredmedia":[{"embeddable":true,"href":"https:\/\/arriendo.com\/co\/wp-json\/wp\/v2\/media\/242551"}],"wp:attachment":[{"href":"https:\/\/arriendo.com\/co\/wp-json\/wp\/v2\/media?parent=242548"}],"wp:term":[{"taxonomy":"es_location","embeddable":true,"href":"https:\/\/arriendo.com\/co\/wp-json\/wp\/v2\/es_locations?post=242548"},{"taxonomy":"es_category","embeddable":true,"href":"https:\/\/arriendo.com\/co\/wp-json\/wp\/v2\/es_categories?post=242548"},{"taxonomy":"es_type","embeddable":true,"href":"https:\/\/arriendo.com\/co\/wp-json\/wp\/v2\/es_types?post=242548"},{"taxonomy":"es_rent_period","embeddable":true,"href":"https:\/\/arriendo.com\/co\/wp-json\/wp\/v2\/es_rent_periods?post=242548"},{"taxonomy":"es_label","embeddable":true,"href":"https:\/\/arriendo.com\/co\/wp-json\/wp\/v2\/es_labels?post=242548"},{"taxonomy":"es_status","embeddable":true,"href":"https:\/\/arriendo.com\/co\/wp-json\/wp\/v2\/es_statuses?post=242548"},{"taxonomy":"es_parking","embeddable":true,"href":"https:\/\/arriendo.com\/co\/wp-json\/wp\/v2\/es_parkings?post=242548"},{"taxonomy":"es_roof","embeddable":true,"href":"https:\/\/arriendo.com\/co\/wp-json\/wp\/v2\/es_roofs?post=242548"},{"taxonomy":"es_exterior_material","embeddable":true,"href":"https:\/\/arriendo.com\/co\/wp-json\/wp\/v2\/es_exterior_materials?post=242548"},{"taxonomy":"es_basement","embeddable":true,"href":"https:\/\/arriendo.com\/co\/wp-json\/wp\/v2\/es_basements?post=242548"},{"taxonomy":"es_floor_covering","embeddable":true,"href":"https:\/\/arriendo.com\/co\/wp-json\/wp\/v2\/es_floor_coverings?post=242548"},{"taxonomy":"es_feature","embeddable":true,"href":"https:\/\/arriendo.com\/co\/wp-json\/wp\/v2\/es_features?post=242548"},{"taxonomy":"es_amenity","embeddable":true,"href":"https:\/\/arriendo.com\/co\/wp-json\/wp\/v2\/es_amenities?post=242548"},{"taxonomy":"es_neighborhood","embeddable":true,"href":"https:\/\/arriendo.com\/co\/wp-json\/wp\/v2\/es_neighborhoods?post=242548"},{"taxonomy":"es_tag","embeddable":true,"href":"https:\/\/arriendo.com\/co\/wp-json\/wp\/v2\/es_tags?post=242548"}],"curies":[{"name":"wp","href":"https:\/\/api.w.org\/{rel}","templated":true}]}}

Apartaestudio en Arriendo en Alamos, Bogotá

<p>Arrienda este moderno apartaestudio con una cómoda alcoba y baño privado, sala-comedor integrado y cocina integral a gas, además de patio de ropa. Ubicado cerca del centro comercial Diver Plaza, la avenida Ciudad de Cali y a minutos del aeropuerto, es la opción perfecta para quienes buscan practicidad, comodidad y excelente ubicación. ¡No pierdas esta oportunidad!</p>

Arrienda este moderno apartaestudio con una cómoda alcoba y baño...
