{"id":242512,"date":"2026-01-29T07:52:47","date_gmt":"2026-01-29T12:52:47","guid":{"rendered":"https:\/\/arriendo.com\/co\/%es_type%\/%address_city%\/%neighborhood%\/bucaramanga-centro-local-en-arriendo-en-f19220\/"},"modified":"2026-01-29T07:52:47","modified_gmt":"2026-01-29T12:52:47","slug":"AR-242512","status":"publish","type":"properties","link":"https:\/\/arriendo.com\/co\/locales\/bucaramanga\/centro\/AR-242512\/","title":{"rendered":"Local en Arriendo en Centro, Bucaramanga"},"content":{"rendered":"<p>M.J Grupo Inmobiliario presenta una oportunidad inigualable: un espectacular local comercial disponible para arriendo, estrat\u00e9gicamente ubicado sobre la vibrante Carrera 22. Esta privilegiada posici\u00f3n garantiza una visibilidad excepcional y un flujo constante de clientes, ideal para cualquier tipo de negocio que busque consolidarse o expandirse en una de las zonas m\u00e1s din\u00e1micas y comerciales de la ciudad. Aproveche la afluencia de p\u00fablico y el entorno comercial consolidado para potenciar su emprendimiento.<\/p>\n","protected":false},"excerpt":{"rendered":"M.J Grupo Inmobiliario presenta una oportunidad inigualable: un espectacular local...","protected":false},"author":8179,"featured_media":242515,"template":"","es_locations":[175,505,104],"es_categories":[124],"es_types":[117],"es_rent_periods":[],"es_labels":[],"es_statuses":[],"es_parkings":[],"es_roofs":[],"es_exterior_materials":[],"es_basements":[],"es_floor_coverings":[],"es_features":[2132,2135,2239,2228,2137,2152],"es_amenities":[2140,2142,2256,2258,2144,2162],"es_neighborhoods":[],"es_tags":[],"class_list":["post-242512","properties","type-properties","status-publish","has-post-thumbnail","hentry","es_location-bucaramanga","es_location-centro","es_location-santander","es_category-arriendo","es_type-locales","es_feature-parques-cercanos","es_feature-sobre-via-principal","es_feature-sobre-via-secundaria","es_feature-ventilacion-natural","es_feature-zona-comercial","es_feature-zona-residencial","es_amenity-parques-cercanos","es_amenity-sobre-via-principal","es_amenity-sobre-via-secundaria","es_amenity-ventilacion-natural","es_amenity-zona-comercial","es_amenity-zona-residencial","es-post-entity"],"_links":{"self":[{"href":"https:\/\/arriendo.com\/co\/wp-json\/wp\/v2\/properties\/242512","targetHints":{"allow":["GET"]}}],"collection":[{"href":"https:\/\/arriendo.com\/co\/wp-json\/wp\/v2\/properties"}],"about":[{"href":"https:\/\/arriendo.com\/co\/wp-json\/wp\/v2\/types\/properties"}],"author":[{"embeddable":true,"href":"https:\/\/arriendo.com\/co\/wp-json\/wp\/v2\/users\/8179"}],"version-history":[{"count":0,"href":"https:\/\/arriendo.com\/co\/wp-json\/wp\/v2\/properties\/242512\/revisions"}],"wp:featuredmedia":[{"embeddable":true,"href":"https:\/\/arriendo.com\/co\/wp-json\/wp\/v2\/media\/242515"}],"wp:attachment":[{"href":"https:\/\/arriendo.com\/co\/wp-json\/wp\/v2\/media?parent=242512"}],"wp:term":[{"taxonomy":"es_location","embeddable":true,"href":"https:\/\/arriendo.com\/co\/wp-json\/wp\/v2\/es_locations?post=242512"},{"taxonomy":"es_category","embeddable":true,"href":"https:\/\/arriendo.com\/co\/wp-json\/wp\/v2\/es_categories?post=242512"},{"taxonomy":"es_type","embeddable":true,"href":"https:\/\/arriendo.com\/co\/wp-json\/wp\/v2\/es_types?post=242512"},{"taxonomy":"es_rent_period","embeddable":true,"href":"https:\/\/arriendo.com\/co\/wp-json\/wp\/v2\/es_rent_periods?post=242512"},{"taxonomy":"es_label","embeddable":true,"href":"https:\/\/arriendo.com\/co\/wp-json\/wp\/v2\/es_labels?post=242512"},{"taxonomy":"es_status","embeddable":true,"href":"https:\/\/arriendo.com\/co\/wp-json\/wp\/v2\/es_statuses?post=242512"},{"taxonomy":"es_parking","embeddable":true,"href":"https:\/\/arriendo.com\/co\/wp-json\/wp\/v2\/es_parkings?post=242512"},{"taxonomy":"es_roof","embeddable":true,"href":"https:\/\/arriendo.com\/co\/wp-json\/wp\/v2\/es_roofs?post=242512"},{"taxonomy":"es_exterior_material","embeddable":true,"href":"https:\/\/arriendo.com\/co\/wp-json\/wp\/v2\/es_exterior_materials?post=242512"},{"taxonomy":"es_basement","embeddable":true,"href":"https:\/\/arriendo.com\/co\/wp-json\/wp\/v2\/es_basements?post=242512"},{"taxonomy":"es_floor_covering","embeddable":true,"href":"https:\/\/arriendo.com\/co\/wp-json\/wp\/v2\/es_floor_coverings?post=242512"},{"taxonomy":"es_feature","embeddable":true,"href":"https:\/\/arriendo.com\/co\/wp-json\/wp\/v2\/es_features?post=242512"},{"taxonomy":"es_amenity","embeddable":true,"href":"https:\/\/arriendo.com\/co\/wp-json\/wp\/v2\/es_amenities?post=242512"},{"taxonomy":"es_neighborhood","embeddable":true,"href":"https:\/\/arriendo.com\/co\/wp-json\/wp\/v2\/es_neighborhoods?post=242512"},{"taxonomy":"es_tag","embeddable":true,"href":"https:\/\/arriendo.com\/co\/wp-json\/wp\/v2\/es_tags?post=242512"}],"curies":[{"name":"wp","href":"https:\/\/api.w.org\/{rel}","templated":true}]}}

<p>M.J Grupo Inmobiliario presenta una oportunidad inigualable: un espectacular local comercial disponible para arriendo, estratégicamente ubicado sobre la vibrante Carrera 22. Esta privilegiada posición garantiza una visibilidad excepcional y un flujo constante de clientes, ideal para cualquier tipo de negocio que busque consolidarse o expandirse en una de las zonas más dinámicas y comerciales de la ciudad. Aproveche la afluencia de público y el entorno comercial consolidado para potenciar su emprendimiento.</p>
