{"id":242495,"date":"2026-01-29T07:50:47","date_gmt":"2026-01-29T12:50:47","guid":{"rendered":"https:\/\/arriendo.com\/co\/%es_type%\/%address_city%\/%neighborhood%\/bucaramanga-el-tejar-casa-en-arriendo-en-71f684\/"},"modified":"2026-01-29T07:50:47","modified_gmt":"2026-01-29T12:50:47","slug":"AR-242495","status":"publish","type":"properties","link":"https:\/\/arriendo.com\/co\/casas\/bucaramanga\/el-tejar\/AR-242495\/","title":{"rendered":"Casa en Arriendo en El tejar, Bucaramanga"},"content":{"rendered":"<p>M.J Grupo Inmobiliario se complace en presentar en arriendo una espectacular casa de ensue\u00f1o en el exclusivo conjunto Port\u00f3n del Tejar 3. Esta impresionante propiedad de 4 niveles ofrece un estilo de vida inigualable, complementado por 3 amplios parqueaderos. Su moderna cocina integral, equipada con una elegante barra americana, es perfecta para el entretenimiento y la vida familiar. Disfrute de la comodidad de vivir justo al frente del Centro Comercial Cacique, con acceso inmediato a una vasta oferta de servicios, entretenimiento y gastronom\u00eda. Una oportunidad \u00fanica para quienes buscan lujo, confort y una ubicaci\u00f3n privilegiada.<\/p>\n","protected":false},"excerpt":{"rendered":"M.J Grupo Inmobiliario se complace en presentar en arriendo una...","protected":false},"author":8179,"featured_media":242498,"template":"","es_locations":[175,1235,104],"es_categories":[124],"es_types":[115],"es_rent_periods":[],"es_labels":[],"es_statuses":[],"es_parkings":[],"es_roofs":[],"es_exterior_materials":[],"es_basements":[],"es_floor_coverings":[],"es_features":[149,2212,2263,2211,2146,2148,151,2196,136,2282,2132,2181,2135,2150,2136,2137,2185,2152,2204],"es_amenities":[2329,2217,2269,2210,2155,2157,2270,2197,2158,2287,2140,2142,2161,2143,161,2144,2173,2162,2209],"es_neighborhoods":[],"es_tags":[],"class_list":["post-242495","properties","type-properties","status-publish","has-post-thumbnail","hentry","es_location-bucaramanga","es_location-el-tejar","es_location-santander","es_category-arriendo","es_type-casas","es_feature-aire-acondicionado","es_feature-bano-auxiliar","es_feature-barra-estilo-americano","es_feature-canchas-deportivas","es_feature-cocina-integral","es_feature-colegios-universidades","es_feature-deposito-bodega","es_feature-en-conjunto-cerrado","es_feature-estudio","es_feature-hall-de-alcobas","es_feature-parques-cercanos","es_feature-porteria-vigilancia","es_feature-sobre-via-principal","es_feature-supermercados-c-comerciales","es_feature-trans-publico-cercano","es_feature-zona-comercial","es_feature-zona-infantil","es_feature-zona-residencial","es_feature-zonas-verdes","es_amenity-aire-acondicionado","es_amenity-bano-auxiliar","es_amenity-barra-estilo-americano","es_amenity-canchas-deportivas","es_amenity-cocina-integral","es_amenity-colegios-universidades","es_amenity-deposito-bodega","es_amenity-en-conjunto-cerrado","es_amenity-estudio","es_amenity-hall-de-alcobas","es_amenity-parques-cercanos","es_amenity-sobre-via-principal","es_amenity-supermercados-c-comerciales","es_amenity-trans-publico-cercano","es_amenity-vigilancia-24-7","es_amenity-zona-comercial","es_amenity-zona-infantil","es_amenity-zona-residencial","es_amenity-zonas-verdes","es-post-entity"],"_links":{"self":[{"href":"https:\/\/arriendo.com\/co\/wp-json\/wp\/v2\/properties\/242495","targetHints":{"allow":["GET"]}}],"collection":[{"href":"https:\/\/arriendo.com\/co\/wp-json\/wp\/v2\/properties"}],"about":[{"href":"https:\/\/arriendo.com\/co\/wp-json\/wp\/v2\/types\/properties"}],"author":[{"embeddable":true,"href":"https:\/\/arriendo.com\/co\/wp-json\/wp\/v2\/users\/8179"}],"version-history":[{"count":0,"href":"https:\/\/arriendo.com\/co\/wp-json\/wp\/v2\/properties\/242495\/revisions"}],"wp:featuredmedia":[{"embeddable":true,"href":"https:\/\/arriendo.com\/co\/wp-json\/wp\/v2\/media\/242498"}],"wp:attachment":[{"href":"https:\/\/arriendo.com\/co\/wp-json\/wp\/v2\/media?parent=242495"}],"wp:term":[{"taxonomy":"es_location","embeddable":true,"href":"https:\/\/arriendo.com\/co\/wp-json\/wp\/v2\/es_locations?post=242495"},{"taxonomy":"es_category","embeddable":true,"href":"https:\/\/arriendo.com\/co\/wp-json\/wp\/v2\/es_categories?post=242495"},{"taxonomy":"es_type","embeddable":true,"href":"https:\/\/arriendo.com\/co\/wp-json\/wp\/v2\/es_types?post=242495"},{"taxonomy":"es_rent_period","embeddable":true,"href":"https:\/\/arriendo.com\/co\/wp-json\/wp\/v2\/es_rent_periods?post=242495"},{"taxonomy":"es_label","embeddable":true,"href":"https:\/\/arriendo.com\/co\/wp-json\/wp\/v2\/es_labels?post=242495"},{"taxonomy":"es_status","embeddable":true,"href":"https:\/\/arriendo.com\/co\/wp-json\/wp\/v2\/es_statuses?post=242495"},{"taxonomy":"es_parking","embeddable":true,"href":"https:\/\/arriendo.com\/co\/wp-json\/wp\/v2\/es_parkings?post=242495"},{"taxonomy":"es_roof","embeddable":true,"href":"https:\/\/arriendo.com\/co\/wp-json\/wp\/v2\/es_roofs?post=242495"},{"taxonomy":"es_exterior_material","embeddable":true,"href":"https:\/\/arriendo.com\/co\/wp-json\/wp\/v2\/es_exterior_materials?post=242495"},{"taxonomy":"es_basement","embeddable":true,"href":"https:\/\/arriendo.com\/co\/wp-json\/wp\/v2\/es_basements?post=242495"},{"taxonomy":"es_floor_covering","embeddable":true,"href":"https:\/\/arriendo.com\/co\/wp-json\/wp\/v2\/es_floor_coverings?post=242495"},{"taxonomy":"es_feature","embeddable":true,"href":"https:\/\/arriendo.com\/co\/wp-json\/wp\/v2\/es_features?post=242495"},{"taxonomy":"es_amenity","embeddable":true,"href":"https:\/\/arriendo.com\/co\/wp-json\/wp\/v2\/es_amenities?post=242495"},{"taxonomy":"es_neighborhood","embeddable":true,"href":"https:\/\/arriendo.com\/co\/wp-json\/wp\/v2\/es_neighborhoods?post=242495"},{"taxonomy":"es_tag","embeddable":true,"href":"https:\/\/arriendo.com\/co\/wp-json\/wp\/v2\/es_tags?post=242495"}],"curies":[{"name":"wp","href":"https:\/\/api.w.org\/{rel}","templated":true}]}}

<p>M.J Grupo Inmobiliario se complace en presentar en arriendo una espectacular casa de ensueño en el exclusivo conjunto Portón del Tejar 3. Esta impresionante propiedad de 4 niveles ofrece un estilo de vida inigualable, complementado por 3 amplios parqueaderos. Su moderna cocina integral, equipada con una elegante barra americana, es perfecta para el entretenimiento y la vida familiar. Disfrute de la comodidad de vivir justo al frente del Centro Comercial Cacique, con acceso inmediato a una vasta oferta de servicios, entretenimiento y gastronomía. Una oportunidad única para quienes buscan lujo, confort y una ubicación privilegiada.</p>
