{"id":242478,"date":"2026-01-29T07:48:48","date_gmt":"2026-01-29T12:48:48","guid":{"rendered":"https:\/\/arriendo.com\/co\/%es_type%\/%address_city%\/%neighborhood%\/bucaramanga-cabecera-del-llano-apartamento-en-arriendo-en-054517\/"},"modified":"2026-01-29T07:48:48","modified_gmt":"2026-01-29T12:48:48","slug":"AR-242478","status":"publish","type":"properties","link":"https:\/\/arriendo.com\/co\/apartamentos\/bucaramanga\/cabecera-del-llano\/AR-242478\/","title":{"rendered":"Apartamento en Arriendo en Cabecera del llano, Bucaramanga"},"content":{"rendered":"<p>M.J Grupo Inmobiliario se complace en presentar una oportunidad excepcional para vivir en el prestigioso barrio Cabecera. Este magn\u00edfico apartamento ofrece un estilo de vida de lujo y comodidad, ideal para familias que buscan espacio y exclusividad. Disfrute de cuatro amplias habitaciones, incluyendo una de servicio, y tres ba\u00f1os completos, tambi\u00e9n con uno de servicio, dise\u00f1ados para su m\u00e1ximo confort. La moderna cocina integral es perfecta para los amantes de la gastronom\u00eda, mientras que el estudio proporciona un espacio ideal para trabajar o estudiar desde casa.<\/p>\n<p>Rel\u00e1jese y disfrute de las vistas desde los dos balcones, que a\u00f1aden un toque de distinci\u00f3n a la sala comedor, creando un ambiente perfecto para el entretenimiento y la vida familiar. La propiedad incluye doble parqueadero y un pr\u00e1ctico dep\u00f3sito, garantizando comodidad y seguridad. El edificio, adem\u00e1s, cuenta con un elegante sal\u00f3n social, ideal para eventos y reuniones. No pierda la oportunidad de vivir en este exclusivo apartamento que combina elegancia, funcionalidad y una ubicaci\u00f3n inmejorable.<\/p>\n","protected":false},"excerpt":{"rendered":"M.J Grupo Inmobiliario se complace en presentar una oportunidad excepcional...","protected":false},"author":8179,"featured_media":242481,"template":"","es_locations":[175,176,104],"es_categories":[124],"es_types":[114],"es_rent_periods":[],"es_labels":[],"es_statuses":[],"es_parkings":[],"es_roofs":[],"es_exterior_materials":[],"es_basements":[],"es_floor_coverings":[],"es_features":[131,132,2212,133,2146,2148,2196,136,2132,2133,2135,2150,2136,2137,2152],"es_amenities":[152,2186,2217,2154,2155,2157,2197,2158,2140,158,2142,2161,2143,2144,2162],"es_neighborhoods":[],"es_tags":[],"class_list":["post-242478","properties","type-properties","status-publish","has-post-thumbnail","hentry","es_location-bucaramanga","es_location-cabecera-del-llano","es_location-santander","es_category-arriendo","es_type-apartamentos","es_feature-ascensor","es_feature-balcon","es_feature-bano-auxiliar","es_feature-citofono","es_feature-cocina-integral","es_feature-colegios-universidades","es_feature-en-conjunto-cerrado","es_feature-estudio","es_feature-parques-cercanos","es_feature-porteria-recepcion","es_feature-sobre-via-principal","es_feature-supermercados-c-comerciales","es_feature-trans-publico-cercano","es_feature-zona-comercial","es_feature-zona-residencial","es_amenity-ascensor-privado","es_amenity-balcon","es_amenity-bano-auxiliar","es_amenity-citofono","es_amenity-cocina-integral","es_amenity-colegios-universidades","es_amenity-en-conjunto-cerrado","es_amenity-estudio","es_amenity-parques-cercanos","es_amenity-porteria-recepcion","es_amenity-sobre-via-principal","es_amenity-supermercados-c-comerciales","es_amenity-trans-publico-cercano","es_amenity-zona-comercial","es_amenity-zona-residencial","es-post-entity"],"_links":{"self":[{"href":"https:\/\/arriendo.com\/co\/wp-json\/wp\/v2\/properties\/242478","targetHints":{"allow":["GET"]}}],"collection":[{"href":"https:\/\/arriendo.com\/co\/wp-json\/wp\/v2\/properties"}],"about":[{"href":"https:\/\/arriendo.com\/co\/wp-json\/wp\/v2\/types\/properties"}],"author":[{"embeddable":true,"href":"https:\/\/arriendo.com\/co\/wp-json\/wp\/v2\/users\/8179"}],"version-history":[{"count":0,"href":"https:\/\/arriendo.com\/co\/wp-json\/wp\/v2\/properties\/242478\/revisions"}],"wp:featuredmedia":[{"embeddable":true,"href":"https:\/\/arriendo.com\/co\/wp-json\/wp\/v2\/media\/242481"}],"wp:attachment":[{"href":"https:\/\/arriendo.com\/co\/wp-json\/wp\/v2\/media?parent=242478"}],"wp:term":[{"taxonomy":"es_location","embeddable":true,"href":"https:\/\/arriendo.com\/co\/wp-json\/wp\/v2\/es_locations?post=242478"},{"taxonomy":"es_category","embeddable":true,"href":"https:\/\/arriendo.com\/co\/wp-json\/wp\/v2\/es_categories?post=242478"},{"taxonomy":"es_type","embeddable":true,"href":"https:\/\/arriendo.com\/co\/wp-json\/wp\/v2\/es_types?post=242478"},{"taxonomy":"es_rent_period","embeddable":true,"href":"https:\/\/arriendo.com\/co\/wp-json\/wp\/v2\/es_rent_periods?post=242478"},{"taxonomy":"es_label","embeddable":true,"href":"https:\/\/arriendo.com\/co\/wp-json\/wp\/v2\/es_labels?post=242478"},{"taxonomy":"es_status","embeddable":true,"href":"https:\/\/arriendo.com\/co\/wp-json\/wp\/v2\/es_statuses?post=242478"},{"taxonomy":"es_parking","embeddable":true,"href":"https:\/\/arriendo.com\/co\/wp-json\/wp\/v2\/es_parkings?post=242478"},{"taxonomy":"es_roof","embeddable":true,"href":"https:\/\/arriendo.com\/co\/wp-json\/wp\/v2\/es_roofs?post=242478"},{"taxonomy":"es_exterior_material","embeddable":true,"href":"https:\/\/arriendo.com\/co\/wp-json\/wp\/v2\/es_exterior_materials?post=242478"},{"taxonomy":"es_basement","embeddable":true,"href":"https:\/\/arriendo.com\/co\/wp-json\/wp\/v2\/es_basements?post=242478"},{"taxonomy":"es_floor_covering","embeddable":true,"href":"https:\/\/arriendo.com\/co\/wp-json\/wp\/v2\/es_floor_coverings?post=242478"},{"taxonomy":"es_feature","embeddable":true,"href":"https:\/\/arriendo.com\/co\/wp-json\/wp\/v2\/es_features?post=242478"},{"taxonomy":"es_amenity","embeddable":true,"href":"https:\/\/arriendo.com\/co\/wp-json\/wp\/v2\/es_amenities?post=242478"},{"taxonomy":"es_neighborhood","embeddable":true,"href":"https:\/\/arriendo.com\/co\/wp-json\/wp\/v2\/es_neighborhoods?post=242478"},{"taxonomy":"es_tag","embeddable":true,"href":"https:\/\/arriendo.com\/co\/wp-json\/wp\/v2\/es_tags?post=242478"}],"curies":[{"name":"wp","href":"https:\/\/api.w.org\/{rel}","templated":true}]}}

<p>M.J Grupo Inmobiliario se complace en presentar una oportunidad excepcional para vivir en el prestigioso barrio Cabecera. Este magnífico apartamento ofrece un estilo de vida de lujo y comodidad, ideal para familias que buscan espacio y exclusividad. Disfrute de cuatro amplias habitaciones, incluyendo una de servicio, y tres baños completos, también con uno de servicio, diseñados para su máximo confort. La moderna cocina integral es perfecta para los amantes de la gastronomía, mientras que el estudio proporciona un espacio ideal para trabajar o estudiar desde casa.</p>
<p>Relájese y disfrute de las vistas desde los dos balcones, que añaden un toque de distinción a la sala comedor, creando un ambiente perfecto para el entretenimiento y la vida familiar. La propiedad incluye doble parqueadero y un práctico depósito, garantizando comodidad y seguridad. El edificio, además, cuenta con un elegante salón social, ideal para eventos y reuniones. No pierda la oportunidad de vivir en este exclusivo apartamento que combina elegancia, funcionalidad y una ubicación inmejorable.</p>
