{"id":242387,"date":"2026-01-29T07:39:46","date_gmt":"2026-01-29T12:39:46","guid":{"rendered":"https:\/\/arriendo.com\/co\/%es_type%\/%address_city%\/%neighborhood%\/bogota-los-andes-oficina-en-arriendo-en-2f03d9\/"},"modified":"2026-01-29T07:39:47","modified_gmt":"2026-01-29T12:39:47","slug":"AR-242387","status":"publish","type":"properties","link":"https:\/\/arriendo.com\/co\/oficinas\/bogota\/los-andes\/AR-242387\/","title":{"rendered":"Oficina en arriendo en Los andes"},"content":{"rendered":"<p>Casa remodelada para oficinas o consultorios,  en lote de 192 m2 (8 x 24 m). Cuenta con 2 pisos independientes de 150 m2,  cada piso cuenta con 2 bater\u00edas de ba\u00f1os para damas y caballeros,  cafeter\u00eda,  parqueadero y zona de recepci\u00f3n,  cuenta con cableado estructurado,  pisos en cer\u00e1mica y amplios ventanales. Sector Comercial y residencial,  rodeado por grandes v\u00edas como las Av. Suba,  la calle 100 cerca a la cra 68 y calle 80,  centros comerciales,  tiendas de cadena,  parques,  cl\u00ednicas y comercio en general.<\/p>\n<p>Arriendo por Piso: 4.250.000<br \/>\nVenta casa completa: 1.250.000.000<\/p>\n","protected":false},"excerpt":{"rendered":"Casa remodelada para oficinas o consultorios, en lote de 192...","protected":false},"author":8068,"featured_media":242391,"template":"","es_locations":[110,77,1838],"es_categories":[124],"es_types":[116],"es_rent_periods":[],"es_labels":[],"es_statuses":[],"es_parkings":[],"es_roofs":[],"es_exterior_materials":[],"es_basements":[],"es_floor_coverings":[],"es_features":[2328,2224,2302,2442,2178,2216,2132,2272,2134,2239,2136,2137,2152],"es_amenities":[2330,2247,2303,2443,2193,156,2140,2273,2141,2256,2143,2144,2162],"es_neighborhoods":[],"es_tags":[],"class_list":["post-242387","properties","type-properties","status-publish","has-post-thumbnail","hentry","es_location-bogota","es_location-bogota-d-c","es_location-los-andes","es_category-arriendo","es_type-oficinas","es_feature-banos-mixtos","es_feature-cableado-de-red","es_feature-cocineta","es_feature-en-casa","es_feature-garaje-cubierto","es_feature-parqueadero-visitantes","es_feature-parques-cercanos","es_feature-piso-en-baldosa-marmol","es_feature-servicios-publicos","es_feature-sobre-via-secundaria","es_feature-trans-publico-cercano","es_feature-zona-comercial","es_feature-zona-residencial","es_amenity-banos-mixtos","es_amenity-cableado-de-red","es_amenity-cocineta","es_amenity-en-casa","es_amenity-garaje-cubierto","es_amenity-parqueadero-visitantes","es_amenity-parques-cercanos","es_amenity-piso-en-baldosa-marmol","es_amenity-servicios-publicos","es_amenity-sobre-via-secundaria","es_amenity-trans-publico-cercano","es_amenity-zona-comercial","es_amenity-zona-residencial","es-post-entity"],"_links":{"self":[{"href":"https:\/\/arriendo.com\/co\/wp-json\/wp\/v2\/properties\/242387","targetHints":{"allow":["GET"]}}],"collection":[{"href":"https:\/\/arriendo.com\/co\/wp-json\/wp\/v2\/properties"}],"about":[{"href":"https:\/\/arriendo.com\/co\/wp-json\/wp\/v2\/types\/properties"}],"author":[{"embeddable":true,"href":"https:\/\/arriendo.com\/co\/wp-json\/wp\/v2\/users\/8068"}],"version-history":[{"count":0,"href":"https:\/\/arriendo.com\/co\/wp-json\/wp\/v2\/properties\/242387\/revisions"}],"wp:featuredmedia":[{"embeddable":true,"href":"https:\/\/arriendo.com\/co\/wp-json\/wp\/v2\/media\/242391"}],"wp:attachment":[{"href":"https:\/\/arriendo.com\/co\/wp-json\/wp\/v2\/media?parent=242387"}],"wp:term":[{"taxonomy":"es_location","embeddable":true,"href":"https:\/\/arriendo.com\/co\/wp-json\/wp\/v2\/es_locations?post=242387"},{"taxonomy":"es_category","embeddable":true,"href":"https:\/\/arriendo.com\/co\/wp-json\/wp\/v2\/es_categories?post=242387"},{"taxonomy":"es_type","embeddable":true,"href":"https:\/\/arriendo.com\/co\/wp-json\/wp\/v2\/es_types?post=242387"},{"taxonomy":"es_rent_period","embeddable":true,"href":"https:\/\/arriendo.com\/co\/wp-json\/wp\/v2\/es_rent_periods?post=242387"},{"taxonomy":"es_label","embeddable":true,"href":"https:\/\/arriendo.com\/co\/wp-json\/wp\/v2\/es_labels?post=242387"},{"taxonomy":"es_status","embeddable":true,"href":"https:\/\/arriendo.com\/co\/wp-json\/wp\/v2\/es_statuses?post=242387"},{"taxonomy":"es_parking","embeddable":true,"href":"https:\/\/arriendo.com\/co\/wp-json\/wp\/v2\/es_parkings?post=242387"},{"taxonomy":"es_roof","embeddable":true,"href":"https:\/\/arriendo.com\/co\/wp-json\/wp\/v2\/es_roofs?post=242387"},{"taxonomy":"es_exterior_material","embeddable":true,"href":"https:\/\/arriendo.com\/co\/wp-json\/wp\/v2\/es_exterior_materials?post=242387"},{"taxonomy":"es_basement","embeddable":true,"href":"https:\/\/arriendo.com\/co\/wp-json\/wp\/v2\/es_basements?post=242387"},{"taxonomy":"es_floor_covering","embeddable":true,"href":"https:\/\/arriendo.com\/co\/wp-json\/wp\/v2\/es_floor_coverings?post=242387"},{"taxonomy":"es_feature","embeddable":true,"href":"https:\/\/arriendo.com\/co\/wp-json\/wp\/v2\/es_features?post=242387"},{"taxonomy":"es_amenity","embeddable":true,"href":"https:\/\/arriendo.com\/co\/wp-json\/wp\/v2\/es_amenities?post=242387"},{"taxonomy":"es_neighborhood","embeddable":true,"href":"https:\/\/arriendo.com\/co\/wp-json\/wp\/v2\/es_neighborhoods?post=242387"},{"taxonomy":"es_tag","embeddable":true,"href":"https:\/\/arriendo.com\/co\/wp-json\/wp\/v2\/es_tags?post=242387"}],"curies":[{"name":"wp","href":"https:\/\/api.w.org\/{rel}","templated":true}]}}

<p>Casa remodelada para oficinas o consultorios,  en lote de 192 m2 (8 x 24 m). Cuenta con 2 pisos independientes de 150 m2,  cada piso cuenta con 2 baterías de baños para damas y caballeros,  cafetería,  parqueadero y zona de recepción,  cuenta con cableado estructurado,  pisos en cerámica y amplios ventanales. Sector Comercial y residencial,  rodeado por grandes vías como las Av. Suba,  la calle 100 cerca a la cra 68 y calle 80,  centros comerciales,  tiendas de cadena,  parques,  clínicas y comercio en general.</p>
<p>Arriendo por Piso: 4.250.000<br />
Venta casa completa: 1.250.000.000</p>
