{"id":242377,"date":"2026-01-29T07:38:46","date_gmt":"2026-01-29T12:38:46","guid":{"rendered":"https:\/\/arriendo.com\/co\/%es_type%\/%address_city%\/%neighborhood%\/bogota-los-andes-norte-local-en-arriendo-en-6cb808\/"},"modified":"2026-01-29T07:38:46","modified_gmt":"2026-01-29T12:38:46","slug":"AR-242377","status":"publish","type":"properties","link":"https:\/\/arriendo.com\/co\/locales\/bogota\/los-andes-norte\/AR-242377\/","title":{"rendered":"Local en arriendo en Los andes norte, Bogot\u00e1"},"content":{"rendered":"<p>Arriendo excelente local comercial sobre la Calle 100, ideal para m\u00faltiples usos y listo para iniciar operaci\u00f3n de inmediato. Cuenta con pisos en porcelanato, ba\u00f1o completamente enchapado, mueble mostrador, Vitrina y puerta de vidrio con reja de seguridad, ofreciendo una imagen moderna y profesional.<\/p>\n<p>Ubicado en un sector de alt\u00edsimo movimiento comercial, con gran afluencia peatonal y vehicular, a solo una cuadra de la Avenida Suba. Rodeado de zonas residenciales, centros comerciales, tiendas de cadena, parques y paraderos de SITP y TransMilenio, lo que asegura visibilidad y flujo constante de clientes.<\/p>\n<p>Una oportunidad ideal para posicionar tu negocio en una ubicaci\u00f3n estrat\u00e9gica y de alto impacto.<\/p>\n","protected":false},"excerpt":{"rendered":"Arriendo excelente local comercial sobre la Calle 100, ideal para...","protected":false},"author":8068,"featured_media":242380,"template":"","es_locations":[110,77,2845],"es_categories":[124],"es_types":[117],"es_rent_periods":[],"es_labels":[],"es_statuses":[],"es_parkings":[],"es_roofs":[],"es_exterior_materials":[],"es_basements":[],"es_floor_coverings":[],"es_features":[2201,2385,2132,2272,2135,2228,2137,2152],"es_amenities":[2206,2386,2140,2273,2142,2258,2144,2162],"es_neighborhoods":[],"es_tags":[],"class_list":["post-242377","properties","type-properties","status-publish","has-post-thumbnail","hentry","es_location-bogota","es_location-bogota-d-c","es_location-los-andes-norte","es_category-arriendo","es_type-locales","es_feature-en-zona-comercial","es_feature-local-exterior","es_feature-parques-cercanos","es_feature-piso-en-baldosa-marmol","es_feature-sobre-via-principal","es_feature-ventilacion-natural","es_feature-zona-comercial","es_feature-zona-residencial","es_amenity-en-zona-comercial","es_amenity-local-exterior","es_amenity-parques-cercanos","es_amenity-piso-en-baldosa-marmol","es_amenity-sobre-via-principal","es_amenity-ventilacion-natural","es_amenity-zona-comercial","es_amenity-zona-residencial","es-post-entity"],"_links":{"self":[{"href":"https:\/\/arriendo.com\/co\/wp-json\/wp\/v2\/properties\/242377","targetHints":{"allow":["GET"]}}],"collection":[{"href":"https:\/\/arriendo.com\/co\/wp-json\/wp\/v2\/properties"}],"about":[{"href":"https:\/\/arriendo.com\/co\/wp-json\/wp\/v2\/types\/properties"}],"author":[{"embeddable":true,"href":"https:\/\/arriendo.com\/co\/wp-json\/wp\/v2\/users\/8068"}],"version-history":[{"count":0,"href":"https:\/\/arriendo.com\/co\/wp-json\/wp\/v2\/properties\/242377\/revisions"}],"wp:featuredmedia":[{"embeddable":true,"href":"https:\/\/arriendo.com\/co\/wp-json\/wp\/v2\/media\/242380"}],"wp:attachment":[{"href":"https:\/\/arriendo.com\/co\/wp-json\/wp\/v2\/media?parent=242377"}],"wp:term":[{"taxonomy":"es_location","embeddable":true,"href":"https:\/\/arriendo.com\/co\/wp-json\/wp\/v2\/es_locations?post=242377"},{"taxonomy":"es_category","embeddable":true,"href":"https:\/\/arriendo.com\/co\/wp-json\/wp\/v2\/es_categories?post=242377"},{"taxonomy":"es_type","embeddable":true,"href":"https:\/\/arriendo.com\/co\/wp-json\/wp\/v2\/es_types?post=242377"},{"taxonomy":"es_rent_period","embeddable":true,"href":"https:\/\/arriendo.com\/co\/wp-json\/wp\/v2\/es_rent_periods?post=242377"},{"taxonomy":"es_label","embeddable":true,"href":"https:\/\/arriendo.com\/co\/wp-json\/wp\/v2\/es_labels?post=242377"},{"taxonomy":"es_status","embeddable":true,"href":"https:\/\/arriendo.com\/co\/wp-json\/wp\/v2\/es_statuses?post=242377"},{"taxonomy":"es_parking","embeddable":true,"href":"https:\/\/arriendo.com\/co\/wp-json\/wp\/v2\/es_parkings?post=242377"},{"taxonomy":"es_roof","embeddable":true,"href":"https:\/\/arriendo.com\/co\/wp-json\/wp\/v2\/es_roofs?post=242377"},{"taxonomy":"es_exterior_material","embeddable":true,"href":"https:\/\/arriendo.com\/co\/wp-json\/wp\/v2\/es_exterior_materials?post=242377"},{"taxonomy":"es_basement","embeddable":true,"href":"https:\/\/arriendo.com\/co\/wp-json\/wp\/v2\/es_basements?post=242377"},{"taxonomy":"es_floor_covering","embeddable":true,"href":"https:\/\/arriendo.com\/co\/wp-json\/wp\/v2\/es_floor_coverings?post=242377"},{"taxonomy":"es_feature","embeddable":true,"href":"https:\/\/arriendo.com\/co\/wp-json\/wp\/v2\/es_features?post=242377"},{"taxonomy":"es_amenity","embeddable":true,"href":"https:\/\/arriendo.com\/co\/wp-json\/wp\/v2\/es_amenities?post=242377"},{"taxonomy":"es_neighborhood","embeddable":true,"href":"https:\/\/arriendo.com\/co\/wp-json\/wp\/v2\/es_neighborhoods?post=242377"},{"taxonomy":"es_tag","embeddable":true,"href":"https:\/\/arriendo.com\/co\/wp-json\/wp\/v2\/es_tags?post=242377"}],"curies":[{"name":"wp","href":"https:\/\/api.w.org\/{rel}","templated":true}]}}

Local en arriendo en Los andes norte, Bogotá

<p>Arriendo excelente local comercial sobre la Calle 100, ideal para múltiples usos y listo para iniciar operación de inmediato. Cuenta con pisos en porcelanato, baño completamente enchapado, mueble mostrador, Vitrina y puerta de vidrio con reja de seguridad, ofreciendo una imagen moderna y profesional.</p>
<p>Ubicado en un sector de altísimo movimiento comercial, con gran afluencia peatonal y vehicular, a solo una cuadra de la Avenida Suba. Rodeado de zonas residenciales, centros comerciales, tiendas de cadena, parques y paraderos de SITP y TransMilenio, lo que asegura visibilidad y flujo constante de clientes.</p>
<p>Una oportunidad ideal para posicionar tu negocio en una ubicación estratégica y de alto impacto.</p>
