{"id":241358,"date":"2026-01-28T17:15:45","date_gmt":"2026-01-28T22:15:45","guid":{"rendered":"https:\/\/arriendo.com\/co\/%es_type%\/%address_city%\/%neighborhood%\/floridablanca-canaveral-local-en-arriendo-en-144313\/"},"modified":"2026-01-28T17:15:45","modified_gmt":"2026-01-28T22:15:45","slug":"AR-241358","status":"publish","type":"properties","link":"https:\/\/arriendo.com\/co\/locales\/floridablanca\/canaveral\/AR-241358\/","title":{"rendered":"Local en Arriendo en Ca\u00f1averal, Floridablanca"},"content":{"rendered":"<p>CA\u00d1AVERAL,  ESPECTACULAR LOCAL COMERCIAL EN ZONA COMERCIAL, en la zona del bosque,   a solo 15 metros del primer OXXO mas grande del pa\u00eds. La zona comercial cuenta con parqueadero P\u00f9blico. A UNA CUADRA  DE DOLLAR CITY, GIMNASIO SMARTFIT Y CLINICA FOSCAL. EL LOCAL CUENTA CON PLANTA EL\u00c9CTRICA 24 HORAS, VIGILANCIA 24 HORAS Y PERMISOS PARA OPERAR 24 HORAS.<\/p>\n","protected":false},"excerpt":{"rendered":"CA\u00d1AVERAL, ESPECTACULAR LOCAL COMERCIAL EN ZONA COMERCIAL, en la zona...","protected":false},"author":7963,"featured_media":241361,"template":"","es_locations":[1670,317,104],"es_categories":[124],"es_types":[117],"es_rent_periods":[],"es_labels":[],"es_statuses":[],"es_parkings":[],"es_roofs":[],"es_exterior_materials":[],"es_basements":[],"es_floor_coverings":[],"es_features":[2131,2296,2201,2176,2385,2216,2132,2488,2272,2365,2181,2135,2241,2137,2152],"es_amenities":[2139,2298,2206,2191,2386,156,2140,2489,2273,2366,2142,161,2259,2144,2162],"es_neighborhoods":[],"es_tags":[],"class_list":["post-241358","properties","type-properties","status-publish","has-post-thumbnail","hentry","es_location-canaveral","es_location-floridablanca","es_location-santander","es_category-arriendo","es_type-locales","es_feature-circuito-cerrado-de-tv","es_feature-en-edificio","es_feature-en-zona-comercial","es_feature-en-zona-residencial","es_feature-local-exterior","es_feature-parqueadero-visitantes","es_feature-parques-cercanos","es_feature-pasaje-comercial","es_feature-piso-en-baldosa-marmol","es_feature-planta-electrica","es_feature-porteria-vigilancia","es_feature-sobre-via-principal","es_feature-vigilancia-24x7","es_feature-zona-comercial","es_feature-zona-residencial","es_amenity-circuito-cerrado-de-tv","es_amenity-en-edificio","es_amenity-en-zona-comercial","es_amenity-en-zona-residencial","es_amenity-local-exterior","es_amenity-parqueadero-visitantes","es_amenity-parques-cercanos","es_amenity-pasaje-comercial","es_amenity-piso-en-baldosa-marmol","es_amenity-planta-electrica","es_amenity-sobre-via-principal","es_amenity-vigilancia-24-7","es_amenity-vigilancia-24x7","es_amenity-zona-comercial","es_amenity-zona-residencial","es-post-entity"],"_links":{"self":[{"href":"https:\/\/arriendo.com\/co\/wp-json\/wp\/v2\/properties\/241358","targetHints":{"allow":["GET"]}}],"collection":[{"href":"https:\/\/arriendo.com\/co\/wp-json\/wp\/v2\/properties"}],"about":[{"href":"https:\/\/arriendo.com\/co\/wp-json\/wp\/v2\/types\/properties"}],"author":[{"embeddable":true,"href":"https:\/\/arriendo.com\/co\/wp-json\/wp\/v2\/users\/7963"}],"version-history":[{"count":0,"href":"https:\/\/arriendo.com\/co\/wp-json\/wp\/v2\/properties\/241358\/revisions"}],"wp:featuredmedia":[{"embeddable":true,"href":"https:\/\/arriendo.com\/co\/wp-json\/wp\/v2\/media\/241361"}],"wp:attachment":[{"href":"https:\/\/arriendo.com\/co\/wp-json\/wp\/v2\/media?parent=241358"}],"wp:term":[{"taxonomy":"es_location","embeddable":true,"href":"https:\/\/arriendo.com\/co\/wp-json\/wp\/v2\/es_locations?post=241358"},{"taxonomy":"es_category","embeddable":true,"href":"https:\/\/arriendo.com\/co\/wp-json\/wp\/v2\/es_categories?post=241358"},{"taxonomy":"es_type","embeddable":true,"href":"https:\/\/arriendo.com\/co\/wp-json\/wp\/v2\/es_types?post=241358"},{"taxonomy":"es_rent_period","embeddable":true,"href":"https:\/\/arriendo.com\/co\/wp-json\/wp\/v2\/es_rent_periods?post=241358"},{"taxonomy":"es_label","embeddable":true,"href":"https:\/\/arriendo.com\/co\/wp-json\/wp\/v2\/es_labels?post=241358"},{"taxonomy":"es_status","embeddable":true,"href":"https:\/\/arriendo.com\/co\/wp-json\/wp\/v2\/es_statuses?post=241358"},{"taxonomy":"es_parking","embeddable":true,"href":"https:\/\/arriendo.com\/co\/wp-json\/wp\/v2\/es_parkings?post=241358"},{"taxonomy":"es_roof","embeddable":true,"href":"https:\/\/arriendo.com\/co\/wp-json\/wp\/v2\/es_roofs?post=241358"},{"taxonomy":"es_exterior_material","embeddable":true,"href":"https:\/\/arriendo.com\/co\/wp-json\/wp\/v2\/es_exterior_materials?post=241358"},{"taxonomy":"es_basement","embeddable":true,"href":"https:\/\/arriendo.com\/co\/wp-json\/wp\/v2\/es_basements?post=241358"},{"taxonomy":"es_floor_covering","embeddable":true,"href":"https:\/\/arriendo.com\/co\/wp-json\/wp\/v2\/es_floor_coverings?post=241358"},{"taxonomy":"es_feature","embeddable":true,"href":"https:\/\/arriendo.com\/co\/wp-json\/wp\/v2\/es_features?post=241358"},{"taxonomy":"es_amenity","embeddable":true,"href":"https:\/\/arriendo.com\/co\/wp-json\/wp\/v2\/es_amenities?post=241358"},{"taxonomy":"es_neighborhood","embeddable":true,"href":"https:\/\/arriendo.com\/co\/wp-json\/wp\/v2\/es_neighborhoods?post=241358"},{"taxonomy":"es_tag","embeddable":true,"href":"https:\/\/arriendo.com\/co\/wp-json\/wp\/v2\/es_tags?post=241358"}],"curies":[{"name":"wp","href":"https:\/\/api.w.org\/{rel}","templated":true}]}}

Local en Arriendo en Cañaveral, Floridablanca

<p>CAÑAVERAL,  ESPECTACULAR LOCAL COMERCIAL EN ZONA COMERCIAL, en la zona del bosque,   a solo 15 metros del primer OXXO mas grande del país. La zona comercial cuenta con parqueadero Pùblico. A UNA CUADRA  DE DOLLAR CITY, GIMNASIO SMARTFIT Y CLINICA FOSCAL. EL LOCAL CUENTA CON PLANTA ELÉCTRICA 24 HORAS, VIGILANCIA 24 HORAS Y PERMISOS PARA OPERAR 24 HORAS.</p>

CAÑAVERAL, ESPECTACULAR LOCAL COMERCIAL EN ZONA COMERCIAL, en la zona...
