{"id":241256,"date":"2026-01-28T17:03:44","date_gmt":"2026-01-28T22:03:44","guid":{"rendered":"https:\/\/arriendo.com\/co\/%es_type%\/%address_city%\/%neighborhood%\/bogota-santa-barbara-central-oficina-en-arriendo-en-0f1f77\/"},"modified":"2026-01-28T17:03:45","modified_gmt":"2026-01-28T22:03:45","slug":"AR-241256","status":"publish","type":"properties","link":"https:\/\/arriendo.com\/co\/oficinas\/bogota\/santa-barbara-central\/AR-241256\/","title":{"rendered":"Oficina en Arriendo en Santa barbara central, Bogot\u00e1"},"content":{"rendered":"<p>\u00a1 OPORTUNIDAD !<\/p>\n<p>ARRIENDO OFICINA EN EL BARRIO SANTA B\u00c1RBARA, A UNA CALLE ARRIBA DE LA AVENIDA NOVENA.<\/p>\n<p>27M2 !<br \/>\nUBICAD\u00cdSIMA<\/p>\n<p>1,820.000!!!<br \/>\n &#8220;( ESTE PRECIO INCLUYE LA ADMINISTRACI\u00d3N)&#8221;<\/p>\n<p>\/Valor discriminado de la Adm\u00f3n son $320.000\/<\/p>\n<p>BUENA ENTRADA DE LUZ NATURAL Y CERO DECIBELES. <\/p>\n<p>EST\u00c1 CONSTITU\u00cdDA EN DOS \u00c1REAS DIVIDIDAS: [\u00c1REA GERENCIAL Y; \u00c1REA ABIERTA PARA 3 O 4 PUESTOS DE TRABAJO]. CUARTO PEQUE\u00d1O CON COCINETA.\u2714\ufe0f <\/p>\n<p>_ BATERIA DE BA\u00d1OS COMUNALES EN CADA PISO. SALA DE ESPERA. <\/p>\n<p>EDIFICIO SISTEMATIZADO. FIBRA OPTICA; LA OFICINA EST\u00c1 CABLEADA PARA VOZ Y DATOS.<\/p>\n<p>_ EL EDIFICIO CUENTA CON SALA DE JUNTAS.<\/p>\n<p> ASENSOR. 1 GARAJE. <\/p>\n<p>IDEAL PARA UN CONSULTORIO M\u00c9DICO, OFICINA DE ABOGADOS, CENTRO DE NEGOCIOS, PUNTO DE PROYECTOS, CALLCENTER; ETC. <\/p>\n<p>UBICADA Y POSICIONADA MUY CERCANA A LA AVENIDA NOVENA; CARRERA ONCE; CALLE 127 Y EQUIDISTANTE A LA AV CARRERA S\u00c9PTIMA.<\/p>\n<p>PR\u00d3XIMA A TODA LA ZONA DE NEGOCIOS DE USAQU\u00c9N; FUNDACI\u00d3N SANTA FE; CC HACIENDA; CUSEZAR, ZONA COMERCIAL; MEDICA Y BANCARIA.<\/p>\n<p>CONTACTO INICIAL POR V\u00cdA LLAMADA. EL INTERESAD@ DEBE PROPORCIONAR INFORMACI\u00d3N PERSONAL VERIFICABLE\u2705\ufe0f<\/p>\n<p>INFORME<br \/>\ntres quince dos veintiuno sesenta y tres noventa y uno<\/p>\n","protected":false},"excerpt":{"rendered":"\u00a1 OPORTUNIDAD ! ARRIENDO OFICINA EN EL BARRIO SANTA B\u00c1RBARA,...","protected":false},"author":7930,"featured_media":241259,"template":"","es_locations":[110,77,269],"es_categories":[124],"es_types":[116],"es_rent_periods":[],"es_labels":[],"es_statuses":[],"es_parkings":[],"es_roofs":[],"es_exterior_materials":[],"es_basements":[],"es_floor_coverings":[],"es_features":[149,150,131,2224,2131,2302,2388,2226,2178,2216,2132,2389,2134,2239,2136,2297,2137,2152],"es_amenities":[2329,2387,152,2247,2139,2303,2395,2251,2193,156,2140,2397,2141,2256,2143,2299,2144,2162],"es_neighborhoods":[],"es_tags":[],"class_list":["post-241256","properties","type-properties","status-publish","has-post-thumbnail","hentry","es_location-bogota","es_location-bogota-d-c","es_location-santa-barbara-central","es_category-arriendo","es_type-oficinas","es_feature-aire-acondicionado","es_feature-alarma","es_feature-ascensor","es_feature-cableado-de-red","es_feature-circuito-cerrado-de-tv","es_feature-cocineta","es_feature-control-de-acceso-digital","es_feature-escalera-de-emergencia","es_feature-garaje-cubierto","es_feature-parqueadero-visitantes","es_feature-parques-cercanos","es_feature-salon-de-videoconferencias","es_feature-servicios-publicos","es_feature-sobre-via-secundaria","es_feature-trans-publico-cercano","es_feature-ubicada-en-edificio","es_feature-zona-comercial","es_feature-zona-residencial","es_amenity-aire-acondicionado","es_amenity-alarma","es_amenity-ascensor-privado","es_amenity-cableado-de-red","es_amenity-circuito-cerrado-de-tv","es_amenity-cocineta","es_amenity-control-de-acceso-digital","es_amenity-escalera-de-emergencia","es_amenity-garaje-cubierto","es_amenity-parqueadero-visitantes","es_amenity-parques-cercanos","es_amenity-salon-de-videoconferencias","es_amenity-servicios-publicos","es_amenity-sobre-via-secundaria","es_amenity-trans-publico-cercano","es_amenity-ubicada-en-edificio","es_amenity-zona-comercial","es_amenity-zona-residencial","es-post-entity"],"_links":{"self":[{"href":"https:\/\/arriendo.com\/co\/wp-json\/wp\/v2\/properties\/241256","targetHints":{"allow":["GET"]}}],"collection":[{"href":"https:\/\/arriendo.com\/co\/wp-json\/wp\/v2\/properties"}],"about":[{"href":"https:\/\/arriendo.com\/co\/wp-json\/wp\/v2\/types\/properties"}],"author":[{"embeddable":true,"href":"https:\/\/arriendo.com\/co\/wp-json\/wp\/v2\/users\/7930"}],"version-history":[{"count":0,"href":"https:\/\/arriendo.com\/co\/wp-json\/wp\/v2\/properties\/241256\/revisions"}],"wp:featuredmedia":[{"embeddable":true,"href":"https:\/\/arriendo.com\/co\/wp-json\/wp\/v2\/media\/241259"}],"wp:attachment":[{"href":"https:\/\/arriendo.com\/co\/wp-json\/wp\/v2\/media?parent=241256"}],"wp:term":[{"taxonomy":"es_location","embeddable":true,"href":"https:\/\/arriendo.com\/co\/wp-json\/wp\/v2\/es_locations?post=241256"},{"taxonomy":"es_category","embeddable":true,"href":"https:\/\/arriendo.com\/co\/wp-json\/wp\/v2\/es_categories?post=241256"},{"taxonomy":"es_type","embeddable":true,"href":"https:\/\/arriendo.com\/co\/wp-json\/wp\/v2\/es_types?post=241256"},{"taxonomy":"es_rent_period","embeddable":true,"href":"https:\/\/arriendo.com\/co\/wp-json\/wp\/v2\/es_rent_periods?post=241256"},{"taxonomy":"es_label","embeddable":true,"href":"https:\/\/arriendo.com\/co\/wp-json\/wp\/v2\/es_labels?post=241256"},{"taxonomy":"es_status","embeddable":true,"href":"https:\/\/arriendo.com\/co\/wp-json\/wp\/v2\/es_statuses?post=241256"},{"taxonomy":"es_parking","embeddable":true,"href":"https:\/\/arriendo.com\/co\/wp-json\/wp\/v2\/es_parkings?post=241256"},{"taxonomy":"es_roof","embeddable":true,"href":"https:\/\/arriendo.com\/co\/wp-json\/wp\/v2\/es_roofs?post=241256"},{"taxonomy":"es_exterior_material","embeddable":true,"href":"https:\/\/arriendo.com\/co\/wp-json\/wp\/v2\/es_exterior_materials?post=241256"},{"taxonomy":"es_basement","embeddable":true,"href":"https:\/\/arriendo.com\/co\/wp-json\/wp\/v2\/es_basements?post=241256"},{"taxonomy":"es_floor_covering","embeddable":true,"href":"https:\/\/arriendo.com\/co\/wp-json\/wp\/v2\/es_floor_coverings?post=241256"},{"taxonomy":"es_feature","embeddable":true,"href":"https:\/\/arriendo.com\/co\/wp-json\/wp\/v2\/es_features?post=241256"},{"taxonomy":"es_amenity","embeddable":true,"href":"https:\/\/arriendo.com\/co\/wp-json\/wp\/v2\/es_amenities?post=241256"},{"taxonomy":"es_neighborhood","embeddable":true,"href":"https:\/\/arriendo.com\/co\/wp-json\/wp\/v2\/es_neighborhoods?post=241256"},{"taxonomy":"es_tag","embeddable":true,"href":"https:\/\/arriendo.com\/co\/wp-json\/wp\/v2\/es_tags?post=241256"}],"curies":[{"name":"wp","href":"https:\/\/api.w.org\/{rel}","templated":true}]}}

Oficina en Arriendo en Santa barbara central, Bogotá

<p>¡ OPORTUNIDAD !</p>
<p>ARRIENDO OFICINA EN EL BARRIO SANTA BÁRBARA, A UNA CALLE ARRIBA DE LA AVENIDA NOVENA.</p>
<p>27M2 !<br />
UBICADÍSIMA</p>
<p>1,820.000!!!<br />
 &#8220;( ESTE PRECIO INCLUYE LA ADMINISTRACIÓN)&#8221;</p>
<p>/Valor discriminado de la Admón son $320.000/</p>
<p>BUENA ENTRADA DE LUZ NATURAL Y CERO DECIBELES. </p>
<p>ESTÁ CONSTITUÍDA EN DOS ÁREAS DIVIDIDAS: [ÁREA GERENCIAL Y; ÁREA ABIERTA PARA 3 O 4 PUESTOS DE TRABAJO]. CUARTO PEQUEÑO CON COCINETA.✔️ </p>
<p>_ BATERIA DE BAÑOS COMUNALES EN CADA PISO. SALA DE ESPERA. </p>
<p>EDIFICIO SISTEMATIZADO. FIBRA OPTICA; LA OFICINA ESTÁ CABLEADA PARA VOZ Y DATOS.</p>
<p>_ EL EDIFICIO CUENTA CON SALA DE JUNTAS.</p>
<p> ASENSOR. 1 GARAJE. </p>
<p>IDEAL PARA UN CONSULTORIO MÉDICO, OFICINA DE ABOGADOS, CENTRO DE NEGOCIOS, PUNTO DE PROYECTOS, CALLCENTER; ETC. </p>
<p>UBICADA Y POSICIONADA MUY CERCANA A LA AVENIDA NOVENA; CARRERA ONCE; CALLE 127 Y EQUIDISTANTE A LA AV CARRERA SÉPTIMA.</p>
<p>PRÓXIMA A TODA LA ZONA DE NEGOCIOS DE USAQUÉN; FUNDACIÓN SANTA FE; CC HACIENDA; CUSEZAR, ZONA COMERCIAL; MEDICA Y BANCARIA.</p>
<p>CONTACTO INICIAL POR VÍA LLAMADA. EL INTERESAD@ DEBE PROPORCIONAR INFORMACIÓN PERSONAL VERIFICABLE✅️</p>
<p>INFORME<br />
tres quince dos veintiuno sesenta y tres noventa y uno</p>

¡ OPORTUNIDAD ! ARRIENDO OFICINA EN EL BARRIO SANTA BÁRBARA,...
