{"id":241239,"date":"2026-01-28T17:01:45","date_gmt":"2026-01-28T22:01:45","guid":{"rendered":"https:\/\/arriendo.com\/co\/%es_type%\/%address_city%\/%neighborhood%\/bogota-pasadena-casa-en-arriendo-en-9254ee\/"},"modified":"2026-01-28T17:01:45","modified_gmt":"2026-01-28T22:01:45","slug":"AR-241239","status":"publish","type":"properties","link":"https:\/\/arriendo.com\/co\/casas\/bogota\/pasadena\/AR-241239\/","title":{"rendered":"Casa en Arriendo en Pasadena, Bogot\u00e1"},"content":{"rendered":"<p>ARRIENDO CASA REMODELADA PARA EMPRESAS; OFICINAS Y\/O VIVIENDA  \/ PASADENA, BOGOTA<\/p>\n<p>Arriendo Casa Remodelada para &#8216;USO MIXTO&#8217;. Ubicada en el barrio Pasadena, Bogot\u00e1.<\/p>\n<p>Se encuentra ubicada en un punto muy estrat\u00e9gico para Negocios, cercana a la Calle 106 y todo el conglomerado Empresarial y de oficinas de la Autopista.<\/p>\n<p>\u00c1rea: 200 M2<br \/>\nConstru\u00eddos: 240 M2<\/p>\n<p>Ideal Para: Empresas; EPS; Consultorios; Coworking; Callcenter; Centro M\u00e9dico; Abogados; Centro de Servicios; Centro de Capacitaci\u00f3n de Ventas; Institutos; Geriatrico; Log\u00edstica; E.T.C. <\/p>\n<p>La Casa est\u00e1 constitu\u00edda de Dos Pisos. <\/p>\n<p>Consta de una sala muy Amplia; Comedor Independiente + cinco (5) espacios que puede constituir para zonas de trabajo o Habitaciones; tres (3) Ba\u00f1os; Chimenea; Estudio; Cocina el\u00e9ctrica con posibilidad de modificar a Gas si el arrendatario lo requiere. Electricidad Trif\u00e1sica.<\/p>\n<p>Cuatro Puestos de Garaje que se puede asumir como una zona de terraza . Jard\u00edn Exterior e Interior. Amplio Dep\u00f3sito en zona de garajes. Lavander\u00eda.<\/p>\n<p>Techo Restaurado, Tanque de Reserva Para Agua Pl\u00e1stico. Tuber\u00eda Nueva General en PVC. <\/p>\n<p>La Casa cuenta con Cerramiento Exterior. Tiene Vista abierta a Parque y, al entorno de 4 calles.<\/p>\n<p>El Inmueble est\u00e1 Posicionado Junto a una Gran Bah\u00eda de Parqueo de visitantes; Muy Cercana al Centro Empresarial Paralelo 108 Y; La Estaci\u00f3n Transmilenio de la Calle 106 conAutopista norte.<\/p>\n<p>. Estrato 5<\/p>\n<p>\/ ***pesos.<br \/>\n+ Celadur\u00eda de Cuadra: 300.000<\/p>\n<p>Documentos a trav\u00e9s de Aseguradora.<\/p>\n<p>Importante:<br \/>\nContacto inicial; Se Valida Informaci\u00f3n Mediante Cita Previa por v\u00eda llamada. <\/p>\n<p>Informes<br \/>\ntres quince dos veintiuno sesenta y tr\u00e9s noventa y uno<\/p>\n","protected":false},"excerpt":{"rendered":"ARRIENDO CASA REMODELADA PARA EMPRESAS; OFICINAS Y\/O VIVIENDA \/ PASADENA,...","protected":false},"author":7930,"featured_media":241242,"template":"","es_locations":[110,77,241],"es_categories":[124],"es_types":[115],"es_rent_periods":[],"es_labels":[],"es_statuses":[],"es_parkings":[],"es_roofs":[],"es_exterior_materials":[],"es_basements":[],"es_floor_coverings":[],"es_features":[2212,2145,134,2148,2312,2331,151,2225,136,2149,2282,2203,2216,2132,2220,2272,2181,2150,143,2136,144,2137,2151,2152,2204],"es_amenities":[2217,2153,2313,2157,2314,2332,2270,2250,2158,2159,2287,2208,156,2140,2221,2273,2161,2290,2143,161,2289,2144,162,2162,2209],"es_neighborhoods":[],"es_tags":[],"class_list":["post-241239","properties","type-properties","status-publish","has-post-thumbnail","hentry","es_location-bogota","es_location-bogota-d-c","es_location-pasadena","es_category-arriendo","es_type-casas","es_feature-bano-auxiliar","es_feature-calentador","es_feature-chimenea","es_feature-colegios-universidades","es_feature-comedor-auxiliar","es_feature-cuarto-de-servicio","es_feature-deposito-bodega","es_feature-despensa","es_feature-estudio","es_feature-garajes","es_feature-hall-de-alcobas","es_feature-jardines-exteriores","es_feature-parqueadero-visitantes","es_feature-parques-cercanos","es_feature-patio","es_feature-piso-en-baldosa-marmol","es_feature-porteria-vigilancia","es_feature-supermercados-c-comerciales","es_feature-terraza","es_feature-trans-publico-cercano","es_feature-vista-panoramica","es_feature-zona-comercial","es_feature-zona-de-lavanderia","es_feature-zona-residencial","es_feature-zonas-verdes","es_amenity-bano-auxiliar","es_amenity-calentador","es_amenity-chimenea","es_amenity-colegios-universidades","es_amenity-comedor-auxiliar","es_amenity-cuarto-de-servicio","es_amenity-deposito-bodega","es_amenity-despensa","es_amenity-estudio","es_amenity-garajes","es_amenity-hall-de-alcobas","es_amenity-jardines-exteriores","es_amenity-parqueadero-visitantes","es_amenity-parques-cercanos","es_amenity-patio","es_amenity-piso-en-baldosa-marmol","es_amenity-supermercados-c-comerciales","es_amenity-terraza","es_amenity-trans-publico-cercano","es_amenity-vigilancia-24-7","es_amenity-vista-panoramica","es_amenity-zona-comercial","es_amenity-zona-de-lavanderia","es_amenity-zona-residencial","es_amenity-zonas-verdes","es-post-entity"],"_links":{"self":[{"href":"https:\/\/arriendo.com\/co\/wp-json\/wp\/v2\/properties\/241239","targetHints":{"allow":["GET"]}}],"collection":[{"href":"https:\/\/arriendo.com\/co\/wp-json\/wp\/v2\/properties"}],"about":[{"href":"https:\/\/arriendo.com\/co\/wp-json\/wp\/v2\/types\/properties"}],"author":[{"embeddable":true,"href":"https:\/\/arriendo.com\/co\/wp-json\/wp\/v2\/users\/7930"}],"version-history":[{"count":0,"href":"https:\/\/arriendo.com\/co\/wp-json\/wp\/v2\/properties\/241239\/revisions"}],"wp:featuredmedia":[{"embeddable":true,"href":"https:\/\/arriendo.com\/co\/wp-json\/wp\/v2\/media\/241242"}],"wp:attachment":[{"href":"https:\/\/arriendo.com\/co\/wp-json\/wp\/v2\/media?parent=241239"}],"wp:term":[{"taxonomy":"es_location","embeddable":true,"href":"https:\/\/arriendo.com\/co\/wp-json\/wp\/v2\/es_locations?post=241239"},{"taxonomy":"es_category","embeddable":true,"href":"https:\/\/arriendo.com\/co\/wp-json\/wp\/v2\/es_categories?post=241239"},{"taxonomy":"es_type","embeddable":true,"href":"https:\/\/arriendo.com\/co\/wp-json\/wp\/v2\/es_types?post=241239"},{"taxonomy":"es_rent_period","embeddable":true,"href":"https:\/\/arriendo.com\/co\/wp-json\/wp\/v2\/es_rent_periods?post=241239"},{"taxonomy":"es_label","embeddable":true,"href":"https:\/\/arriendo.com\/co\/wp-json\/wp\/v2\/es_labels?post=241239"},{"taxonomy":"es_status","embeddable":true,"href":"https:\/\/arriendo.com\/co\/wp-json\/wp\/v2\/es_statuses?post=241239"},{"taxonomy":"es_parking","embeddable":true,"href":"https:\/\/arriendo.com\/co\/wp-json\/wp\/v2\/es_parkings?post=241239"},{"taxonomy":"es_roof","embeddable":true,"href":"https:\/\/arriendo.com\/co\/wp-json\/wp\/v2\/es_roofs?post=241239"},{"taxonomy":"es_exterior_material","embeddable":true,"href":"https:\/\/arriendo.com\/co\/wp-json\/wp\/v2\/es_exterior_materials?post=241239"},{"taxonomy":"es_basement","embeddable":true,"href":"https:\/\/arriendo.com\/co\/wp-json\/wp\/v2\/es_basements?post=241239"},{"taxonomy":"es_floor_covering","embeddable":true,"href":"https:\/\/arriendo.com\/co\/wp-json\/wp\/v2\/es_floor_coverings?post=241239"},{"taxonomy":"es_feature","embeddable":true,"href":"https:\/\/arriendo.com\/co\/wp-json\/wp\/v2\/es_features?post=241239"},{"taxonomy":"es_amenity","embeddable":true,"href":"https:\/\/arriendo.com\/co\/wp-json\/wp\/v2\/es_amenities?post=241239"},{"taxonomy":"es_neighborhood","embeddable":true,"href":"https:\/\/arriendo.com\/co\/wp-json\/wp\/v2\/es_neighborhoods?post=241239"},{"taxonomy":"es_tag","embeddable":true,"href":"https:\/\/arriendo.com\/co\/wp-json\/wp\/v2\/es_tags?post=241239"}],"curies":[{"name":"wp","href":"https:\/\/api.w.org\/{rel}","templated":true}]}}

Casa en Arriendo en Pasadena, Bogotá

<p>ARRIENDO CASA REMODELADA PARA EMPRESAS; OFICINAS Y/O VIVIENDA  / PASADENA, BOGOTA</p>
<p>Arriendo Casa Remodelada para &#8216;USO MIXTO&#8217;. Ubicada en el barrio Pasadena, Bogotá.</p>
<p>Se encuentra ubicada en un punto muy estratégico para Negocios, cercana a la Calle 106 y todo el conglomerado Empresarial y de oficinas de la Autopista.</p>
<p>Área: 200 M2<br />
Construídos: 240 M2</p>
<p>Ideal Para: Empresas; EPS; Consultorios; Coworking; Callcenter; Centro Médico; Abogados; Centro de Servicios; Centro de Capacitación de Ventas; Institutos; Geriatrico; Logística; E.T.C. </p>
<p>La Casa está constituída de Dos Pisos. </p>
<p>Consta de una sala muy Amplia; Comedor Independiente + cinco (5) espacios que puede constituir para zonas de trabajo o Habitaciones; tres (3) Baños; Chimenea; Estudio; Cocina eléctrica con posibilidad de modificar a Gas si el arrendatario lo requiere. Electricidad Trifásica.</p>
<p>Cuatro Puestos de Garaje que se puede asumir como una zona de terraza . Jardín Exterior e Interior. Amplio Depósito en zona de garajes. Lavandería.</p>
<p>Techo Restaurado, Tanque de Reserva Para Agua Plástico. Tubería Nueva General en PVC. </p>
<p>La Casa cuenta con Cerramiento Exterior. Tiene Vista abierta a Parque y, al entorno de 4 calles.</p>
<p>El Inmueble está Posicionado Junto a una Gran Bahía de Parqueo de visitantes; Muy Cercana al Centro Empresarial Paralelo 108 Y; La Estación Transmilenio de la Calle 106 conAutopista norte.</p>
<p>. Estrato 5</p>
<p>/ ***pesos.<br />
+ Celaduría de Cuadra: 300.000</p>
<p>Documentos a través de Aseguradora.</p>
<p>Importante:<br />
Contacto inicial; Se Valida Información Mediante Cita Previa por vía llamada. </p>
<p>Informes<br />
tres quince dos veintiuno sesenta y trés noventa y uno</p>
