{"id":241033,"date":"2026-01-28T16:42:44","date_gmt":"2026-01-28T21:42:44","guid":{"rendered":"https:\/\/arriendo.com\/co\/%es_type%\/%address_city%\/%neighborhood%\/bucaramanga-conjunto-provincia-de-soto-etapa-i-bodega-en-arriendo-en-4e39cd\/"},"modified":"2026-01-28T16:42:45","modified_gmt":"2026-01-28T21:42:45","slug":"AR-241033","status":"publish","type":"properties","link":"https:\/\/arriendo.com\/co\/bodegas\/bucaramanga\/conjunto-provincia-de-soto-etapa-i\/AR-241033\/","title":{"rendered":"Bodega en Arriendo en Conjunto provincia de soto etapa i, Bucaramanga"},"content":{"rendered":"<p>Inmuebles y Rentas de Santander tiene el gusto de presentar en arriendo una excelente bodega ubicada estrat\u00e9gicamente en el corredor industrial entre Gir\u00f3n y Bucaramanga en el kilometro 4, una zona de alto desarrollo log\u00edstico y empresarial.<\/p>\n<p>* Ubicaci\u00f3n privilegiada<br \/>\n* \u00c1rea total: 670 m\u00b2<br \/>\n* Altura libre: 7 metros<br \/>\n* Acceso: Port\u00f3n met\u00e1lico de gran formato para ingreso de veh\u00edculos de carga<br \/>\n* Oficinas: Espacio administrativo en segundo nivel 70mts aprox.<br \/>\n* Ba\u00f1os: 3 unidades, distribuidos para operaci\u00f3n sanitario y ducha y personal administrativo dos sanitarios.<br \/>\n* La bodega no esta dentro de conjunto.<\/p>\n<p>Esta bodega es ideal para operaciones log\u00edsticas, almacenamiento, distribuci\u00f3n o transformaci\u00f3n ligera. Su ubicaci\u00f3n permite r\u00e1pida conexi\u00f3n con v\u00edas principales y acceso \u00e1gil a centros urbanos y corredores viales. <\/p>\n<p>* Canon de arrendamiento: $14.000.000 + IVA<\/p>\n","protected":false},"excerpt":{"rendered":"Inmuebles y Rentas de Santander tiene el gusto de presentar...","protected":false},"author":6512,"featured_media":241035,"template":"","es_locations":[175,2843,104],"es_categories":[124],"es_types":[121],"es_rent_periods":[],"es_labels":[],"es_statuses":[],"es_parkings":[],"es_roofs":[],"es_exterior_materials":[],"es_basements":[],"es_floor_coverings":[],"es_features":[2335,2353,2688,2265,2275,2200,2233,2355,2357,2351,2337,2236,2134,2239,2136,2300],"es_amenities":[2338,2358,2689,2268,2277,2205,2248,2360,2362,2352,2340,2253,2141,2256,2143,2301],"es_neighborhoods":[],"es_tags":[],"class_list":["post-241033","properties","type-properties","status-publish","has-post-thumbnail","hentry","es_location-bucaramanga","es_location-conjunto-provincia-de-soto-etapa-i","es_location-santander","es_category-arriendo","es_type-bodegas","es_feature-acceso-para-camiones","es_feature-acceso-para-tractomulas","es_feature-altura-restringida","es_feature-bahia-exterior-de-parqueo","es_feature-bombas-de-gasolina","es_feature-cerca-a-sector-comercial","es_feature-cerca-de-zona-urbana","es_feature-oficinas-administrativas","es_feature-parqueadero-interno","es_feature-piso-de-alta-resistencia","es_feature-piso-en-cemento","es_feature-restaurantes","es_feature-servicios-publicos","es_feature-sobre-via-secundaria","es_feature-trans-publico-cercano","es_feature-zona-industrial","es_amenity-acceso-para-camiones","es_amenity-acceso-para-tractomulas","es_amenity-altura-restringida","es_amenity-bahia-exterior-de-parqueo","es_amenity-bombas-de-gasolina","es_amenity-cerca-a-sector-comercial","es_amenity-cerca-de-zona-urbana","es_amenity-oficinas-administrativas","es_amenity-parqueadero-interno","es_amenity-piso-de-alta-resistencia","es_amenity-piso-en-cemento","es_amenity-restaurantes","es_amenity-servicios-publicos","es_amenity-sobre-via-secundaria","es_amenity-trans-publico-cercano","es_amenity-zona-industrial","es-post-entity"],"_links":{"self":[{"href":"https:\/\/arriendo.com\/co\/wp-json\/wp\/v2\/properties\/241033","targetHints":{"allow":["GET"]}}],"collection":[{"href":"https:\/\/arriendo.com\/co\/wp-json\/wp\/v2\/properties"}],"about":[{"href":"https:\/\/arriendo.com\/co\/wp-json\/wp\/v2\/types\/properties"}],"author":[{"embeddable":true,"href":"https:\/\/arriendo.com\/co\/wp-json\/wp\/v2\/users\/6512"}],"version-history":[{"count":0,"href":"https:\/\/arriendo.com\/co\/wp-json\/wp\/v2\/properties\/241033\/revisions"}],"wp:featuredmedia":[{"embeddable":true,"href":"https:\/\/arriendo.com\/co\/wp-json\/wp\/v2\/media\/241035"}],"wp:attachment":[{"href":"https:\/\/arriendo.com\/co\/wp-json\/wp\/v2\/media?parent=241033"}],"wp:term":[{"taxonomy":"es_location","embeddable":true,"href":"https:\/\/arriendo.com\/co\/wp-json\/wp\/v2\/es_locations?post=241033"},{"taxonomy":"es_category","embeddable":true,"href":"https:\/\/arriendo.com\/co\/wp-json\/wp\/v2\/es_categories?post=241033"},{"taxonomy":"es_type","embeddable":true,"href":"https:\/\/arriendo.com\/co\/wp-json\/wp\/v2\/es_types?post=241033"},{"taxonomy":"es_rent_period","embeddable":true,"href":"https:\/\/arriendo.com\/co\/wp-json\/wp\/v2\/es_rent_periods?post=241033"},{"taxonomy":"es_label","embeddable":true,"href":"https:\/\/arriendo.com\/co\/wp-json\/wp\/v2\/es_labels?post=241033"},{"taxonomy":"es_status","embeddable":true,"href":"https:\/\/arriendo.com\/co\/wp-json\/wp\/v2\/es_statuses?post=241033"},{"taxonomy":"es_parking","embeddable":true,"href":"https:\/\/arriendo.com\/co\/wp-json\/wp\/v2\/es_parkings?post=241033"},{"taxonomy":"es_roof","embeddable":true,"href":"https:\/\/arriendo.com\/co\/wp-json\/wp\/v2\/es_roofs?post=241033"},{"taxonomy":"es_exterior_material","embeddable":true,"href":"https:\/\/arriendo.com\/co\/wp-json\/wp\/v2\/es_exterior_materials?post=241033"},{"taxonomy":"es_basement","embeddable":true,"href":"https:\/\/arriendo.com\/co\/wp-json\/wp\/v2\/es_basements?post=241033"},{"taxonomy":"es_floor_covering","embeddable":true,"href":"https:\/\/arriendo.com\/co\/wp-json\/wp\/v2\/es_floor_coverings?post=241033"},{"taxonomy":"es_feature","embeddable":true,"href":"https:\/\/arriendo.com\/co\/wp-json\/wp\/v2\/es_features?post=241033"},{"taxonomy":"es_amenity","embeddable":true,"href":"https:\/\/arriendo.com\/co\/wp-json\/wp\/v2\/es_amenities?post=241033"},{"taxonomy":"es_neighborhood","embeddable":true,"href":"https:\/\/arriendo.com\/co\/wp-json\/wp\/v2\/es_neighborhoods?post=241033"},{"taxonomy":"es_tag","embeddable":true,"href":"https:\/\/arriendo.com\/co\/wp-json\/wp\/v2\/es_tags?post=241033"}],"curies":[{"name":"wp","href":"https:\/\/api.w.org\/{rel}","templated":true}]}}

<p>Inmuebles y Rentas de Santander tiene el gusto de presentar en arriendo una excelente bodega ubicada estratégicamente en el corredor industrial entre Girón y Bucaramanga en el kilometro 4, una zona de alto desarrollo logístico y empresarial.</p>
<p>* Ubicación privilegiada<br />
* Área total: 670 m²<br />
* Altura libre: 7 metros<br />
* Acceso: Portón metálico de gran formato para ingreso de vehículos de carga<br />
* Oficinas: Espacio administrativo en segundo nivel 70mts aprox.<br />
* Baños: 3 unidades, distribuidos para operación sanitario y ducha y personal administrativo dos sanitarios.<br />
* La bodega no esta dentro de conjunto.</p>
<p>Esta bodega es ideal para operaciones logísticas, almacenamiento, distribución o transformación ligera. Su ubicación permite rápida conexión con vías principales y acceso ágil a centros urbanos y corredores viales. </p>
<p>* Canon de arrendamiento: $14.000.000 + IVA</p>
