{"id":241008,"date":"2026-01-28T16:39:45","date_gmt":"2026-01-28T21:39:45","guid":{"rendered":"https:\/\/arriendo.com\/co\/%es_type%\/%address_city%\/%neighborhood%\/bucaramanga-alarcon-oficina-en-arriendo-14ecf0\/"},"modified":"2026-01-28T16:39:45","modified_gmt":"2026-01-28T21:39:45","slug":"AR-241008","status":"publish","type":"properties","link":"https:\/\/arriendo.com\/co\/oficinas\/bucaramanga\/alarcon\/AR-241008\/","title":{"rendered":"Oficina en  Arriendo en Alarcon, Bucaramanga"},"content":{"rendered":"<p>Inmuebles y Rentas de Santander, te presenta una excelente oportunidad para tu empresa o negocio: oficina tipo vitrina en arriendo, ubicada estrat\u00e9gicamente en el barrio Alarc\u00f3n. A solo una cuadra de la Fiscal\u00eda y la Electrificadora de Santander, y a tan solo 3 minutos del centro de la ciudad. <\/p>\n<p>Este espacio de 35 m\u00b2 aproximadamente, cuenta con un sal\u00f3n amplio y un ba\u00f1o privado. La oficina se encuentra en el segundo piso de un edificio, ideal para empresas o emprendimientos que busquen una ubicaci\u00f3n privilegiada y de f\u00e1cil acceso. Tiene un canon de $1.000.000=  m\u00e1s Admon de $420.000= (El valor aqu\u00ed expuesto esta sujeto a modificaciones seg\u00fan la oferta y demanda)<\/p>\n<p>\u00a1No busques m\u00e1s, tu negocio merece estar aqu\u00ed!<\/p>\n","protected":false},"excerpt":{"rendered":"Inmuebles y Rentas de Santander, te presenta una excelente oportunidad...","protected":false},"author":6512,"featured_media":241011,"template":"","es_locations":[1962,175,104],"es_categories":[124],"es_types":[116],"es_rent_periods":[],"es_labels":[],"es_statuses":[],"es_parkings":[],"es_roofs":[],"es_exterior_materials":[],"es_basements":[],"es_floor_coverings":[],"es_features":[2328,2131,2132,2272,2134,2239,143,2136,2297,2137,2152],"es_amenities":[2330,2139,2140,2273,2141,2256,2290,2143,2299,2144,2162],"es_neighborhoods":[],"es_tags":[],"class_list":["post-241008","properties","type-properties","status-publish","has-post-thumbnail","hentry","es_location-alarcon","es_location-bucaramanga","es_location-santander","es_category-arriendo","es_type-oficinas","es_feature-banos-mixtos","es_feature-circuito-cerrado-de-tv","es_feature-parques-cercanos","es_feature-piso-en-baldosa-marmol","es_feature-servicios-publicos","es_feature-sobre-via-secundaria","es_feature-terraza","es_feature-trans-publico-cercano","es_feature-ubicada-en-edificio","es_feature-zona-comercial","es_feature-zona-residencial","es_amenity-banos-mixtos","es_amenity-circuito-cerrado-de-tv","es_amenity-parques-cercanos","es_amenity-piso-en-baldosa-marmol","es_amenity-servicios-publicos","es_amenity-sobre-via-secundaria","es_amenity-terraza","es_amenity-trans-publico-cercano","es_amenity-ubicada-en-edificio","es_amenity-zona-comercial","es_amenity-zona-residencial","es-post-entity"],"_links":{"self":[{"href":"https:\/\/arriendo.com\/co\/wp-json\/wp\/v2\/properties\/241008","targetHints":{"allow":["GET"]}}],"collection":[{"href":"https:\/\/arriendo.com\/co\/wp-json\/wp\/v2\/properties"}],"about":[{"href":"https:\/\/arriendo.com\/co\/wp-json\/wp\/v2\/types\/properties"}],"author":[{"embeddable":true,"href":"https:\/\/arriendo.com\/co\/wp-json\/wp\/v2\/users\/6512"}],"version-history":[{"count":0,"href":"https:\/\/arriendo.com\/co\/wp-json\/wp\/v2\/properties\/241008\/revisions"}],"wp:featuredmedia":[{"embeddable":true,"href":"https:\/\/arriendo.com\/co\/wp-json\/wp\/v2\/media\/241011"}],"wp:attachment":[{"href":"https:\/\/arriendo.com\/co\/wp-json\/wp\/v2\/media?parent=241008"}],"wp:term":[{"taxonomy":"es_location","embeddable":true,"href":"https:\/\/arriendo.com\/co\/wp-json\/wp\/v2\/es_locations?post=241008"},{"taxonomy":"es_category","embeddable":true,"href":"https:\/\/arriendo.com\/co\/wp-json\/wp\/v2\/es_categories?post=241008"},{"taxonomy":"es_type","embeddable":true,"href":"https:\/\/arriendo.com\/co\/wp-json\/wp\/v2\/es_types?post=241008"},{"taxonomy":"es_rent_period","embeddable":true,"href":"https:\/\/arriendo.com\/co\/wp-json\/wp\/v2\/es_rent_periods?post=241008"},{"taxonomy":"es_label","embeddable":true,"href":"https:\/\/arriendo.com\/co\/wp-json\/wp\/v2\/es_labels?post=241008"},{"taxonomy":"es_status","embeddable":true,"href":"https:\/\/arriendo.com\/co\/wp-json\/wp\/v2\/es_statuses?post=241008"},{"taxonomy":"es_parking","embeddable":true,"href":"https:\/\/arriendo.com\/co\/wp-json\/wp\/v2\/es_parkings?post=241008"},{"taxonomy":"es_roof","embeddable":true,"href":"https:\/\/arriendo.com\/co\/wp-json\/wp\/v2\/es_roofs?post=241008"},{"taxonomy":"es_exterior_material","embeddable":true,"href":"https:\/\/arriendo.com\/co\/wp-json\/wp\/v2\/es_exterior_materials?post=241008"},{"taxonomy":"es_basement","embeddable":true,"href":"https:\/\/arriendo.com\/co\/wp-json\/wp\/v2\/es_basements?post=241008"},{"taxonomy":"es_floor_covering","embeddable":true,"href":"https:\/\/arriendo.com\/co\/wp-json\/wp\/v2\/es_floor_coverings?post=241008"},{"taxonomy":"es_feature","embeddable":true,"href":"https:\/\/arriendo.com\/co\/wp-json\/wp\/v2\/es_features?post=241008"},{"taxonomy":"es_amenity","embeddable":true,"href":"https:\/\/arriendo.com\/co\/wp-json\/wp\/v2\/es_amenities?post=241008"},{"taxonomy":"es_neighborhood","embeddable":true,"href":"https:\/\/arriendo.com\/co\/wp-json\/wp\/v2\/es_neighborhoods?post=241008"},{"taxonomy":"es_tag","embeddable":true,"href":"https:\/\/arriendo.com\/co\/wp-json\/wp\/v2\/es_tags?post=241008"}],"curies":[{"name":"wp","href":"https:\/\/api.w.org\/{rel}","templated":true}]}}

<p>Inmuebles y Rentas de Santander, te presenta una excelente oportunidad para tu empresa o negocio: oficina tipo vitrina en arriendo, ubicada estratégicamente en el barrio Alarcón. A solo una cuadra de la Fiscalía y la Electrificadora de Santander, y a tan solo 3 minutos del centro de la ciudad. </p>
<p>Este espacio de 35 m² aproximadamente, cuenta con un salón amplio y un baño privado. La oficina se encuentra en el segundo piso de un edificio, ideal para empresas o emprendimientos que busquen una ubicación privilegiada y de fácil acceso. Tiene un canon de $1.000.000=  más Admon de $420.000= (El valor aquí expuesto esta sujeto a modificaciones según la oferta y demanda)</p>
<p>¡No busques más, tu negocio merece estar aquí!</p>
