{"id":240968,"date":"2026-01-28T16:34:44","date_gmt":"2026-01-28T21:34:44","guid":{"rendered":"https:\/\/arriendo.com\/co\/%es_type%\/%address_city%\/%neighborhood%\/floridablanca-canaveral-local-en-arriendo-4cd279\/"},"modified":"2026-01-28T16:34:44","modified_gmt":"2026-01-28T21:34:44","slug":"AR-240968","status":"publish","type":"properties","link":"https:\/\/arriendo.com\/co\/locales\/floridablanca\/canaveral\/AR-240968\/","title":{"rendered":"Local en  Arriendo en Ca\u00f1averal, Floridablanca"},"content":{"rendered":"<p>INMUEBLES Y RENTAS DE SANTANDER tiene disponible en arriendo un exclusivo local comercial con una ubicaci\u00f3n privilegiada: justo frente a la Cl\u00ednica Ardila Lule, en Floridablanca, una zona de alto tr\u00e1fico y excelente visibilidad.<\/p>\n<p>\u2705 Fachada en vidrio: ideal para exhibici\u00f3n de productos o imagen corporativa<br \/>\n\u2705 Espacios abiertos: vers\u00e1tiles y adaptables a cualquier tipo de negocio<br \/>\n\u2705 Ba\u00f1o privado: comodidad para empleados y clientes<\/p>\n<p>Este espacio es perfecto para cl\u00ednicas especializadas, laboratorios, farmacias, oficinas comerciales o cualquier empresa que requiera estar en un punto estrat\u00e9gico.<\/p>\n<p>* Canon mensual: $5.000.000 + IVA<br \/>\n* M\u00e1s Administraci\u00f3n: $600.000<\/p>\n<p>Valor negociable y sujeto a cambios seg\u00fan oferta y demanda.<\/p>\n","protected":false},"excerpt":{"rendered":"INMUEBLES Y RENTAS DE SANTANDER tiene disponible en arriendo un...","protected":false},"author":6512,"featured_media":240971,"template":"","es_locations":[1670,317,104],"es_categories":[124],"es_types":[117],"es_rent_periods":[],"es_labels":[],"es_statuses":[],"es_parkings":[],"es_roofs":[],"es_exterior_materials":[],"es_basements":[],"es_floor_coverings":[],"es_features":[149,2296,2201,2216,2132,2272,2365,2181,2135,2137],"es_amenities":[2329,2298,2206,156,2140,2273,2366,2142,161,2144],"es_neighborhoods":[],"es_tags":[],"class_list":["post-240968","properties","type-properties","status-publish","has-post-thumbnail","hentry","es_location-canaveral","es_location-floridablanca","es_location-santander","es_category-arriendo","es_type-locales","es_feature-aire-acondicionado","es_feature-en-edificio","es_feature-en-zona-comercial","es_feature-parqueadero-visitantes","es_feature-parques-cercanos","es_feature-piso-en-baldosa-marmol","es_feature-planta-electrica","es_feature-porteria-vigilancia","es_feature-sobre-via-principal","es_feature-zona-comercial","es_amenity-aire-acondicionado","es_amenity-en-edificio","es_amenity-en-zona-comercial","es_amenity-parqueadero-visitantes","es_amenity-parques-cercanos","es_amenity-piso-en-baldosa-marmol","es_amenity-planta-electrica","es_amenity-sobre-via-principal","es_amenity-vigilancia-24-7","es_amenity-zona-comercial","es-post-entity"],"_links":{"self":[{"href":"https:\/\/arriendo.com\/co\/wp-json\/wp\/v2\/properties\/240968","targetHints":{"allow":["GET"]}}],"collection":[{"href":"https:\/\/arriendo.com\/co\/wp-json\/wp\/v2\/properties"}],"about":[{"href":"https:\/\/arriendo.com\/co\/wp-json\/wp\/v2\/types\/properties"}],"author":[{"embeddable":true,"href":"https:\/\/arriendo.com\/co\/wp-json\/wp\/v2\/users\/6512"}],"version-history":[{"count":0,"href":"https:\/\/arriendo.com\/co\/wp-json\/wp\/v2\/properties\/240968\/revisions"}],"wp:featuredmedia":[{"embeddable":true,"href":"https:\/\/arriendo.com\/co\/wp-json\/wp\/v2\/media\/240971"}],"wp:attachment":[{"href":"https:\/\/arriendo.com\/co\/wp-json\/wp\/v2\/media?parent=240968"}],"wp:term":[{"taxonomy":"es_location","embeddable":true,"href":"https:\/\/arriendo.com\/co\/wp-json\/wp\/v2\/es_locations?post=240968"},{"taxonomy":"es_category","embeddable":true,"href":"https:\/\/arriendo.com\/co\/wp-json\/wp\/v2\/es_categories?post=240968"},{"taxonomy":"es_type","embeddable":true,"href":"https:\/\/arriendo.com\/co\/wp-json\/wp\/v2\/es_types?post=240968"},{"taxonomy":"es_rent_period","embeddable":true,"href":"https:\/\/arriendo.com\/co\/wp-json\/wp\/v2\/es_rent_periods?post=240968"},{"taxonomy":"es_label","embeddable":true,"href":"https:\/\/arriendo.com\/co\/wp-json\/wp\/v2\/es_labels?post=240968"},{"taxonomy":"es_status","embeddable":true,"href":"https:\/\/arriendo.com\/co\/wp-json\/wp\/v2\/es_statuses?post=240968"},{"taxonomy":"es_parking","embeddable":true,"href":"https:\/\/arriendo.com\/co\/wp-json\/wp\/v2\/es_parkings?post=240968"},{"taxonomy":"es_roof","embeddable":true,"href":"https:\/\/arriendo.com\/co\/wp-json\/wp\/v2\/es_roofs?post=240968"},{"taxonomy":"es_exterior_material","embeddable":true,"href":"https:\/\/arriendo.com\/co\/wp-json\/wp\/v2\/es_exterior_materials?post=240968"},{"taxonomy":"es_basement","embeddable":true,"href":"https:\/\/arriendo.com\/co\/wp-json\/wp\/v2\/es_basements?post=240968"},{"taxonomy":"es_floor_covering","embeddable":true,"href":"https:\/\/arriendo.com\/co\/wp-json\/wp\/v2\/es_floor_coverings?post=240968"},{"taxonomy":"es_feature","embeddable":true,"href":"https:\/\/arriendo.com\/co\/wp-json\/wp\/v2\/es_features?post=240968"},{"taxonomy":"es_amenity","embeddable":true,"href":"https:\/\/arriendo.com\/co\/wp-json\/wp\/v2\/es_amenities?post=240968"},{"taxonomy":"es_neighborhood","embeddable":true,"href":"https:\/\/arriendo.com\/co\/wp-json\/wp\/v2\/es_neighborhoods?post=240968"},{"taxonomy":"es_tag","embeddable":true,"href":"https:\/\/arriendo.com\/co\/wp-json\/wp\/v2\/es_tags?post=240968"}],"curies":[{"name":"wp","href":"https:\/\/api.w.org\/{rel}","templated":true}]}}

Local en  Arriendo en Cañaveral, Floridablanca

<p>INMUEBLES Y RENTAS DE SANTANDER tiene disponible en arriendo un exclusivo local comercial con una ubicación privilegiada: justo frente a la Clínica Ardila Lule, en Floridablanca, una zona de alto tráfico y excelente visibilidad.</p>
<p>✅ Fachada en vidrio: ideal para exhibición de productos o imagen corporativa<br />
✅ Espacios abiertos: versátiles y adaptables a cualquier tipo de negocio<br />
✅ Baño privado: comodidad para empleados y clientes</p>
<p>Este espacio es perfecto para clínicas especializadas, laboratorios, farmacias, oficinas comerciales o cualquier empresa que requiera estar en un punto estratégico.</p>
<p>* Canon mensual: $5.000.000 + IVA<br />
* Más Administración: $600.000</p>
<p>Valor negociable y sujeto a cambios según oferta y demanda.</p>
