{"id":240296,"date":"2026-01-28T15:37:44","date_gmt":"2026-01-28T20:37:44","guid":{"rendered":"https:\/\/arriendo.com\/co\/%es_type%\/%address_city%\/%neighborhood%\/jamundi-parque-natura-apartamento-en-arriendo-en-8875f0\/"},"modified":"2026-01-28T15:37:44","modified_gmt":"2026-01-28T20:37:44","slug":"AR-240296","status":"publish","type":"properties","link":"https:\/\/arriendo.com\/co\/apartamentos\/jamundi\/parque-natura\/AR-240296\/","title":{"rendered":"Apartamento en Arriendo en Parque Natura, Jamund\u00ed"},"content":{"rendered":"<p>Alquiler de Hermoso apartamento en el Conjunto Residencial Altea, en Parque Natura, (Jamund\u00ed) Ubicado en 6 piso con ascensor (ULTIMO PISO) , \u00c1rea Construida 76.36 m\u00b2, Cuenta con sala- comedor, balc\u00f3n vista interna, cocina integral, zona de oficios independiente, ba\u00f1o social, 3 habitaciones, la alcoba principal con ba\u00f1o y Vestier se entrega con aire acondicionado, las  otras dos  habitaciones con closet, zona de estudio. El conjunto cuenta con Parqueadero privado para (1) veh\u00edculo en plataforma, Zona social, Juegos infantiles , Zona BBQ, Cancha m\u00faltiple, piscina adultos y ni\u00f1os. Valor Canon $1,400,000 incluida administraci\u00f3n.<\/p>\n","protected":false},"excerpt":{"rendered":"Alquiler de Hermoso apartamento en el Conjunto Residencial Altea, en...","protected":false},"author":7623,"featured_media":240299,"template":"","es_locations":[1348],"es_categories":[124],"es_types":[114],"es_rent_periods":[],"es_labels":[],"es_statuses":[],"es_parkings":[],"es_roofs":[],"es_exterior_materials":[],"es_basements":[],"es_floor_coverings":[],"es_features":[149,131,132,2211,2146,2180,2182,2167,2227,2135,2136,2184,2185,2152],"es_amenities":[2329,152,2186,2210,2155,157,159,2171,2255,2142,2143,2172,2173,2162],"es_neighborhoods":[],"es_tags":[],"class_list":["post-240296","properties","type-properties","status-publish","has-post-thumbnail","hentry","es_location-parque-natura","es_category-arriendo","es_type-apartamentos","es_feature-aire-acondicionado","es_feature-ascensor","es_feature-balcon","es_feature-canchas-deportivas","es_feature-cocina-integral","es_feature-piscina","es_feature-salon-comunal","es_feature-sauna-turco-jacuzzi","es_feature-shut-de-basura","es_feature-sobre-via-principal","es_feature-trans-publico-cercano","es_feature-zona-de-bbq","es_feature-zona-infantil","es_feature-zona-residencial","es_amenity-aire-acondicionado","es_amenity-ascensor-privado","es_amenity-balcon","es_amenity-canchas-deportivas","es_amenity-cocina-integral","es_amenity-piscina","es_amenity-salon-comunal","es_amenity-sauna-turco-jacuzzi","es_amenity-shut-de-basura","es_amenity-sobre-via-principal","es_amenity-trans-publico-cercano","es_amenity-zona-de-bbq","es_amenity-zona-infantil","es_amenity-zona-residencial","es-post-entity"],"_links":{"self":[{"href":"https:\/\/arriendo.com\/co\/wp-json\/wp\/v2\/properties\/240296","targetHints":{"allow":["GET"]}}],"collection":[{"href":"https:\/\/arriendo.com\/co\/wp-json\/wp\/v2\/properties"}],"about":[{"href":"https:\/\/arriendo.com\/co\/wp-json\/wp\/v2\/types\/properties"}],"author":[{"embeddable":true,"href":"https:\/\/arriendo.com\/co\/wp-json\/wp\/v2\/users\/7623"}],"version-history":[{"count":0,"href":"https:\/\/arriendo.com\/co\/wp-json\/wp\/v2\/properties\/240296\/revisions"}],"wp:featuredmedia":[{"embeddable":true,"href":"https:\/\/arriendo.com\/co\/wp-json\/wp\/v2\/media\/240299"}],"wp:attachment":[{"href":"https:\/\/arriendo.com\/co\/wp-json\/wp\/v2\/media?parent=240296"}],"wp:term":[{"taxonomy":"es_location","embeddable":true,"href":"https:\/\/arriendo.com\/co\/wp-json\/wp\/v2\/es_locations?post=240296"},{"taxonomy":"es_category","embeddable":true,"href":"https:\/\/arriendo.com\/co\/wp-json\/wp\/v2\/es_categories?post=240296"},{"taxonomy":"es_type","embeddable":true,"href":"https:\/\/arriendo.com\/co\/wp-json\/wp\/v2\/es_types?post=240296"},{"taxonomy":"es_rent_period","embeddable":true,"href":"https:\/\/arriendo.com\/co\/wp-json\/wp\/v2\/es_rent_periods?post=240296"},{"taxonomy":"es_label","embeddable":true,"href":"https:\/\/arriendo.com\/co\/wp-json\/wp\/v2\/es_labels?post=240296"},{"taxonomy":"es_status","embeddable":true,"href":"https:\/\/arriendo.com\/co\/wp-json\/wp\/v2\/es_statuses?post=240296"},{"taxonomy":"es_parking","embeddable":true,"href":"https:\/\/arriendo.com\/co\/wp-json\/wp\/v2\/es_parkings?post=240296"},{"taxonomy":"es_roof","embeddable":true,"href":"https:\/\/arriendo.com\/co\/wp-json\/wp\/v2\/es_roofs?post=240296"},{"taxonomy":"es_exterior_material","embeddable":true,"href":"https:\/\/arriendo.com\/co\/wp-json\/wp\/v2\/es_exterior_materials?post=240296"},{"taxonomy":"es_basement","embeddable":true,"href":"https:\/\/arriendo.com\/co\/wp-json\/wp\/v2\/es_basements?post=240296"},{"taxonomy":"es_floor_covering","embeddable":true,"href":"https:\/\/arriendo.com\/co\/wp-json\/wp\/v2\/es_floor_coverings?post=240296"},{"taxonomy":"es_feature","embeddable":true,"href":"https:\/\/arriendo.com\/co\/wp-json\/wp\/v2\/es_features?post=240296"},{"taxonomy":"es_amenity","embeddable":true,"href":"https:\/\/arriendo.com\/co\/wp-json\/wp\/v2\/es_amenities?post=240296"},{"taxonomy":"es_neighborhood","embeddable":true,"href":"https:\/\/arriendo.com\/co\/wp-json\/wp\/v2\/es_neighborhoods?post=240296"},{"taxonomy":"es_tag","embeddable":true,"href":"https:\/\/arriendo.com\/co\/wp-json\/wp\/v2\/es_tags?post=240296"}],"curies":[{"name":"wp","href":"https:\/\/api.w.org\/{rel}","templated":true}]}}

Apartamento en Arriendo en Parque Natura, Jamundí

<p>Alquiler de Hermoso apartamento en el Conjunto Residencial Altea, en Parque Natura, (Jamundí) Ubicado en 6 piso con ascensor (ULTIMO PISO) , Área Construida 76.36 m², Cuenta con sala- comedor, balcón vista interna, cocina integral, zona de oficios independiente, baño social, 3 habitaciones, la alcoba principal con baño y Vestier se entrega con aire acondicionado, las  otras dos  habitaciones con closet, zona de estudio. El conjunto cuenta con Parqueadero privado para (1) vehículo en plataforma, Zona social, Juegos infantiles , Zona BBQ, Cancha múltiple, piscina adultos y niños. Valor Canon $1,400,000 incluida administración.</p>
