{"id":240235,"date":"2026-01-28T15:32:46","date_gmt":"2026-01-28T20:32:46","guid":{"rendered":"https:\/\/arriendo.com\/co\/%es_type%\/%address_city%\/%neighborhood%\/cali-bochalema-apartamento-en-arriendo-en-e67448\/"},"modified":"2026-01-28T15:32:46","modified_gmt":"2026-01-28T20:32:46","slug":"AR-240235","status":"publish","type":"properties","link":"https:\/\/arriendo.com\/co\/apartamentos\/cali\/bochalema\/AR-240235\/","title":{"rendered":"Apartamento en Arriendo en Bochalema, Cali"},"content":{"rendered":"<p>Alquiler de Hermoso apartamento  en Conjunto Caracol\u00ed (Urbanizaci\u00f3n Parque Vivero) al Sur de Cali. Ubicado en Piso 4 con ascensor. Cuenta con 2 habitaciones la principal con ba\u00f1o privado y closet, la habitaci\u00f3n auxiliar con closet, acabados modernos, ba\u00f1o social, cocina integral tipo americana, zona de oficios independiente, sala &#8211; comedor, balc\u00f3n con vista interna. se entrega con Panel japon\u00e9s y persianas. El conjunto cuenta con Parqueadero comunitario, piscinas ni\u00f1os y adultos, zona infantil, porter\u00eda con vigilancia privada, zonas verdes. Valor Canon: $1.280.000 incluida la administraci\u00f3n.<\/p>\n","protected":false},"excerpt":{"rendered":"Alquiler de Hermoso apartamento en Conjunto Caracol\u00ed (Urbanizaci\u00f3n Parque Vivero)...","protected":false},"author":7623,"featured_media":240238,"template":"","es_locations":[855,179],"es_categories":[124],"es_types":[114],"es_rent_periods":[],"es_labels":[],"es_statuses":[],"es_parkings":[],"es_roofs":[],"es_exterior_materials":[],"es_basements":[],"es_floor_coverings":[],"es_features":[2168,131,132,2166,2146,145,2180,2136,2185,2152],"es_amenities":[2195,152,2186,2189,2155,2160,157,2143,2173,2162],"es_neighborhoods":[],"es_tags":[],"class_list":["post-240235","properties","type-properties","status-publish","has-post-thumbnail","hentry","es_location-bochalema","es_location-cali","es_category-arriendo","es_type-apartamentos","es_feature-area-urbana","es_feature-ascensor","es_feature-balcon","es_feature-closet","es_feature-cocina-integral","es_feature-instalacion-de-gas","es_feature-piscina","es_feature-trans-publico-cercano","es_feature-zona-infantil","es_feature-zona-residencial","es_amenity-area-urbana","es_amenity-ascensor-privado","es_amenity-balcon","es_amenity-closet","es_amenity-cocina-integral","es_amenity-instalacion-de-gas","es_amenity-piscina","es_amenity-trans-publico-cercano","es_amenity-zona-infantil","es_amenity-zona-residencial","es-post-entity"],"_links":{"self":[{"href":"https:\/\/arriendo.com\/co\/wp-json\/wp\/v2\/properties\/240235","targetHints":{"allow":["GET"]}}],"collection":[{"href":"https:\/\/arriendo.com\/co\/wp-json\/wp\/v2\/properties"}],"about":[{"href":"https:\/\/arriendo.com\/co\/wp-json\/wp\/v2\/types\/properties"}],"author":[{"embeddable":true,"href":"https:\/\/arriendo.com\/co\/wp-json\/wp\/v2\/users\/7623"}],"version-history":[{"count":0,"href":"https:\/\/arriendo.com\/co\/wp-json\/wp\/v2\/properties\/240235\/revisions"}],"wp:featuredmedia":[{"embeddable":true,"href":"https:\/\/arriendo.com\/co\/wp-json\/wp\/v2\/media\/240238"}],"wp:attachment":[{"href":"https:\/\/arriendo.com\/co\/wp-json\/wp\/v2\/media?parent=240235"}],"wp:term":[{"taxonomy":"es_location","embeddable":true,"href":"https:\/\/arriendo.com\/co\/wp-json\/wp\/v2\/es_locations?post=240235"},{"taxonomy":"es_category","embeddable":true,"href":"https:\/\/arriendo.com\/co\/wp-json\/wp\/v2\/es_categories?post=240235"},{"taxonomy":"es_type","embeddable":true,"href":"https:\/\/arriendo.com\/co\/wp-json\/wp\/v2\/es_types?post=240235"},{"taxonomy":"es_rent_period","embeddable":true,"href":"https:\/\/arriendo.com\/co\/wp-json\/wp\/v2\/es_rent_periods?post=240235"},{"taxonomy":"es_label","embeddable":true,"href":"https:\/\/arriendo.com\/co\/wp-json\/wp\/v2\/es_labels?post=240235"},{"taxonomy":"es_status","embeddable":true,"href":"https:\/\/arriendo.com\/co\/wp-json\/wp\/v2\/es_statuses?post=240235"},{"taxonomy":"es_parking","embeddable":true,"href":"https:\/\/arriendo.com\/co\/wp-json\/wp\/v2\/es_parkings?post=240235"},{"taxonomy":"es_roof","embeddable":true,"href":"https:\/\/arriendo.com\/co\/wp-json\/wp\/v2\/es_roofs?post=240235"},{"taxonomy":"es_exterior_material","embeddable":true,"href":"https:\/\/arriendo.com\/co\/wp-json\/wp\/v2\/es_exterior_materials?post=240235"},{"taxonomy":"es_basement","embeddable":true,"href":"https:\/\/arriendo.com\/co\/wp-json\/wp\/v2\/es_basements?post=240235"},{"taxonomy":"es_floor_covering","embeddable":true,"href":"https:\/\/arriendo.com\/co\/wp-json\/wp\/v2\/es_floor_coverings?post=240235"},{"taxonomy":"es_feature","embeddable":true,"href":"https:\/\/arriendo.com\/co\/wp-json\/wp\/v2\/es_features?post=240235"},{"taxonomy":"es_amenity","embeddable":true,"href":"https:\/\/arriendo.com\/co\/wp-json\/wp\/v2\/es_amenities?post=240235"},{"taxonomy":"es_neighborhood","embeddable":true,"href":"https:\/\/arriendo.com\/co\/wp-json\/wp\/v2\/es_neighborhoods?post=240235"},{"taxonomy":"es_tag","embeddable":true,"href":"https:\/\/arriendo.com\/co\/wp-json\/wp\/v2\/es_tags?post=240235"}],"curies":[{"name":"wp","href":"https:\/\/api.w.org\/{rel}","templated":true}]}}

<p>Alquiler de Hermoso apartamento  en Conjunto Caracolí (Urbanización Parque Vivero) al Sur de Cali. Ubicado en Piso 4 con ascensor. Cuenta con 2 habitaciones la principal con baño privado y closet, la habitación auxiliar con closet, acabados modernos, baño social, cocina integral tipo americana, zona de oficios independiente, sala &#8211; comedor, balcón con vista interna. se entrega con Panel japonés y persianas. El conjunto cuenta con Parqueadero comunitario, piscinas niños y adultos, zona infantil, portería con vigilancia privada, zonas verdes. Valor Canon: $1.280.000 incluida la administración.</p>

Alquiler de Hermoso apartamento en Conjunto Caracolí (Urbanización Parque Vivero)...
