{"id":240218,"date":"2026-01-28T15:31:44","date_gmt":"2026-01-28T20:31:44","guid":{"rendered":"https:\/\/arriendo.com\/co\/%es_type%\/%address_city%\/%neighborhood%\/cali-valle-del-lili-local-en-arriendo-0b7051\/"},"modified":"2026-01-28T15:31:44","modified_gmt":"2026-01-28T20:31:44","slug":"AR-240218","status":"publish","type":"properties","link":"https:\/\/arriendo.com\/co\/locales\/cali\/valle-del-lili\/AR-240218\/","title":{"rendered":"Local en  Arriendo en Valle del Lili, Cali"},"content":{"rendered":"<p>Alquiler de Local en el sur de Cali, en la Plazoleta Parque Madero en el Barrio Parque Vivero.  \u00c1rea Construida: 32.84 Mt2. Cuenta con Mezanine de segundo nivel. Gran oportunidad  en una zona de importante expansi\u00f3n en la ciudad. Valor alquiler: $3,200,000 administraci\u00f3n incluida.<\/p>\n","protected":false},"excerpt":{"rendered":"Alquiler de Local en el sur de Cali, en la...","protected":false},"author":7623,"featured_media":240221,"template":"","es_locations":[179,866],"es_categories":[124],"es_types":[117],"es_rent_periods":[],"es_labels":[],"es_statuses":[],"es_parkings":[],"es_roofs":[],"es_exterior_materials":[],"es_basements":[],"es_floor_coverings":[],"es_features":[2227,2137],"es_amenities":[2255,2144],"es_neighborhoods":[],"es_tags":[],"class_list":["post-240218","properties","type-properties","status-publish","has-post-thumbnail","hentry","es_location-cali","es_location-valle-del-lili","es_category-arriendo","es_type-locales","es_feature-shut-de-basura","es_feature-zona-comercial","es_amenity-shut-de-basura","es_amenity-zona-comercial","es-post-entity"],"_links":{"self":[{"href":"https:\/\/arriendo.com\/co\/wp-json\/wp\/v2\/properties\/240218","targetHints":{"allow":["GET"]}}],"collection":[{"href":"https:\/\/arriendo.com\/co\/wp-json\/wp\/v2\/properties"}],"about":[{"href":"https:\/\/arriendo.com\/co\/wp-json\/wp\/v2\/types\/properties"}],"author":[{"embeddable":true,"href":"https:\/\/arriendo.com\/co\/wp-json\/wp\/v2\/users\/7623"}],"version-history":[{"count":0,"href":"https:\/\/arriendo.com\/co\/wp-json\/wp\/v2\/properties\/240218\/revisions"}],"wp:featuredmedia":[{"embeddable":true,"href":"https:\/\/arriendo.com\/co\/wp-json\/wp\/v2\/media\/240221"}],"wp:attachment":[{"href":"https:\/\/arriendo.com\/co\/wp-json\/wp\/v2\/media?parent=240218"}],"wp:term":[{"taxonomy":"es_location","embeddable":true,"href":"https:\/\/arriendo.com\/co\/wp-json\/wp\/v2\/es_locations?post=240218"},{"taxonomy":"es_category","embeddable":true,"href":"https:\/\/arriendo.com\/co\/wp-json\/wp\/v2\/es_categories?post=240218"},{"taxonomy":"es_type","embeddable":true,"href":"https:\/\/arriendo.com\/co\/wp-json\/wp\/v2\/es_types?post=240218"},{"taxonomy":"es_rent_period","embeddable":true,"href":"https:\/\/arriendo.com\/co\/wp-json\/wp\/v2\/es_rent_periods?post=240218"},{"taxonomy":"es_label","embeddable":true,"href":"https:\/\/arriendo.com\/co\/wp-json\/wp\/v2\/es_labels?post=240218"},{"taxonomy":"es_status","embeddable":true,"href":"https:\/\/arriendo.com\/co\/wp-json\/wp\/v2\/es_statuses?post=240218"},{"taxonomy":"es_parking","embeddable":true,"href":"https:\/\/arriendo.com\/co\/wp-json\/wp\/v2\/es_parkings?post=240218"},{"taxonomy":"es_roof","embeddable":true,"href":"https:\/\/arriendo.com\/co\/wp-json\/wp\/v2\/es_roofs?post=240218"},{"taxonomy":"es_exterior_material","embeddable":true,"href":"https:\/\/arriendo.com\/co\/wp-json\/wp\/v2\/es_exterior_materials?post=240218"},{"taxonomy":"es_basement","embeddable":true,"href":"https:\/\/arriendo.com\/co\/wp-json\/wp\/v2\/es_basements?post=240218"},{"taxonomy":"es_floor_covering","embeddable":true,"href":"https:\/\/arriendo.com\/co\/wp-json\/wp\/v2\/es_floor_coverings?post=240218"},{"taxonomy":"es_feature","embeddable":true,"href":"https:\/\/arriendo.com\/co\/wp-json\/wp\/v2\/es_features?post=240218"},{"taxonomy":"es_amenity","embeddable":true,"href":"https:\/\/arriendo.com\/co\/wp-json\/wp\/v2\/es_amenities?post=240218"},{"taxonomy":"es_neighborhood","embeddable":true,"href":"https:\/\/arriendo.com\/co\/wp-json\/wp\/v2\/es_neighborhoods?post=240218"},{"taxonomy":"es_tag","embeddable":true,"href":"https:\/\/arriendo.com\/co\/wp-json\/wp\/v2\/es_tags?post=240218"}],"curies":[{"name":"wp","href":"https:\/\/api.w.org\/{rel}","templated":true}]}}

<p>Alquiler de Local en el sur de Cali, en la Plazoleta Parque Madero en el Barrio Parque Vivero.  Área Construida: 32.84 Mt2. Cuenta con Mezanine de segundo nivel. Gran oportunidad  en una zona de importante expansión en la ciudad. Valor alquiler: $3,200,000 administración incluida.</p>
