{"id":240201,"date":"2026-01-28T15:29:44","date_gmt":"2026-01-28T20:29:44","guid":{"rendered":"https:\/\/arriendo.com\/co\/%es_type%\/%address_city%\/%neighborhood%\/cali-ciudad-jardin-casa-en-arriendo-en-89d455\/"},"modified":"2026-01-28T15:29:44","modified_gmt":"2026-01-28T20:29:44","slug":"AR-240201","status":"publish","type":"properties","link":"https:\/\/arriendo.com\/co\/casas\/cali\/ciudad-jardin\/AR-240201\/","title":{"rendered":"Casa en Arriendo en Ciudad jardin, Cali"},"content":{"rendered":"<p>Me gustar\u00eda presentarle una hermosa casa en alquiler ubicada en una exclusiva zona del sur de Cali, en el barrio Ciudad Jard\u00edn, dentro del condominio Rinc\u00f3n de la Alamedita.<\/p>\n<p>La casa cuenta con un \u00e1rea construida de 342.40 m\u00b2, distribuida de la siguiente manera:<\/p>\n<p>**Primer piso:**<br \/>\n* Amplios corredores con acceso a la terraza.<br \/>\n* Jardines con hermosas flores y \u00e1rboles frutales que brindan acceso directo al \u00e1rea de la piscina del conjunto.<br \/>\n* Sala y comedor.<br \/>\n* Ba\u00f1o social.<br \/>\n* Cocina integral.<br \/>\n* Zona de ropas.<br \/>\n* Habitaci\u00f3n de servicio con ba\u00f1o privado.<br \/>\n* 1 habitaci\u00f3n adicional.<br \/>\n* 1 estudio cerrado.<\/p>\n<p>**Segundo piso:**<br \/>\n* Sala de TV.<br \/>\n* Estudio cerrado.<br \/>\n* Ba\u00f1o social.<br \/>\n* 4 habitaciones, cada una con balc\u00f3n con vista interna, ba\u00f1o privado y vestier.<br \/>\n* La habitaci\u00f3n principal cuenta con un amplio balc\u00f3n con vista interna, closet y vestier.<\/p>\n<p>La propiedad dispone de parqueadero para 6 veh\u00edculos, de los cuales 2 son cubiertos.<\/p>\n<p>El condominio ofrece vigilancia privada, piscina para adultos y ni\u00f1os, y c\u00e1maras de seguridad para su tranquilidad.<\/p>\n","protected":false},"excerpt":{"rendered":"Me gustar\u00eda presentarle una hermosa casa en alquiler ubicada en...","protected":false},"author":7623,"featured_media":240204,"template":"","es_locations":[179,335],"es_categories":[124],"es_types":[115],"es_rent_periods":[],"es_labels":[],"es_statuses":[],"es_parkings":[],"es_roofs":[],"es_exterior_materials":[],"es_basements":[],"es_floor_coverings":[],"es_features":[132,2146,2180,2185,2152],"es_amenities":[2186,2155,157,2173,2162],"es_neighborhoods":[],"es_tags":[],"class_list":["post-240201","properties","type-properties","status-publish","has-post-thumbnail","hentry","es_location-cali","es_location-ciudad-jardin","es_category-arriendo","es_type-casas","es_feature-balcon","es_feature-cocina-integral","es_feature-piscina","es_feature-zona-infantil","es_feature-zona-residencial","es_amenity-balcon","es_amenity-cocina-integral","es_amenity-piscina","es_amenity-zona-infantil","es_amenity-zona-residencial","es-post-entity"],"_links":{"self":[{"href":"https:\/\/arriendo.com\/co\/wp-json\/wp\/v2\/properties\/240201","targetHints":{"allow":["GET"]}}],"collection":[{"href":"https:\/\/arriendo.com\/co\/wp-json\/wp\/v2\/properties"}],"about":[{"href":"https:\/\/arriendo.com\/co\/wp-json\/wp\/v2\/types\/properties"}],"author":[{"embeddable":true,"href":"https:\/\/arriendo.com\/co\/wp-json\/wp\/v2\/users\/7623"}],"version-history":[{"count":0,"href":"https:\/\/arriendo.com\/co\/wp-json\/wp\/v2\/properties\/240201\/revisions"}],"wp:featuredmedia":[{"embeddable":true,"href":"https:\/\/arriendo.com\/co\/wp-json\/wp\/v2\/media\/240204"}],"wp:attachment":[{"href":"https:\/\/arriendo.com\/co\/wp-json\/wp\/v2\/media?parent=240201"}],"wp:term":[{"taxonomy":"es_location","embeddable":true,"href":"https:\/\/arriendo.com\/co\/wp-json\/wp\/v2\/es_locations?post=240201"},{"taxonomy":"es_category","embeddable":true,"href":"https:\/\/arriendo.com\/co\/wp-json\/wp\/v2\/es_categories?post=240201"},{"taxonomy":"es_type","embeddable":true,"href":"https:\/\/arriendo.com\/co\/wp-json\/wp\/v2\/es_types?post=240201"},{"taxonomy":"es_rent_period","embeddable":true,"href":"https:\/\/arriendo.com\/co\/wp-json\/wp\/v2\/es_rent_periods?post=240201"},{"taxonomy":"es_label","embeddable":true,"href":"https:\/\/arriendo.com\/co\/wp-json\/wp\/v2\/es_labels?post=240201"},{"taxonomy":"es_status","embeddable":true,"href":"https:\/\/arriendo.com\/co\/wp-json\/wp\/v2\/es_statuses?post=240201"},{"taxonomy":"es_parking","embeddable":true,"href":"https:\/\/arriendo.com\/co\/wp-json\/wp\/v2\/es_parkings?post=240201"},{"taxonomy":"es_roof","embeddable":true,"href":"https:\/\/arriendo.com\/co\/wp-json\/wp\/v2\/es_roofs?post=240201"},{"taxonomy":"es_exterior_material","embeddable":true,"href":"https:\/\/arriendo.com\/co\/wp-json\/wp\/v2\/es_exterior_materials?post=240201"},{"taxonomy":"es_basement","embeddable":true,"href":"https:\/\/arriendo.com\/co\/wp-json\/wp\/v2\/es_basements?post=240201"},{"taxonomy":"es_floor_covering","embeddable":true,"href":"https:\/\/arriendo.com\/co\/wp-json\/wp\/v2\/es_floor_coverings?post=240201"},{"taxonomy":"es_feature","embeddable":true,"href":"https:\/\/arriendo.com\/co\/wp-json\/wp\/v2\/es_features?post=240201"},{"taxonomy":"es_amenity","embeddable":true,"href":"https:\/\/arriendo.com\/co\/wp-json\/wp\/v2\/es_amenities?post=240201"},{"taxonomy":"es_neighborhood","embeddable":true,"href":"https:\/\/arriendo.com\/co\/wp-json\/wp\/v2\/es_neighborhoods?post=240201"},{"taxonomy":"es_tag","embeddable":true,"href":"https:\/\/arriendo.com\/co\/wp-json\/wp\/v2\/es_tags?post=240201"}],"curies":[{"name":"wp","href":"https:\/\/api.w.org\/{rel}","templated":true}]}}

<p>Me gustaría presentarle una hermosa casa en alquiler ubicada en una exclusiva zona del sur de Cali, en el barrio Ciudad Jardín, dentro del condominio Rincón de la Alamedita.</p>
<p>La casa cuenta con un área construida de 342.40 m², distribuida de la siguiente manera:</p>
<p>**Primer piso:**<br />
* Amplios corredores con acceso a la terraza.<br />
* Jardines con hermosas flores y árboles frutales que brindan acceso directo al área de la piscina del conjunto.<br />
* Sala y comedor.<br />
* Baño social.<br />
* Cocina integral.<br />
* Zona de ropas.<br />
* Habitación de servicio con baño privado.<br />
* 1 habitación adicional.<br />
* 1 estudio cerrado.</p>
<p>**Segundo piso:**<br />
* Sala de TV.<br />
* Estudio cerrado.<br />
* Baño social.<br />
* 4 habitaciones, cada una con balcón con vista interna, baño privado y vestier.<br />
* La habitación principal cuenta con un amplio balcón con vista interna, closet y vestier.</p>
<p>La propiedad dispone de parqueadero para 6 vehículos, de los cuales 2 son cubiertos.</p>
<p>El condominio ofrece vigilancia privada, piscina para adultos y niños, y cámaras de seguridad para su tranquilidad.</p>

Me gustaría presentarle una hermosa casa en alquiler ubicada en...
