{"id":240119,"date":"2026-01-28T15:21:44","date_gmt":"2026-01-28T20:21:44","guid":{"rendered":"https:\/\/arriendo.com\/co\/%es_type%\/%address_city%\/%neighborhood%\/santa-marta-centro-oficina-en-arriendo-8ca354\/"},"modified":"2026-01-28T15:21:44","modified_gmt":"2026-01-28T20:21:44","slug":"AR-240119","status":"publish","type":"properties","link":"https:\/\/arriendo.com\/co\/oficinas\/santa-marta\/centro\/AR-240119\/","title":{"rendered":"Oficina en  Arriendo en Centro, Santa marta"},"content":{"rendered":"<p>Te ofrecemos una oficina en el piso 10 del prestigioso Edificio Centro Ejecutivo, con un \u00e1rea de 78 m\u00b2. Este espacio est\u00e1 dise\u00f1ado para adaptarse a las necesidades de tu empresa, brindando un ambiente funcional. Su ubicaci\u00f3n en el coraz\u00f3n de Santa Marta te permite disfrutar de f\u00e1cil acceso a zonas comerciales, bancos y servicios esenciales. Adem\u00e1s, el edificio cuenta con seguridad las 24 horas y todas las comodidades necesarias para un trabajo eficiente.<\/p>\n","protected":false},"excerpt":{"rendered":"Te ofrecemos una oficina en el piso 10 del prestigioso...","protected":false},"author":7615,"featured_media":240122,"template":"","es_locations":[505,96,234],"es_categories":[124],"es_types":[116],"es_rent_periods":[],"es_labels":[],"es_statuses":[],"es_parkings":[],"es_roofs":[],"es_exterior_materials":[],"es_basements":[],"es_floor_coverings":[],"es_features":[149,131,2130,2133,2134,2135,2136,2297,2137],"es_amenities":[2329,152,2138,158,2141,2142,2143,2299,2144],"es_neighborhoods":[],"es_tags":[],"class_list":["post-240119","properties","type-properties","status-publish","has-post-thumbnail","hentry","es_location-centro","es_location-magdalena","es_location-santa-marta","es_category-arriendo","es_type-oficinas","es_feature-aire-acondicionado","es_feature-ascensor","es_feature-banos-comunales","es_feature-porteria-recepcion","es_feature-servicios-publicos","es_feature-sobre-via-principal","es_feature-trans-publico-cercano","es_feature-ubicada-en-edificio","es_feature-zona-comercial","es_amenity-aire-acondicionado","es_amenity-ascensor-privado","es_amenity-banos-comunales","es_amenity-porteria-recepcion","es_amenity-servicios-publicos","es_amenity-sobre-via-principal","es_amenity-trans-publico-cercano","es_amenity-ubicada-en-edificio","es_amenity-zona-comercial","es-post-entity"],"_links":{"self":[{"href":"https:\/\/arriendo.com\/co\/wp-json\/wp\/v2\/properties\/240119","targetHints":{"allow":["GET"]}}],"collection":[{"href":"https:\/\/arriendo.com\/co\/wp-json\/wp\/v2\/properties"}],"about":[{"href":"https:\/\/arriendo.com\/co\/wp-json\/wp\/v2\/types\/properties"}],"author":[{"embeddable":true,"href":"https:\/\/arriendo.com\/co\/wp-json\/wp\/v2\/users\/7615"}],"version-history":[{"count":0,"href":"https:\/\/arriendo.com\/co\/wp-json\/wp\/v2\/properties\/240119\/revisions"}],"wp:featuredmedia":[{"embeddable":true,"href":"https:\/\/arriendo.com\/co\/wp-json\/wp\/v2\/media\/240122"}],"wp:attachment":[{"href":"https:\/\/arriendo.com\/co\/wp-json\/wp\/v2\/media?parent=240119"}],"wp:term":[{"taxonomy":"es_location","embeddable":true,"href":"https:\/\/arriendo.com\/co\/wp-json\/wp\/v2\/es_locations?post=240119"},{"taxonomy":"es_category","embeddable":true,"href":"https:\/\/arriendo.com\/co\/wp-json\/wp\/v2\/es_categories?post=240119"},{"taxonomy":"es_type","embeddable":true,"href":"https:\/\/arriendo.com\/co\/wp-json\/wp\/v2\/es_types?post=240119"},{"taxonomy":"es_rent_period","embeddable":true,"href":"https:\/\/arriendo.com\/co\/wp-json\/wp\/v2\/es_rent_periods?post=240119"},{"taxonomy":"es_label","embeddable":true,"href":"https:\/\/arriendo.com\/co\/wp-json\/wp\/v2\/es_labels?post=240119"},{"taxonomy":"es_status","embeddable":true,"href":"https:\/\/arriendo.com\/co\/wp-json\/wp\/v2\/es_statuses?post=240119"},{"taxonomy":"es_parking","embeddable":true,"href":"https:\/\/arriendo.com\/co\/wp-json\/wp\/v2\/es_parkings?post=240119"},{"taxonomy":"es_roof","embeddable":true,"href":"https:\/\/arriendo.com\/co\/wp-json\/wp\/v2\/es_roofs?post=240119"},{"taxonomy":"es_exterior_material","embeddable":true,"href":"https:\/\/arriendo.com\/co\/wp-json\/wp\/v2\/es_exterior_materials?post=240119"},{"taxonomy":"es_basement","embeddable":true,"href":"https:\/\/arriendo.com\/co\/wp-json\/wp\/v2\/es_basements?post=240119"},{"taxonomy":"es_floor_covering","embeddable":true,"href":"https:\/\/arriendo.com\/co\/wp-json\/wp\/v2\/es_floor_coverings?post=240119"},{"taxonomy":"es_feature","embeddable":true,"href":"https:\/\/arriendo.com\/co\/wp-json\/wp\/v2\/es_features?post=240119"},{"taxonomy":"es_amenity","embeddable":true,"href":"https:\/\/arriendo.com\/co\/wp-json\/wp\/v2\/es_amenities?post=240119"},{"taxonomy":"es_neighborhood","embeddable":true,"href":"https:\/\/arriendo.com\/co\/wp-json\/wp\/v2\/es_neighborhoods?post=240119"},{"taxonomy":"es_tag","embeddable":true,"href":"https:\/\/arriendo.com\/co\/wp-json\/wp\/v2\/es_tags?post=240119"}],"curies":[{"name":"wp","href":"https:\/\/api.w.org\/{rel}","templated":true}]}}

<p>Te ofrecemos una oficina en el piso 10 del prestigioso Edificio Centro Ejecutivo, con un área de 78 m². Este espacio está diseñado para adaptarse a las necesidades de tu empresa, brindando un ambiente funcional. Su ubicación en el corazón de Santa Marta te permite disfrutar de fácil acceso a zonas comerciales, bancos y servicios esenciales. Además, el edificio cuenta con seguridad las 24 horas y todas las comodidades necesarias para un trabajo eficiente.</p>
