{"id":240111,"date":"2026-01-28T15:20:44","date_gmt":"2026-01-28T20:20:44","guid":{"rendered":"https:\/\/arriendo.com\/co\/%es_type%\/%address_city%\/%neighborhood%\/santa-marta-el-prado-oficina-en-arriendo-c77b73\/"},"modified":"2026-01-28T15:20:44","modified_gmt":"2026-01-28T20:20:44","slug":"AR-240111","status":"publish","type":"properties","link":"https:\/\/arriendo.com\/co\/oficinas\/santa-marta\/el-prado\/AR-240111\/","title":{"rendered":"Oficina en  Arriendo en El prado, Santa marta"},"content":{"rendered":"<p>Te ofrecemos la oportunidad de arrendar una oficina en el Edificio Centro Ejecutivo, ubicado en una de las zonas m\u00e1s privilegiadas de Santa Marta. Este espacio de 147,7 m\u00b2 est\u00e1 idealmente situado cerca del puerto, rodeado de importantes comercios, bancos, juzgados y otras \u00e1reas de inter\u00e9s. La oficina cuenta con un dise\u00f1o funcional y est\u00e1 equipada con todas las medidas de seguridad necesarias para brindarte un ambiente de trabajo c\u00f3modo y eficiente. \u00a1Es tu oportunidad para establecer tu empresa!<\/p>\n","protected":false},"excerpt":{"rendered":"Te ofrecemos la oportunidad de arrendar una oficina en el...","protected":false},"author":7615,"featured_media":240114,"template":"","es_locations":[1055,96,234],"es_categories":[124],"es_types":[116],"es_rent_periods":[],"es_labels":[],"es_statuses":[],"es_parkings":[],"es_roofs":[],"es_exterior_materials":[],"es_basements":[],"es_floor_coverings":[],"es_features":[149,131,2392,2328,2302,2272,2134,2135,2136,2137],"es_amenities":[2329,152,2394,2330,2303,2273,2141,2142,2143,2144],"es_neighborhoods":[],"es_tags":[],"class_list":["post-240111","properties","type-properties","status-publish","has-post-thumbnail","hentry","es_location-el-prado","es_location-magdalena","es_location-santa-marta","es_category-arriendo","es_type-oficinas","es_feature-aire-acondicionado","es_feature-ascensor","es_feature-ascensores-inteligentes","es_feature-banos-mixtos","es_feature-cocineta","es_feature-piso-en-baldosa-marmol","es_feature-servicios-publicos","es_feature-sobre-via-principal","es_feature-trans-publico-cercano","es_feature-zona-comercial","es_amenity-aire-acondicionado","es_amenity-ascensor-privado","es_amenity-ascensores-inteligentes","es_amenity-banos-mixtos","es_amenity-cocineta","es_amenity-piso-en-baldosa-marmol","es_amenity-servicios-publicos","es_amenity-sobre-via-principal","es_amenity-trans-publico-cercano","es_amenity-zona-comercial","es-post-entity"],"_links":{"self":[{"href":"https:\/\/arriendo.com\/co\/wp-json\/wp\/v2\/properties\/240111","targetHints":{"allow":["GET"]}}],"collection":[{"href":"https:\/\/arriendo.com\/co\/wp-json\/wp\/v2\/properties"}],"about":[{"href":"https:\/\/arriendo.com\/co\/wp-json\/wp\/v2\/types\/properties"}],"author":[{"embeddable":true,"href":"https:\/\/arriendo.com\/co\/wp-json\/wp\/v2\/users\/7615"}],"version-history":[{"count":0,"href":"https:\/\/arriendo.com\/co\/wp-json\/wp\/v2\/properties\/240111\/revisions"}],"wp:featuredmedia":[{"embeddable":true,"href":"https:\/\/arriendo.com\/co\/wp-json\/wp\/v2\/media\/240114"}],"wp:attachment":[{"href":"https:\/\/arriendo.com\/co\/wp-json\/wp\/v2\/media?parent=240111"}],"wp:term":[{"taxonomy":"es_location","embeddable":true,"href":"https:\/\/arriendo.com\/co\/wp-json\/wp\/v2\/es_locations?post=240111"},{"taxonomy":"es_category","embeddable":true,"href":"https:\/\/arriendo.com\/co\/wp-json\/wp\/v2\/es_categories?post=240111"},{"taxonomy":"es_type","embeddable":true,"href":"https:\/\/arriendo.com\/co\/wp-json\/wp\/v2\/es_types?post=240111"},{"taxonomy":"es_rent_period","embeddable":true,"href":"https:\/\/arriendo.com\/co\/wp-json\/wp\/v2\/es_rent_periods?post=240111"},{"taxonomy":"es_label","embeddable":true,"href":"https:\/\/arriendo.com\/co\/wp-json\/wp\/v2\/es_labels?post=240111"},{"taxonomy":"es_status","embeddable":true,"href":"https:\/\/arriendo.com\/co\/wp-json\/wp\/v2\/es_statuses?post=240111"},{"taxonomy":"es_parking","embeddable":true,"href":"https:\/\/arriendo.com\/co\/wp-json\/wp\/v2\/es_parkings?post=240111"},{"taxonomy":"es_roof","embeddable":true,"href":"https:\/\/arriendo.com\/co\/wp-json\/wp\/v2\/es_roofs?post=240111"},{"taxonomy":"es_exterior_material","embeddable":true,"href":"https:\/\/arriendo.com\/co\/wp-json\/wp\/v2\/es_exterior_materials?post=240111"},{"taxonomy":"es_basement","embeddable":true,"href":"https:\/\/arriendo.com\/co\/wp-json\/wp\/v2\/es_basements?post=240111"},{"taxonomy":"es_floor_covering","embeddable":true,"href":"https:\/\/arriendo.com\/co\/wp-json\/wp\/v2\/es_floor_coverings?post=240111"},{"taxonomy":"es_feature","embeddable":true,"href":"https:\/\/arriendo.com\/co\/wp-json\/wp\/v2\/es_features?post=240111"},{"taxonomy":"es_amenity","embeddable":true,"href":"https:\/\/arriendo.com\/co\/wp-json\/wp\/v2\/es_amenities?post=240111"},{"taxonomy":"es_neighborhood","embeddable":true,"href":"https:\/\/arriendo.com\/co\/wp-json\/wp\/v2\/es_neighborhoods?post=240111"},{"taxonomy":"es_tag","embeddable":true,"href":"https:\/\/arriendo.com\/co\/wp-json\/wp\/v2\/es_tags?post=240111"}],"curies":[{"name":"wp","href":"https:\/\/api.w.org\/{rel}","templated":true}]}}

<p>Te ofrecemos la oportunidad de arrendar una oficina en el Edificio Centro Ejecutivo, ubicado en una de las zonas más privilegiadas de Santa Marta. Este espacio de 147,7 m² está idealmente situado cerca del puerto, rodeado de importantes comercios, bancos, juzgados y otras áreas de interés. La oficina cuenta con un diseño funcional y está equipada con todas las medidas de seguridad necesarias para brindarte un ambiente de trabajo cómodo y eficiente. ¡Es tu oportunidad para establecer tu empresa!</p>
