{"id":240071,"date":"2026-01-28T15:16:43","date_gmt":"2026-01-28T20:16:43","guid":{"rendered":"https:\/\/arriendo.com\/co\/%es_type%\/%address_city%\/%neighborhood%\/cartagena-providencia-local-en-arriendo-en-b9931f\/"},"modified":"2026-01-28T15:16:43","modified_gmt":"2026-01-28T20:16:43","slug":"AR-240071","status":"publish","type":"properties","link":"https:\/\/arriendo.com\/co\/locales\/cartagena\/providencia\/AR-240071\/","title":{"rendered":"Local en Arriendo en Providencia, Cartagena"},"content":{"rendered":"<p>Local comercial externo disponible en arriendo, ubicado en el \u00e1rea exterior del Centro Comercial Gran Manzana en Cartagena, con conexi\u00f3n directa al Terminal de Transportes. El local cuenta con un \u00e1rea de 35.5 m\u00b2, este espacio es ideal para el funcionamiento de tiendas retail y servicios, ubicado en una zona de alto flujo peatonal y residencial, con visibilidad privilegiada en el exterior del centro comercial, junto a la entrada principal del supermercado Ol\u00edmpica, asegurando tr\u00e1fico constante y posicionamiento. Lleva tu marca al siguiente nivel. \u00a1Cont\u00e1ctanos y agenda tu visita!<\/p>\n","protected":false},"excerpt":{"rendered":"Local comercial externo disponible en arriendo, ubicado en el \u00e1rea...","protected":false},"author":5815,"featured_media":240074,"template":"","es_locations":[1322,419,402],"es_categories":[124],"es_types":[117],"es_rent_periods":[],"es_labels":[],"es_statuses":[],"es_parkings":[],"es_roofs":[],"es_exterior_materials":[],"es_basements":[],"es_floor_coverings":[],"es_features":[2135,2137,2152],"es_amenities":[2142,2144,2162],"es_neighborhoods":[],"es_tags":[],"class_list":["post-240071","properties","type-properties","status-publish","has-post-thumbnail","hentry","es_location-providencia","es_location-bolivar","es_location-cartagena","es_category-arriendo","es_type-locales","es_feature-sobre-via-principal","es_feature-zona-comercial","es_feature-zona-residencial","es_amenity-sobre-via-principal","es_amenity-zona-comercial","es_amenity-zona-residencial","es-post-entity"],"_links":{"self":[{"href":"https:\/\/arriendo.com\/co\/wp-json\/wp\/v2\/properties\/240071","targetHints":{"allow":["GET"]}}],"collection":[{"href":"https:\/\/arriendo.com\/co\/wp-json\/wp\/v2\/properties"}],"about":[{"href":"https:\/\/arriendo.com\/co\/wp-json\/wp\/v2\/types\/properties"}],"author":[{"embeddable":true,"href":"https:\/\/arriendo.com\/co\/wp-json\/wp\/v2\/users\/5815"}],"version-history":[{"count":0,"href":"https:\/\/arriendo.com\/co\/wp-json\/wp\/v2\/properties\/240071\/revisions"}],"wp:featuredmedia":[{"embeddable":true,"href":"https:\/\/arriendo.com\/co\/wp-json\/wp\/v2\/media\/240074"}],"wp:attachment":[{"href":"https:\/\/arriendo.com\/co\/wp-json\/wp\/v2\/media?parent=240071"}],"wp:term":[{"taxonomy":"es_location","embeddable":true,"href":"https:\/\/arriendo.com\/co\/wp-json\/wp\/v2\/es_locations?post=240071"},{"taxonomy":"es_category","embeddable":true,"href":"https:\/\/arriendo.com\/co\/wp-json\/wp\/v2\/es_categories?post=240071"},{"taxonomy":"es_type","embeddable":true,"href":"https:\/\/arriendo.com\/co\/wp-json\/wp\/v2\/es_types?post=240071"},{"taxonomy":"es_rent_period","embeddable":true,"href":"https:\/\/arriendo.com\/co\/wp-json\/wp\/v2\/es_rent_periods?post=240071"},{"taxonomy":"es_label","embeddable":true,"href":"https:\/\/arriendo.com\/co\/wp-json\/wp\/v2\/es_labels?post=240071"},{"taxonomy":"es_status","embeddable":true,"href":"https:\/\/arriendo.com\/co\/wp-json\/wp\/v2\/es_statuses?post=240071"},{"taxonomy":"es_parking","embeddable":true,"href":"https:\/\/arriendo.com\/co\/wp-json\/wp\/v2\/es_parkings?post=240071"},{"taxonomy":"es_roof","embeddable":true,"href":"https:\/\/arriendo.com\/co\/wp-json\/wp\/v2\/es_roofs?post=240071"},{"taxonomy":"es_exterior_material","embeddable":true,"href":"https:\/\/arriendo.com\/co\/wp-json\/wp\/v2\/es_exterior_materials?post=240071"},{"taxonomy":"es_basement","embeddable":true,"href":"https:\/\/arriendo.com\/co\/wp-json\/wp\/v2\/es_basements?post=240071"},{"taxonomy":"es_floor_covering","embeddable":true,"href":"https:\/\/arriendo.com\/co\/wp-json\/wp\/v2\/es_floor_coverings?post=240071"},{"taxonomy":"es_feature","embeddable":true,"href":"https:\/\/arriendo.com\/co\/wp-json\/wp\/v2\/es_features?post=240071"},{"taxonomy":"es_amenity","embeddable":true,"href":"https:\/\/arriendo.com\/co\/wp-json\/wp\/v2\/es_amenities?post=240071"},{"taxonomy":"es_neighborhood","embeddable":true,"href":"https:\/\/arriendo.com\/co\/wp-json\/wp\/v2\/es_neighborhoods?post=240071"},{"taxonomy":"es_tag","embeddable":true,"href":"https:\/\/arriendo.com\/co\/wp-json\/wp\/v2\/es_tags?post=240071"}],"curies":[{"name":"wp","href":"https:\/\/api.w.org\/{rel}","templated":true}]}}

<p>Local comercial externo disponible en arriendo, ubicado en el área exterior del Centro Comercial Gran Manzana en Cartagena, con conexión directa al Terminal de Transportes. El local cuenta con un área de 35.5 m², este espacio es ideal para el funcionamiento de tiendas retail y servicios, ubicado en una zona de alto flujo peatonal y residencial, con visibilidad privilegiada en el exterior del centro comercial, junto a la entrada principal del supermercado Olímpica, asegurando tráfico constante y posicionamiento. Lleva tu marca al siguiente nivel. ¡Contáctanos y agenda tu visita!</p>

Local comercial externo disponible en arriendo, ubicado en el área...
