{"id":239758,"date":"2026-01-28T14:43:09","date_gmt":"2026-01-28T19:43:09","guid":{"rendered":"https:\/\/arriendo.com\/co\/%es_type%\/%address_city%\/%neighborhood%\/bogota-el-retiro-local-en-arriendo-en-d806fb\/"},"modified":"2026-01-28T14:43:09","modified_gmt":"2026-01-28T19:43:09","slug":"AR-239758","status":"publish","type":"properties","link":"https:\/\/arriendo.com\/co\/locales\/bogota\/el-retiro\/AR-239758\/","title":{"rendered":"Local en Arriendo en El retiro, Bogot\u00e1"},"content":{"rendered":"<p>Local en arriendo, de muy buen espacio, cuenta con 1 ba\u00f1o y patio, ubicado en el exclusivo barrio el Redil. Su excelente ubicaci\u00f3n le permite un rapido acceso a restaurantes y centros comerciales. No pierdas la oportunidad de alquilar este encantador local, contactanos para programar una cita. Canon de arrendamiento $1\u00b4500.000 incluida la administracion. Con opci\u00f3n de venta.<\/p>\n","protected":false},"excerpt":{"rendered":"Local en arriendo, de muy buen espacio, cuenta con 1...","protected":false},"author":6690,"featured_media":239761,"template":"","es_locations":[110,77,278],"es_categories":[124],"es_types":[117],"es_rent_periods":[],"es_labels":[],"es_statuses":[],"es_parkings":[],"es_roofs":[],"es_exterior_materials":[],"es_basements":[],"es_floor_coverings":[],"es_features":[2296,2201,2455,2440,2272,2239,2228,2241,2242,2137],"es_amenities":[2298,2206,2457,2441,2273,2256,2258,2259,2260,2144],"es_neighborhoods":[],"es_tags":[],"class_list":["post-239758","properties","type-properties","status-publish","has-post-thumbnail","hentry","es_location-bogota","es_location-bogota-d-c","es_location-el-retiro","es_category-arriendo","es_type-locales","es_feature-en-edificio","es_feature-en-zona-comercial","es_feature-local-interior","es_feature-patio-interno","es_feature-piso-en-baldosa-marmol","es_feature-sobre-via-secundaria","es_feature-ventilacion-natural","es_feature-vigilancia-24x7","es_feature-vigilancia-privada-247","es_feature-zona-comercial","es_amenity-en-edificio","es_amenity-en-zona-comercial","es_amenity-local-interior","es_amenity-patio-interno","es_amenity-piso-en-baldosa-marmol","es_amenity-sobre-via-secundaria","es_amenity-ventilacion-natural","es_amenity-vigilancia-24x7","es_amenity-vigilancia-privada-247","es_amenity-zona-comercial","es-post-entity"],"_links":{"self":[{"href":"https:\/\/arriendo.com\/co\/wp-json\/wp\/v2\/properties\/239758","targetHints":{"allow":["GET"]}}],"collection":[{"href":"https:\/\/arriendo.com\/co\/wp-json\/wp\/v2\/properties"}],"about":[{"href":"https:\/\/arriendo.com\/co\/wp-json\/wp\/v2\/types\/properties"}],"author":[{"embeddable":true,"href":"https:\/\/arriendo.com\/co\/wp-json\/wp\/v2\/users\/6690"}],"version-history":[{"count":0,"href":"https:\/\/arriendo.com\/co\/wp-json\/wp\/v2\/properties\/239758\/revisions"}],"wp:featuredmedia":[{"embeddable":true,"href":"https:\/\/arriendo.com\/co\/wp-json\/wp\/v2\/media\/239761"}],"wp:attachment":[{"href":"https:\/\/arriendo.com\/co\/wp-json\/wp\/v2\/media?parent=239758"}],"wp:term":[{"taxonomy":"es_location","embeddable":true,"href":"https:\/\/arriendo.com\/co\/wp-json\/wp\/v2\/es_locations?post=239758"},{"taxonomy":"es_category","embeddable":true,"href":"https:\/\/arriendo.com\/co\/wp-json\/wp\/v2\/es_categories?post=239758"},{"taxonomy":"es_type","embeddable":true,"href":"https:\/\/arriendo.com\/co\/wp-json\/wp\/v2\/es_types?post=239758"},{"taxonomy":"es_rent_period","embeddable":true,"href":"https:\/\/arriendo.com\/co\/wp-json\/wp\/v2\/es_rent_periods?post=239758"},{"taxonomy":"es_label","embeddable":true,"href":"https:\/\/arriendo.com\/co\/wp-json\/wp\/v2\/es_labels?post=239758"},{"taxonomy":"es_status","embeddable":true,"href":"https:\/\/arriendo.com\/co\/wp-json\/wp\/v2\/es_statuses?post=239758"},{"taxonomy":"es_parking","embeddable":true,"href":"https:\/\/arriendo.com\/co\/wp-json\/wp\/v2\/es_parkings?post=239758"},{"taxonomy":"es_roof","embeddable":true,"href":"https:\/\/arriendo.com\/co\/wp-json\/wp\/v2\/es_roofs?post=239758"},{"taxonomy":"es_exterior_material","embeddable":true,"href":"https:\/\/arriendo.com\/co\/wp-json\/wp\/v2\/es_exterior_materials?post=239758"},{"taxonomy":"es_basement","embeddable":true,"href":"https:\/\/arriendo.com\/co\/wp-json\/wp\/v2\/es_basements?post=239758"},{"taxonomy":"es_floor_covering","embeddable":true,"href":"https:\/\/arriendo.com\/co\/wp-json\/wp\/v2\/es_floor_coverings?post=239758"},{"taxonomy":"es_feature","embeddable":true,"href":"https:\/\/arriendo.com\/co\/wp-json\/wp\/v2\/es_features?post=239758"},{"taxonomy":"es_amenity","embeddable":true,"href":"https:\/\/arriendo.com\/co\/wp-json\/wp\/v2\/es_amenities?post=239758"},{"taxonomy":"es_neighborhood","embeddable":true,"href":"https:\/\/arriendo.com\/co\/wp-json\/wp\/v2\/es_neighborhoods?post=239758"},{"taxonomy":"es_tag","embeddable":true,"href":"https:\/\/arriendo.com\/co\/wp-json\/wp\/v2\/es_tags?post=239758"}],"curies":[{"name":"wp","href":"https:\/\/api.w.org\/{rel}","templated":true}]}}

Local en Arriendo en El retiro, Bogotá

<p>Local en arriendo, de muy buen espacio, cuenta con 1 baño y patio, ubicado en el exclusivo barrio el Redil. Su excelente ubicación le permite un rapido acceso a restaurantes y centros comerciales. No pierdas la oportunidad de alquilar este encantador local, contactanos para programar una cita. Canon de arrendamiento $1´500.000 incluida la administracion. Con opción de venta.</p>
