{"id":239697,"date":"2026-01-28T14:37:20","date_gmt":"2026-01-28T19:37:20","guid":{"rendered":"https:\/\/arriendo.com\/co\/%es_type%\/%address_city%\/%neighborhood%\/bogota-chico-alto-apartamento-en-arriendo-en-048839\/"},"modified":"2026-01-28T14:37:20","modified_gmt":"2026-01-28T19:37:20","slug":"AR-239697","status":"publish","type":"properties","link":"https:\/\/arriendo.com\/co\/apartamentos\/bogota\/chico-alto\/AR-239697\/","title":{"rendered":"Apartamento en Arriendo en Chic\u00f3 Alto, Bogot\u00e1"},"content":{"rendered":"<p>Arriendo Apartamento completamente remodelado, 65 mt, Vista interior, 2 piso sin ascensor, Sala-Comedor, 2 habitaciones cada una con closet, 1 ba\u00f1o totalmente enchapado con divisi\u00f3n en vidrio, cocina integral a gas, zona de lavander\u00eda, 1 deposito, 1 parqueadero cubierto.<br \/>\nTotalmente remodelado.<br \/>\nCanon de Arrendamiento $3.100.000 Incluido el Valor de la administraci\u00f3n<\/p>\n","protected":false},"excerpt":{"rendered":"Arriendo Apartamento completamente remodelado, 65 mt, Vista interior, 2 piso...","protected":false},"author":6690,"featured_media":239700,"template":"","es_locations":[110,77,1126],"es_categories":[124],"es_types":[114],"es_rent_periods":[],"es_labels":[],"es_statuses":[],"es_parkings":[],"es_roofs":[],"es_exterior_materials":[],"es_basements":[],"es_floor_coverings":[],"es_features":[2145,2146,151,2149,145,2132,2150,2136,2151,2152],"es_amenities":[2153,2155,2270,2159,2160,2140,2161,2143,162,2162],"es_neighborhoods":[],"es_tags":[],"class_list":["post-239697","properties","type-properties","status-publish","has-post-thumbnail","hentry","es_location-bogota","es_location-bogota-d-c","es_location-chico-alto","es_category-arriendo","es_type-apartamentos","es_feature-calentador","es_feature-cocina-integral","es_feature-deposito-bodega","es_feature-garajes","es_feature-instalacion-de-gas","es_feature-parques-cercanos","es_feature-supermercados-c-comerciales","es_feature-trans-publico-cercano","es_feature-zona-de-lavanderia","es_feature-zona-residencial","es_amenity-calentador","es_amenity-cocina-integral","es_amenity-deposito-bodega","es_amenity-garajes","es_amenity-instalacion-de-gas","es_amenity-parques-cercanos","es_amenity-supermercados-c-comerciales","es_amenity-trans-publico-cercano","es_amenity-zona-de-lavanderia","es_amenity-zona-residencial","es-post-entity"],"_links":{"self":[{"href":"https:\/\/arriendo.com\/co\/wp-json\/wp\/v2\/properties\/239697","targetHints":{"allow":["GET"]}}],"collection":[{"href":"https:\/\/arriendo.com\/co\/wp-json\/wp\/v2\/properties"}],"about":[{"href":"https:\/\/arriendo.com\/co\/wp-json\/wp\/v2\/types\/properties"}],"author":[{"embeddable":true,"href":"https:\/\/arriendo.com\/co\/wp-json\/wp\/v2\/users\/6690"}],"version-history":[{"count":0,"href":"https:\/\/arriendo.com\/co\/wp-json\/wp\/v2\/properties\/239697\/revisions"}],"wp:featuredmedia":[{"embeddable":true,"href":"https:\/\/arriendo.com\/co\/wp-json\/wp\/v2\/media\/239700"}],"wp:attachment":[{"href":"https:\/\/arriendo.com\/co\/wp-json\/wp\/v2\/media?parent=239697"}],"wp:term":[{"taxonomy":"es_location","embeddable":true,"href":"https:\/\/arriendo.com\/co\/wp-json\/wp\/v2\/es_locations?post=239697"},{"taxonomy":"es_category","embeddable":true,"href":"https:\/\/arriendo.com\/co\/wp-json\/wp\/v2\/es_categories?post=239697"},{"taxonomy":"es_type","embeddable":true,"href":"https:\/\/arriendo.com\/co\/wp-json\/wp\/v2\/es_types?post=239697"},{"taxonomy":"es_rent_period","embeddable":true,"href":"https:\/\/arriendo.com\/co\/wp-json\/wp\/v2\/es_rent_periods?post=239697"},{"taxonomy":"es_label","embeddable":true,"href":"https:\/\/arriendo.com\/co\/wp-json\/wp\/v2\/es_labels?post=239697"},{"taxonomy":"es_status","embeddable":true,"href":"https:\/\/arriendo.com\/co\/wp-json\/wp\/v2\/es_statuses?post=239697"},{"taxonomy":"es_parking","embeddable":true,"href":"https:\/\/arriendo.com\/co\/wp-json\/wp\/v2\/es_parkings?post=239697"},{"taxonomy":"es_roof","embeddable":true,"href":"https:\/\/arriendo.com\/co\/wp-json\/wp\/v2\/es_roofs?post=239697"},{"taxonomy":"es_exterior_material","embeddable":true,"href":"https:\/\/arriendo.com\/co\/wp-json\/wp\/v2\/es_exterior_materials?post=239697"},{"taxonomy":"es_basement","embeddable":true,"href":"https:\/\/arriendo.com\/co\/wp-json\/wp\/v2\/es_basements?post=239697"},{"taxonomy":"es_floor_covering","embeddable":true,"href":"https:\/\/arriendo.com\/co\/wp-json\/wp\/v2\/es_floor_coverings?post=239697"},{"taxonomy":"es_feature","embeddable":true,"href":"https:\/\/arriendo.com\/co\/wp-json\/wp\/v2\/es_features?post=239697"},{"taxonomy":"es_amenity","embeddable":true,"href":"https:\/\/arriendo.com\/co\/wp-json\/wp\/v2\/es_amenities?post=239697"},{"taxonomy":"es_neighborhood","embeddable":true,"href":"https:\/\/arriendo.com\/co\/wp-json\/wp\/v2\/es_neighborhoods?post=239697"},{"taxonomy":"es_tag","embeddable":true,"href":"https:\/\/arriendo.com\/co\/wp-json\/wp\/v2\/es_tags?post=239697"}],"curies":[{"name":"wp","href":"https:\/\/api.w.org\/{rel}","templated":true}]}}

Apartamento en Arriendo en Chicó Alto, Bogotá

<p>Arriendo Apartamento completamente remodelado, 65 mt, Vista interior, 2 piso sin ascensor, Sala-Comedor, 2 habitaciones cada una con closet, 1 baño totalmente enchapado con división en vidrio, cocina integral a gas, zona de lavandería, 1 deposito, 1 parqueadero cubierto.<br />
Totalmente remodelado.<br />
Canon de Arrendamiento $3.100.000 Incluido el Valor de la administración</p>
