{"id":239654,"date":"2026-01-28T14:34:14","date_gmt":"2026-01-28T19:34:14","guid":{"rendered":"https:\/\/arriendo.com\/co\/%es_type%\/%address_city%\/%neighborhood%\/bogota-villas-de-granada-local-en-arriendo-en-6316ea\/"},"modified":"2026-01-28T14:34:14","modified_gmt":"2026-01-28T19:34:14","slug":"AR-239654","status":"publish","type":"properties","link":"https:\/\/arriendo.com\/co\/locales\/bogota\/villas-de-granada\/AR-239654\/","title":{"rendered":"Local en Arriendo en Villas de Granada, Bogot\u00e1"},"content":{"rendered":"<p>ARRIENDO LOCAL, esquinero, 14 mts, remodelado, doble acceso por cortina met\u00e1lica y puerta, estrato 3, pisos en baldosa, excelente iluminaci\u00f3n, servicio de agua y energ\u00eda. No punto de gas, zona de trafico. No apto para bares,  restaurantes, comidas r\u00e1pidas. Cerca de Calle 80, calle 78, carreras 111 y 114, frente al Parque Villas de Granada. Cerca de comercio en general, restaurantes, bancos, etc. Buen servicio de transporte publico. CITA PREVIA 730-497<\/p>\n","protected":false},"excerpt":{"rendered":"ARRIENDO LOCAL, esquinero, 14 mts, remodelado, doble acceso por cortina...","protected":false},"author":7533,"featured_media":239657,"template":"","es_locations":[110,77,216],"es_categories":[124],"es_types":[117],"es_rent_periods":[],"es_labels":[],"es_statuses":[],"es_parkings":[],"es_roofs":[],"es_exterior_materials":[],"es_basements":[],"es_floor_coverings":[],"es_features":[2265,2296,2176,2385,2132,2488,2272,2239,2228,2137,2152],"es_amenities":[2268,2298,2191,2386,2140,2489,2273,2256,2258,2144,2162],"es_neighborhoods":[],"es_tags":[],"class_list":["post-239654","properties","type-properties","status-publish","has-post-thumbnail","hentry","es_location-bogota","es_location-bogota-d-c","es_location-villas-de-granada","es_category-arriendo","es_type-locales","es_feature-bahia-exterior-de-parqueo","es_feature-en-edificio","es_feature-en-zona-residencial","es_feature-local-exterior","es_feature-parques-cercanos","es_feature-pasaje-comercial","es_feature-piso-en-baldosa-marmol","es_feature-sobre-via-secundaria","es_feature-ventilacion-natural","es_feature-zona-comercial","es_feature-zona-residencial","es_amenity-bahia-exterior-de-parqueo","es_amenity-en-edificio","es_amenity-en-zona-residencial","es_amenity-local-exterior","es_amenity-parques-cercanos","es_amenity-pasaje-comercial","es_amenity-piso-en-baldosa-marmol","es_amenity-sobre-via-secundaria","es_amenity-ventilacion-natural","es_amenity-zona-comercial","es_amenity-zona-residencial","es-post-entity"],"_links":{"self":[{"href":"https:\/\/arriendo.com\/co\/wp-json\/wp\/v2\/properties\/239654","targetHints":{"allow":["GET"]}}],"collection":[{"href":"https:\/\/arriendo.com\/co\/wp-json\/wp\/v2\/properties"}],"about":[{"href":"https:\/\/arriendo.com\/co\/wp-json\/wp\/v2\/types\/properties"}],"author":[{"embeddable":true,"href":"https:\/\/arriendo.com\/co\/wp-json\/wp\/v2\/users\/7533"}],"version-history":[{"count":0,"href":"https:\/\/arriendo.com\/co\/wp-json\/wp\/v2\/properties\/239654\/revisions"}],"wp:featuredmedia":[{"embeddable":true,"href":"https:\/\/arriendo.com\/co\/wp-json\/wp\/v2\/media\/239657"}],"wp:attachment":[{"href":"https:\/\/arriendo.com\/co\/wp-json\/wp\/v2\/media?parent=239654"}],"wp:term":[{"taxonomy":"es_location","embeddable":true,"href":"https:\/\/arriendo.com\/co\/wp-json\/wp\/v2\/es_locations?post=239654"},{"taxonomy":"es_category","embeddable":true,"href":"https:\/\/arriendo.com\/co\/wp-json\/wp\/v2\/es_categories?post=239654"},{"taxonomy":"es_type","embeddable":true,"href":"https:\/\/arriendo.com\/co\/wp-json\/wp\/v2\/es_types?post=239654"},{"taxonomy":"es_rent_period","embeddable":true,"href":"https:\/\/arriendo.com\/co\/wp-json\/wp\/v2\/es_rent_periods?post=239654"},{"taxonomy":"es_label","embeddable":true,"href":"https:\/\/arriendo.com\/co\/wp-json\/wp\/v2\/es_labels?post=239654"},{"taxonomy":"es_status","embeddable":true,"href":"https:\/\/arriendo.com\/co\/wp-json\/wp\/v2\/es_statuses?post=239654"},{"taxonomy":"es_parking","embeddable":true,"href":"https:\/\/arriendo.com\/co\/wp-json\/wp\/v2\/es_parkings?post=239654"},{"taxonomy":"es_roof","embeddable":true,"href":"https:\/\/arriendo.com\/co\/wp-json\/wp\/v2\/es_roofs?post=239654"},{"taxonomy":"es_exterior_material","embeddable":true,"href":"https:\/\/arriendo.com\/co\/wp-json\/wp\/v2\/es_exterior_materials?post=239654"},{"taxonomy":"es_basement","embeddable":true,"href":"https:\/\/arriendo.com\/co\/wp-json\/wp\/v2\/es_basements?post=239654"},{"taxonomy":"es_floor_covering","embeddable":true,"href":"https:\/\/arriendo.com\/co\/wp-json\/wp\/v2\/es_floor_coverings?post=239654"},{"taxonomy":"es_feature","embeddable":true,"href":"https:\/\/arriendo.com\/co\/wp-json\/wp\/v2\/es_features?post=239654"},{"taxonomy":"es_amenity","embeddable":true,"href":"https:\/\/arriendo.com\/co\/wp-json\/wp\/v2\/es_amenities?post=239654"},{"taxonomy":"es_neighborhood","embeddable":true,"href":"https:\/\/arriendo.com\/co\/wp-json\/wp\/v2\/es_neighborhoods?post=239654"},{"taxonomy":"es_tag","embeddable":true,"href":"https:\/\/arriendo.com\/co\/wp-json\/wp\/v2\/es_tags?post=239654"}],"curies":[{"name":"wp","href":"https:\/\/api.w.org\/{rel}","templated":true}]}}

Local en Arriendo en Villas de Granada, Bogotá

<p>ARRIENDO LOCAL, esquinero, 14 mts, remodelado, doble acceso por cortina metálica y puerta, estrato 3, pisos en baldosa, excelente iluminación, servicio de agua y energía. No punto de gas, zona de trafico. No apto para bares,  restaurantes, comidas rápidas. Cerca de Calle 80, calle 78, carreras 111 y 114, frente al Parque Villas de Granada. Cerca de comercio en general, restaurantes, bancos, etc. Buen servicio de transporte publico. CITA PREVIA 730-497</p>
