{"id":239482,"date":"2026-01-28T14:16:58","date_gmt":"2026-01-28T19:16:58","guid":{"rendered":"https:\/\/arriendo.com\/co\/%es_type%\/%address_city%\/%neighborhood%\/medellin-los-colores-apartamento-en-arriendo-en-a4b5bf\/"},"modified":"2026-01-28T14:16:58","modified_gmt":"2026-01-28T19:16:58","slug":"AR-239482","status":"publish","type":"properties","link":"https:\/\/arriendo.com\/co\/apartamentos\/medellin\/los-colores\/AR-239482\/","title":{"rendered":"Apartamento en Arriendo en Los colores, Medell\u00edn"},"content":{"rendered":"<p>Acogedor y c\u00f3modo apartamento ubicado en el barrio Los colores, en unidad cerrada con seguridad 24\/7 con piscina, sal\u00f3n social, parque infantil y cancha m\u00faltiple. Cerca a centros comerciales, restaurantes, farmacias y del Estadio Atanasio Girardot. <\/p>\n<p>El apartamento est\u00e1 ubicado en el piso 16 con vista a la piscina. Cuenta con tres habitaciones cada una con su respectivo cl\u00f3set, dos ba\u00f1os, sala comedor, cocina integral, zona de lavado, balc\u00f3n, parqueadero privado y cuarto \u00fatil.  1379-9<\/p>\n","protected":false},"excerpt":{"rendered":"Acogedor y c\u00f3modo apartamento ubicado en el barrio Los colores,...","protected":false},"author":7454,"featured_media":239485,"template":"","es_locations":[79,633,305],"es_categories":[124],"es_types":[114],"es_rent_periods":[],"es_labels":[],"es_statuses":[],"es_parkings":[],"es_roofs":[],"es_exterior_materials":[],"es_basements":[],"es_floor_coverings":[],"es_features":[131,2212,2275,2211,2200,2293,2166,2234,2296,2178,2179,145,2180,2272,2181,2236,2182,2227,2135,2150,2136,2241,2185],"es_amenities":[152,2217,2277,2210,2205,2295,2189,2249,2298,2193,154,2160,157,2273,2194,2253,159,2255,2142,2161,2143,2259,2173],"es_neighborhoods":[],"es_tags":[],"class_list":["post-239482","properties","type-properties","status-publish","has-post-thumbnail","hentry","es_location-antioquia","es_location-los-colores","es_location-medellin","es_category-arriendo","es_type-apartamentos","es_feature-ascensor","es_feature-bano-auxiliar","es_feature-bombas-de-gasolina","es_feature-canchas-deportivas","es_feature-cerca-a-sector-comercial","es_feature-cerca-centro-comercial","es_feature-closet","es_feature-comodas-vias-de-acceso","es_feature-en-edificio","es_feature-garaje-cubierto","es_feature-gimnasio","es_feature-instalacion-de-gas","es_feature-piscina","es_feature-piso-en-baldosa-marmol","es_feature-porteria-vigilancia","es_feature-restaurantes","es_feature-salon-comunal","es_feature-shut-de-basura","es_feature-sobre-via-principal","es_feature-supermercados-c-comerciales","es_feature-trans-publico-cercano","es_feature-vigilancia-24x7","es_feature-zona-infantil","es_amenity-ascensor-privado","es_amenity-bano-auxiliar","es_amenity-bombas-de-gasolina","es_amenity-canchas-deportivas","es_amenity-cerca-a-sector-comercial","es_amenity-cerca-centro-comercial","es_amenity-closet","es_amenity-comodas-vias-de-acceso","es_amenity-en-edificio","es_amenity-garaje-cubierto","es_amenity-gimnasio","es_amenity-instalacion-de-gas","es_amenity-piscina","es_amenity-piso-en-baldosa-marmol","es_amenity-porteria-vigilancia","es_amenity-restaurantes","es_amenity-salon-comunal","es_amenity-shut-de-basura","es_amenity-sobre-via-principal","es_amenity-supermercados-c-comerciales","es_amenity-trans-publico-cercano","es_amenity-vigilancia-24x7","es_amenity-zona-infantil","es-post-entity"],"_links":{"self":[{"href":"https:\/\/arriendo.com\/co\/wp-json\/wp\/v2\/properties\/239482","targetHints":{"allow":["GET"]}}],"collection":[{"href":"https:\/\/arriendo.com\/co\/wp-json\/wp\/v2\/properties"}],"about":[{"href":"https:\/\/arriendo.com\/co\/wp-json\/wp\/v2\/types\/properties"}],"author":[{"embeddable":true,"href":"https:\/\/arriendo.com\/co\/wp-json\/wp\/v2\/users\/7454"}],"version-history":[{"count":0,"href":"https:\/\/arriendo.com\/co\/wp-json\/wp\/v2\/properties\/239482\/revisions"}],"wp:featuredmedia":[{"embeddable":true,"href":"https:\/\/arriendo.com\/co\/wp-json\/wp\/v2\/media\/239485"}],"wp:attachment":[{"href":"https:\/\/arriendo.com\/co\/wp-json\/wp\/v2\/media?parent=239482"}],"wp:term":[{"taxonomy":"es_location","embeddable":true,"href":"https:\/\/arriendo.com\/co\/wp-json\/wp\/v2\/es_locations?post=239482"},{"taxonomy":"es_category","embeddable":true,"href":"https:\/\/arriendo.com\/co\/wp-json\/wp\/v2\/es_categories?post=239482"},{"taxonomy":"es_type","embeddable":true,"href":"https:\/\/arriendo.com\/co\/wp-json\/wp\/v2\/es_types?post=239482"},{"taxonomy":"es_rent_period","embeddable":true,"href":"https:\/\/arriendo.com\/co\/wp-json\/wp\/v2\/es_rent_periods?post=239482"},{"taxonomy":"es_label","embeddable":true,"href":"https:\/\/arriendo.com\/co\/wp-json\/wp\/v2\/es_labels?post=239482"},{"taxonomy":"es_status","embeddable":true,"href":"https:\/\/arriendo.com\/co\/wp-json\/wp\/v2\/es_statuses?post=239482"},{"taxonomy":"es_parking","embeddable":true,"href":"https:\/\/arriendo.com\/co\/wp-json\/wp\/v2\/es_parkings?post=239482"},{"taxonomy":"es_roof","embeddable":true,"href":"https:\/\/arriendo.com\/co\/wp-json\/wp\/v2\/es_roofs?post=239482"},{"taxonomy":"es_exterior_material","embeddable":true,"href":"https:\/\/arriendo.com\/co\/wp-json\/wp\/v2\/es_exterior_materials?post=239482"},{"taxonomy":"es_basement","embeddable":true,"href":"https:\/\/arriendo.com\/co\/wp-json\/wp\/v2\/es_basements?post=239482"},{"taxonomy":"es_floor_covering","embeddable":true,"href":"https:\/\/arriendo.com\/co\/wp-json\/wp\/v2\/es_floor_coverings?post=239482"},{"taxonomy":"es_feature","embeddable":true,"href":"https:\/\/arriendo.com\/co\/wp-json\/wp\/v2\/es_features?post=239482"},{"taxonomy":"es_amenity","embeddable":true,"href":"https:\/\/arriendo.com\/co\/wp-json\/wp\/v2\/es_amenities?post=239482"},{"taxonomy":"es_neighborhood","embeddable":true,"href":"https:\/\/arriendo.com\/co\/wp-json\/wp\/v2\/es_neighborhoods?post=239482"},{"taxonomy":"es_tag","embeddable":true,"href":"https:\/\/arriendo.com\/co\/wp-json\/wp\/v2\/es_tags?post=239482"}],"curies":[{"name":"wp","href":"https:\/\/api.w.org\/{rel}","templated":true}]}}

Apartamento en Arriendo en Los colores, Medellín

<p>Acogedor y cómodo apartamento ubicado en el barrio Los colores, en unidad cerrada con seguridad 24/7 con piscina, salón social, parque infantil y cancha múltiple. Cerca a centros comerciales, restaurantes, farmacias y del Estadio Atanasio Girardot. </p>
<p>El apartamento está ubicado en el piso 16 con vista a la piscina. Cuenta con tres habitaciones cada una con su respectivo clóset, dos baños, sala comedor, cocina integral, zona de lavado, balcón, parqueadero privado y cuarto útil.  1379-9</p>

Acogedor y cómodo apartamento ubicado en el barrio Los colores,...
