{"id":239278,"date":"2026-01-28T13:51:45","date_gmt":"2026-01-28T18:51:45","guid":{"rendered":"https:\/\/arriendo.com\/co\/%es_type%\/%address_city%\/%neighborhood%\/bogota-unicentro-bogota-oficina-en-arriendo-en-199b1d\/"},"modified":"2026-01-28T13:51:45","modified_gmt":"2026-01-28T18:51:45","slug":"AR-239278","status":"publish","type":"properties","link":"https:\/\/arriendo.com\/co\/oficinas\/bogota\/unicentro-bogota\/AR-239278\/","title":{"rendered":"Oficina en arriendo en Unicentro Bogot\u00e1, Bogot\u00e1"},"content":{"rendered":"<p>? OFICINAS en alquiler ?<\/p>\n<p>? Nuestras oficinas cuentan con un \u00e1rea de entre 47 y 50 metros cuadrados, brind\u00e1ndote un espacio amplio y c\u00f3modo para llevar a cabo tus actividades laborales. ?<br \/>\n? Disponemos de oficinas que tienen 1 o 2 ba\u00f1os en cada oficina, asegurando la comodidad y privacidad de tus empleados y clientes. ?<br \/>\n? Adem\u00e1s, cuenta  con 2 ambientes amplios que te permitir\u00e1n organizar tus \u00e1reas de trabajo de manera eficiente. ?<br \/>\nen algunas oficinas ?\ufe0f  tienen una cocineta para alimentaci\u00f3n y descanso. ?\ufe0f<br \/>\n? El canon de arrendamiento para estas oficinas incluye los gastos de administraci\u00f3n e IVA. ?<br \/>\n\u26a1 \u00a1Y eso no es todo! Actualmente, tenemos un incre\u00edble descuento del 20% disponible,  \u26a1<\/p>\n<p>? Si deseas obtener m\u00e1s detalles sobre estas oficinas o agendar una visita para conocerlas personalmente, no dudes en comunicarte. Estamos aqu\u00ed para responder a todas tus preguntas y brindarte un excelente servicio.<\/p>\n<p>\u00a1Aprovecha esta oportunidad y asegura tu espacio de trabajo en nuestras oficinas de calidad! \u00a1Te esperamos con entusiasmo y profesionalismo!<\/p>\n","protected":false},"excerpt":{"rendered":"? OFICINAS en alquiler ? ? Nuestras oficinas cuentan con...","protected":false},"author":7406,"featured_media":239281,"template":"","es_locations":[110,77,2470],"es_categories":[124],"es_types":[116],"es_rent_periods":[],"es_labels":[],"es_statuses":[],"es_parkings":[],"es_roofs":[],"es_exterior_materials":[],"es_basements":[],"es_floor_coverings":[],"es_features":[131,2131,133,2178,2132,2418,2133,2239,2137,2152],"es_amenities":[152,2139,2154,2193,2140,2419,158,2256,2144,2162],"es_neighborhoods":[],"es_tags":[],"class_list":["post-239278","properties","type-properties","status-publish","has-post-thumbnail","hentry","es_location-bogota","es_location-bogota-d-c","es_location-unicentro-bogota","es_category-arriendo","es_type-oficinas","es_feature-ascensor","es_feature-circuito-cerrado-de-tv","es_feature-citofono","es_feature-garaje-cubierto","es_feature-parques-cercanos","es_feature-piso-en-madera","es_feature-porteria-recepcion","es_feature-sobre-via-secundaria","es_feature-zona-comercial","es_feature-zona-residencial","es_amenity-ascensor-privado","es_amenity-circuito-cerrado-de-tv","es_amenity-citofono","es_amenity-garaje-cubierto","es_amenity-parques-cercanos","es_amenity-piso-en-madera","es_amenity-porteria-recepcion","es_amenity-sobre-via-secundaria","es_amenity-zona-comercial","es_amenity-zona-residencial","es-post-entity"],"_links":{"self":[{"href":"https:\/\/arriendo.com\/co\/wp-json\/wp\/v2\/properties\/239278","targetHints":{"allow":["GET"]}}],"collection":[{"href":"https:\/\/arriendo.com\/co\/wp-json\/wp\/v2\/properties"}],"about":[{"href":"https:\/\/arriendo.com\/co\/wp-json\/wp\/v2\/types\/properties"}],"author":[{"embeddable":true,"href":"https:\/\/arriendo.com\/co\/wp-json\/wp\/v2\/users\/7406"}],"version-history":[{"count":0,"href":"https:\/\/arriendo.com\/co\/wp-json\/wp\/v2\/properties\/239278\/revisions"}],"wp:featuredmedia":[{"embeddable":true,"href":"https:\/\/arriendo.com\/co\/wp-json\/wp\/v2\/media\/239281"}],"wp:attachment":[{"href":"https:\/\/arriendo.com\/co\/wp-json\/wp\/v2\/media?parent=239278"}],"wp:term":[{"taxonomy":"es_location","embeddable":true,"href":"https:\/\/arriendo.com\/co\/wp-json\/wp\/v2\/es_locations?post=239278"},{"taxonomy":"es_category","embeddable":true,"href":"https:\/\/arriendo.com\/co\/wp-json\/wp\/v2\/es_categories?post=239278"},{"taxonomy":"es_type","embeddable":true,"href":"https:\/\/arriendo.com\/co\/wp-json\/wp\/v2\/es_types?post=239278"},{"taxonomy":"es_rent_period","embeddable":true,"href":"https:\/\/arriendo.com\/co\/wp-json\/wp\/v2\/es_rent_periods?post=239278"},{"taxonomy":"es_label","embeddable":true,"href":"https:\/\/arriendo.com\/co\/wp-json\/wp\/v2\/es_labels?post=239278"},{"taxonomy":"es_status","embeddable":true,"href":"https:\/\/arriendo.com\/co\/wp-json\/wp\/v2\/es_statuses?post=239278"},{"taxonomy":"es_parking","embeddable":true,"href":"https:\/\/arriendo.com\/co\/wp-json\/wp\/v2\/es_parkings?post=239278"},{"taxonomy":"es_roof","embeddable":true,"href":"https:\/\/arriendo.com\/co\/wp-json\/wp\/v2\/es_roofs?post=239278"},{"taxonomy":"es_exterior_material","embeddable":true,"href":"https:\/\/arriendo.com\/co\/wp-json\/wp\/v2\/es_exterior_materials?post=239278"},{"taxonomy":"es_basement","embeddable":true,"href":"https:\/\/arriendo.com\/co\/wp-json\/wp\/v2\/es_basements?post=239278"},{"taxonomy":"es_floor_covering","embeddable":true,"href":"https:\/\/arriendo.com\/co\/wp-json\/wp\/v2\/es_floor_coverings?post=239278"},{"taxonomy":"es_feature","embeddable":true,"href":"https:\/\/arriendo.com\/co\/wp-json\/wp\/v2\/es_features?post=239278"},{"taxonomy":"es_amenity","embeddable":true,"href":"https:\/\/arriendo.com\/co\/wp-json\/wp\/v2\/es_amenities?post=239278"},{"taxonomy":"es_neighborhood","embeddable":true,"href":"https:\/\/arriendo.com\/co\/wp-json\/wp\/v2\/es_neighborhoods?post=239278"},{"taxonomy":"es_tag","embeddable":true,"href":"https:\/\/arriendo.com\/co\/wp-json\/wp\/v2\/es_tags?post=239278"}],"curies":[{"name":"wp","href":"https:\/\/api.w.org\/{rel}","templated":true}]}}

Oficina en arriendo en Unicentro Bogotá, Bogotá

<p>? OFICINAS en alquiler ?</p>
<p>? Nuestras oficinas cuentan con un área de entre 47 y 50 metros cuadrados, brindándote un espacio amplio y cómodo para llevar a cabo tus actividades laborales. ?<br />
? Disponemos de oficinas que tienen 1 o 2 baños en cada oficina, asegurando la comodidad y privacidad de tus empleados y clientes. ?<br />
? Además, cuenta  con 2 ambientes amplios que te permitirán organizar tus áreas de trabajo de manera eficiente. ?<br />
en algunas oficinas ?️  tienen una cocineta para alimentación y descanso. ?️<br />
? El canon de arrendamiento para estas oficinas incluye los gastos de administración e IVA. ?<br />
⚡ ¡Y eso no es todo! Actualmente, tenemos un increíble descuento del 20% disponible,  ⚡</p>
<p>? Si deseas obtener más detalles sobre estas oficinas o agendar una visita para conocerlas personalmente, no dudes en comunicarte. Estamos aquí para responder a todas tus preguntas y brindarte un excelente servicio.</p>
<p>¡Aprovecha esta oportunidad y asegura tu espacio de trabajo en nuestras oficinas de calidad! ¡Te esperamos con entusiasmo y profesionalismo!</p>
