{"id":239245,"date":"2026-01-28T13:48:44","date_gmt":"2026-01-28T18:48:44","guid":{"rendered":"https:\/\/arriendo.com\/co\/%es_type%\/%address_city%\/%neighborhood%\/bogota-barrios-unidos-local-en-arriendo-en-ce6bbe\/"},"modified":"2026-01-28T13:48:45","modified_gmt":"2026-01-28T18:48:45","slug":"AR-239245","status":"publish","type":"properties","link":"https:\/\/arriendo.com\/co\/locales\/bogota\/barrios-unidos\/AR-239245\/","title":{"rendered":"Local en arriendo en Barrios Unidos, Bogot\u00e1"},"content":{"rendered":"<p>\u00a1Te presentamos este maravilloso local reci\u00e9n remodelado, ubicado en una v\u00eda principal y rodeado de conveniencias! Su ubicaci\u00f3n privilegiada te permite acceder f\u00e1cilmente a la v\u00eda 68, la v\u00eda 80 y la carrera 30, lo cual lo convierte en una opci\u00f3n ideal para tu negocio.<\/p>\n<p>En la inmobiliaria F Balaguera, nos complace presentarte este local que cuenta con las siguientes caracter\u00edsticas:<\/p>\n<p>\u00c1rea de 38 metros cuadrados, ideal para adaptarlo a tus necesidades comerciales.<br \/>\n1 ba\u00f1o completo, brindando comodidad tanto para tus clientes como para tus empleados.<br \/>\nBodega adicional para el almacenamiento de tus productos o mercanc\u00edas.<br \/>\nEl canon de arrendamiento para este local es de $2.142.000, con el IVA incluido en el precio.<br \/>\nLa direcci\u00f3n exacta es Kra 28 N. 75a 03, ofreciendo una ubicaci\u00f3n privilegiada en la zona.<br \/>\nSi deseas obtener m\u00e1s informaci\u00f3n o agendar una cita para ver personalmente este local, no dudes en comunicarte con nuestros asesores  de la inmobiliaria F Balaguera. Estaremos encantados de brindarte toda la informaci\u00f3n que necesitas para tomar una decisi\u00f3n informada.<br \/>\n\u00a1Aprovecha esta oportunidad y haz de este local tu nuevo espacio de negocios! \u00a1Te esperamos con entusiasmo y profesionalismo!<\/p>\n","protected":false},"excerpt":{"rendered":"\u00a1Te presentamos este maravilloso local reci\u00e9n remodelado, ubicado en una...","protected":false},"author":7406,"featured_media":239248,"template":"","es_locations":[209,110,77],"es_categories":[124],"es_types":[117],"es_rent_periods":[],"es_labels":[],"es_statuses":[],"es_parkings":[],"es_roofs":[],"es_exterior_materials":[],"es_basements":[],"es_floor_coverings":[],"es_features":[151,2385,2272,2137,2152],"es_amenities":[2270,2386,2273,2144,2162],"es_neighborhoods":[],"es_tags":[],"class_list":["post-239245","properties","type-properties","status-publish","has-post-thumbnail","hentry","es_location-barrios-unidos","es_location-bogota","es_location-bogota-d-c","es_category-arriendo","es_type-locales","es_feature-deposito-bodega","es_feature-local-exterior","es_feature-piso-en-baldosa-marmol","es_feature-zona-comercial","es_feature-zona-residencial","es_amenity-deposito-bodega","es_amenity-local-exterior","es_amenity-piso-en-baldosa-marmol","es_amenity-zona-comercial","es_amenity-zona-residencial","es-post-entity"],"_links":{"self":[{"href":"https:\/\/arriendo.com\/co\/wp-json\/wp\/v2\/properties\/239245","targetHints":{"allow":["GET"]}}],"collection":[{"href":"https:\/\/arriendo.com\/co\/wp-json\/wp\/v2\/properties"}],"about":[{"href":"https:\/\/arriendo.com\/co\/wp-json\/wp\/v2\/types\/properties"}],"author":[{"embeddable":true,"href":"https:\/\/arriendo.com\/co\/wp-json\/wp\/v2\/users\/7406"}],"version-history":[{"count":0,"href":"https:\/\/arriendo.com\/co\/wp-json\/wp\/v2\/properties\/239245\/revisions"}],"wp:featuredmedia":[{"embeddable":true,"href":"https:\/\/arriendo.com\/co\/wp-json\/wp\/v2\/media\/239248"}],"wp:attachment":[{"href":"https:\/\/arriendo.com\/co\/wp-json\/wp\/v2\/media?parent=239245"}],"wp:term":[{"taxonomy":"es_location","embeddable":true,"href":"https:\/\/arriendo.com\/co\/wp-json\/wp\/v2\/es_locations?post=239245"},{"taxonomy":"es_category","embeddable":true,"href":"https:\/\/arriendo.com\/co\/wp-json\/wp\/v2\/es_categories?post=239245"},{"taxonomy":"es_type","embeddable":true,"href":"https:\/\/arriendo.com\/co\/wp-json\/wp\/v2\/es_types?post=239245"},{"taxonomy":"es_rent_period","embeddable":true,"href":"https:\/\/arriendo.com\/co\/wp-json\/wp\/v2\/es_rent_periods?post=239245"},{"taxonomy":"es_label","embeddable":true,"href":"https:\/\/arriendo.com\/co\/wp-json\/wp\/v2\/es_labels?post=239245"},{"taxonomy":"es_status","embeddable":true,"href":"https:\/\/arriendo.com\/co\/wp-json\/wp\/v2\/es_statuses?post=239245"},{"taxonomy":"es_parking","embeddable":true,"href":"https:\/\/arriendo.com\/co\/wp-json\/wp\/v2\/es_parkings?post=239245"},{"taxonomy":"es_roof","embeddable":true,"href":"https:\/\/arriendo.com\/co\/wp-json\/wp\/v2\/es_roofs?post=239245"},{"taxonomy":"es_exterior_material","embeddable":true,"href":"https:\/\/arriendo.com\/co\/wp-json\/wp\/v2\/es_exterior_materials?post=239245"},{"taxonomy":"es_basement","embeddable":true,"href":"https:\/\/arriendo.com\/co\/wp-json\/wp\/v2\/es_basements?post=239245"},{"taxonomy":"es_floor_covering","embeddable":true,"href":"https:\/\/arriendo.com\/co\/wp-json\/wp\/v2\/es_floor_coverings?post=239245"},{"taxonomy":"es_feature","embeddable":true,"href":"https:\/\/arriendo.com\/co\/wp-json\/wp\/v2\/es_features?post=239245"},{"taxonomy":"es_amenity","embeddable":true,"href":"https:\/\/arriendo.com\/co\/wp-json\/wp\/v2\/es_amenities?post=239245"},{"taxonomy":"es_neighborhood","embeddable":true,"href":"https:\/\/arriendo.com\/co\/wp-json\/wp\/v2\/es_neighborhoods?post=239245"},{"taxonomy":"es_tag","embeddable":true,"href":"https:\/\/arriendo.com\/co\/wp-json\/wp\/v2\/es_tags?post=239245"}],"curies":[{"name":"wp","href":"https:\/\/api.w.org\/{rel}","templated":true}]}}

Local en arriendo en Barrios Unidos, Bogotá

<p>¡Te presentamos este maravilloso local recién remodelado, ubicado en una vía principal y rodeado de conveniencias! Su ubicación privilegiada te permite acceder fácilmente a la vía 68, la vía 80 y la carrera 30, lo cual lo convierte en una opción ideal para tu negocio.</p>
<p>En la inmobiliaria F Balaguera, nos complace presentarte este local que cuenta con las siguientes características:</p>
<p>Área de 38 metros cuadrados, ideal para adaptarlo a tus necesidades comerciales.<br />
1 baño completo, brindando comodidad tanto para tus clientes como para tus empleados.<br />
Bodega adicional para el almacenamiento de tus productos o mercancías.<br />
El canon de arrendamiento para este local es de $2.142.000, con el IVA incluido en el precio.<br />
La dirección exacta es Kra 28 N. 75a 03, ofreciendo una ubicación privilegiada en la zona.<br />
Si deseas obtener más información o agendar una cita para ver personalmente este local, no dudes en comunicarte con nuestros asesores  de la inmobiliaria F Balaguera. Estaremos encantados de brindarte toda la información que necesitas para tomar una decisión informada.<br />
¡Aprovecha esta oportunidad y haz de este local tu nuevo espacio de negocios! ¡Te esperamos con entusiasmo y profesionalismo!</p>

¡Te presentamos este maravilloso local recién remodelado, ubicado en una...
