{"id":239149,"date":"2026-01-28T13:38:44","date_gmt":"2026-01-28T18:38:44","guid":{"rendered":"https:\/\/arriendo.com\/co\/%es_type%\/%address_city%\/%neighborhood%\/puerto-tejada-mexico-local-en-arriendo-en-46578f\/"},"modified":"2026-01-28T13:38:44","modified_gmt":"2026-01-28T18:38:44","slug":"AR-239149","status":"publish","type":"properties","link":"https:\/\/arriendo.com\/co\/locales\/puerto-tejada\/mexico\/AR-239149\/","title":{"rendered":"Local en Arriendo en Mexico, Puerto tejada"},"content":{"rendered":"<p>San Fernando. Alquilo 2\u00b0 piso en excelente propiedad esquinera en el mejor sector de la zona, cerca a Cl\u00ednica Imbanaco y \u00c9xito de San Fernando;  ideal para Entidades de Salud, Institutos Educativos, Dispensarios, Oficinas, SPA\u2019s; \u00e1rea 230 m2. Consta de pisos en porcelanato, luces LED y finos acabados en madera. Amplio sal\u00f3n, 2 ba\u00f1os y  cocineta. Valor $6&#8217;800.000.<\/p>\n","protected":false},"excerpt":{"rendered":"San Fernando. Alquilo 2\u00b0 piso en excelente propiedad esquinera en...","protected":false},"author":7391,"featured_media":239152,"template":"","es_locations":[87,2827,2826],"es_categories":[124],"es_types":[117],"es_rent_periods":[],"es_labels":[],"es_statuses":[],"es_parkings":[],"es_roofs":[],"es_exterior_materials":[],"es_basements":[],"es_floor_coverings":[],"es_features":[2265,2302,2296,2132,2272,2239,2228,2137],"es_amenities":[2268,2303,2298,2140,2273,2256,2258,2144],"es_neighborhoods":[],"es_tags":[],"class_list":["post-239149","properties","type-properties","status-publish","has-post-thumbnail","hentry","es_location-cauca","es_location-mexico","es_location-puerto-tejada","es_category-arriendo","es_type-locales","es_feature-bahia-exterior-de-parqueo","es_feature-cocineta","es_feature-en-edificio","es_feature-parques-cercanos","es_feature-piso-en-baldosa-marmol","es_feature-sobre-via-secundaria","es_feature-ventilacion-natural","es_feature-zona-comercial","es_amenity-bahia-exterior-de-parqueo","es_amenity-cocineta","es_amenity-en-edificio","es_amenity-parques-cercanos","es_amenity-piso-en-baldosa-marmol","es_amenity-sobre-via-secundaria","es_amenity-ventilacion-natural","es_amenity-zona-comercial","es-post-entity"],"_links":{"self":[{"href":"https:\/\/arriendo.com\/co\/wp-json\/wp\/v2\/properties\/239149","targetHints":{"allow":["GET"]}}],"collection":[{"href":"https:\/\/arriendo.com\/co\/wp-json\/wp\/v2\/properties"}],"about":[{"href":"https:\/\/arriendo.com\/co\/wp-json\/wp\/v2\/types\/properties"}],"author":[{"embeddable":true,"href":"https:\/\/arriendo.com\/co\/wp-json\/wp\/v2\/users\/7391"}],"version-history":[{"count":0,"href":"https:\/\/arriendo.com\/co\/wp-json\/wp\/v2\/properties\/239149\/revisions"}],"wp:featuredmedia":[{"embeddable":true,"href":"https:\/\/arriendo.com\/co\/wp-json\/wp\/v2\/media\/239152"}],"wp:attachment":[{"href":"https:\/\/arriendo.com\/co\/wp-json\/wp\/v2\/media?parent=239149"}],"wp:term":[{"taxonomy":"es_location","embeddable":true,"href":"https:\/\/arriendo.com\/co\/wp-json\/wp\/v2\/es_locations?post=239149"},{"taxonomy":"es_category","embeddable":true,"href":"https:\/\/arriendo.com\/co\/wp-json\/wp\/v2\/es_categories?post=239149"},{"taxonomy":"es_type","embeddable":true,"href":"https:\/\/arriendo.com\/co\/wp-json\/wp\/v2\/es_types?post=239149"},{"taxonomy":"es_rent_period","embeddable":true,"href":"https:\/\/arriendo.com\/co\/wp-json\/wp\/v2\/es_rent_periods?post=239149"},{"taxonomy":"es_label","embeddable":true,"href":"https:\/\/arriendo.com\/co\/wp-json\/wp\/v2\/es_labels?post=239149"},{"taxonomy":"es_status","embeddable":true,"href":"https:\/\/arriendo.com\/co\/wp-json\/wp\/v2\/es_statuses?post=239149"},{"taxonomy":"es_parking","embeddable":true,"href":"https:\/\/arriendo.com\/co\/wp-json\/wp\/v2\/es_parkings?post=239149"},{"taxonomy":"es_roof","embeddable":true,"href":"https:\/\/arriendo.com\/co\/wp-json\/wp\/v2\/es_roofs?post=239149"},{"taxonomy":"es_exterior_material","embeddable":true,"href":"https:\/\/arriendo.com\/co\/wp-json\/wp\/v2\/es_exterior_materials?post=239149"},{"taxonomy":"es_basement","embeddable":true,"href":"https:\/\/arriendo.com\/co\/wp-json\/wp\/v2\/es_basements?post=239149"},{"taxonomy":"es_floor_covering","embeddable":true,"href":"https:\/\/arriendo.com\/co\/wp-json\/wp\/v2\/es_floor_coverings?post=239149"},{"taxonomy":"es_feature","embeddable":true,"href":"https:\/\/arriendo.com\/co\/wp-json\/wp\/v2\/es_features?post=239149"},{"taxonomy":"es_amenity","embeddable":true,"href":"https:\/\/arriendo.com\/co\/wp-json\/wp\/v2\/es_amenities?post=239149"},{"taxonomy":"es_neighborhood","embeddable":true,"href":"https:\/\/arriendo.com\/co\/wp-json\/wp\/v2\/es_neighborhoods?post=239149"},{"taxonomy":"es_tag","embeddable":true,"href":"https:\/\/arriendo.com\/co\/wp-json\/wp\/v2\/es_tags?post=239149"}],"curies":[{"name":"wp","href":"https:\/\/api.w.org\/{rel}","templated":true}]}}

<p>San Fernando. Alquilo 2° piso en excelente propiedad esquinera en el mejor sector de la zona, cerca a Clínica Imbanaco y Éxito de San Fernando;  ideal para Entidades de Salud, Institutos Educativos, Dispensarios, Oficinas, SPA’s; área 230 m2. Consta de pisos en porcelanato, luces LED y finos acabados en madera. Amplio salón, 2 baños y  cocineta. Valor $6&#8217;800.000.</p>
