{"id":239132,"date":"2026-01-28T13:36:44","date_gmt":"2026-01-28T18:36:44","guid":{"rendered":"https:\/\/arriendo.com\/co\/%es_type%\/%address_city%\/%neighborhood%\/cali-valle-del-lili-apartamento-en-arriendo-en-c7e069\/"},"modified":"2026-01-28T13:36:44","modified_gmt":"2026-01-28T18:36:44","slug":"AR-239132","status":"publish","type":"properties","link":"https:\/\/arriendo.com\/co\/apartamentos\/cali\/valle-del-lili\/AR-239132\/","title":{"rendered":"Apartamento en Arriendo en Valle del Lili, Cali"},"content":{"rendered":"<p>Hermoso apartamento en conjunto cerrado, ubicado en un quinto piso con ascensor. Cuenta con sala-comedor, cocina integral, balc\u00f3n con excelente iluminaci\u00f3n, tres alcobas y dos ba\u00f1os. Ubicado en una zona tranquila y de alta valorizaci\u00f3n. Canon: $1.350.000 (administraci\u00f3n incluida).Te compartimos el video del inmueble para que lo conozcas. Si deseas m\u00e1s informaci\u00f3n o agendar una visita, no dudes en escribirnos.<\/p>\n","protected":false},"excerpt":{"rendered":"Hermoso apartamento en conjunto cerrado, ubicado en un quinto piso...","protected":false},"author":7391,"featured_media":239135,"template":"","es_locations":[179,866],"es_categories":[124],"es_types":[114],"es_rent_periods":[],"es_labels":[],"es_statuses":[],"es_parkings":[],"es_roofs":[],"es_exterior_materials":[],"es_basements":[],"es_floor_coverings":[],"es_features":[131,132,133,2146,2148,145,2132,2133,2181,2150,2136,2137,2185,2152,2204],"es_amenities":[152,2186,2154,2155,2157,2160,2140,158,2161,2143,161,2144,2173,2162,2209],"es_neighborhoods":[],"es_tags":[],"class_list":["post-239132","properties","type-properties","status-publish","has-post-thumbnail","hentry","es_location-cali","es_location-valle-del-lili","es_category-arriendo","es_type-apartamentos","es_feature-ascensor","es_feature-balcon","es_feature-citofono","es_feature-cocina-integral","es_feature-colegios-universidades","es_feature-instalacion-de-gas","es_feature-parques-cercanos","es_feature-porteria-recepcion","es_feature-porteria-vigilancia","es_feature-supermercados-c-comerciales","es_feature-trans-publico-cercano","es_feature-zona-comercial","es_feature-zona-infantil","es_feature-zona-residencial","es_feature-zonas-verdes","es_amenity-ascensor-privado","es_amenity-balcon","es_amenity-citofono","es_amenity-cocina-integral","es_amenity-colegios-universidades","es_amenity-instalacion-de-gas","es_amenity-parques-cercanos","es_amenity-porteria-recepcion","es_amenity-supermercados-c-comerciales","es_amenity-trans-publico-cercano","es_amenity-vigilancia-24-7","es_amenity-zona-comercial","es_amenity-zona-infantil","es_amenity-zona-residencial","es_amenity-zonas-verdes","es-post-entity"],"_links":{"self":[{"href":"https:\/\/arriendo.com\/co\/wp-json\/wp\/v2\/properties\/239132","targetHints":{"allow":["GET"]}}],"collection":[{"href":"https:\/\/arriendo.com\/co\/wp-json\/wp\/v2\/properties"}],"about":[{"href":"https:\/\/arriendo.com\/co\/wp-json\/wp\/v2\/types\/properties"}],"author":[{"embeddable":true,"href":"https:\/\/arriendo.com\/co\/wp-json\/wp\/v2\/users\/7391"}],"version-history":[{"count":0,"href":"https:\/\/arriendo.com\/co\/wp-json\/wp\/v2\/properties\/239132\/revisions"}],"wp:featuredmedia":[{"embeddable":true,"href":"https:\/\/arriendo.com\/co\/wp-json\/wp\/v2\/media\/239135"}],"wp:attachment":[{"href":"https:\/\/arriendo.com\/co\/wp-json\/wp\/v2\/media?parent=239132"}],"wp:term":[{"taxonomy":"es_location","embeddable":true,"href":"https:\/\/arriendo.com\/co\/wp-json\/wp\/v2\/es_locations?post=239132"},{"taxonomy":"es_category","embeddable":true,"href":"https:\/\/arriendo.com\/co\/wp-json\/wp\/v2\/es_categories?post=239132"},{"taxonomy":"es_type","embeddable":true,"href":"https:\/\/arriendo.com\/co\/wp-json\/wp\/v2\/es_types?post=239132"},{"taxonomy":"es_rent_period","embeddable":true,"href":"https:\/\/arriendo.com\/co\/wp-json\/wp\/v2\/es_rent_periods?post=239132"},{"taxonomy":"es_label","embeddable":true,"href":"https:\/\/arriendo.com\/co\/wp-json\/wp\/v2\/es_labels?post=239132"},{"taxonomy":"es_status","embeddable":true,"href":"https:\/\/arriendo.com\/co\/wp-json\/wp\/v2\/es_statuses?post=239132"},{"taxonomy":"es_parking","embeddable":true,"href":"https:\/\/arriendo.com\/co\/wp-json\/wp\/v2\/es_parkings?post=239132"},{"taxonomy":"es_roof","embeddable":true,"href":"https:\/\/arriendo.com\/co\/wp-json\/wp\/v2\/es_roofs?post=239132"},{"taxonomy":"es_exterior_material","embeddable":true,"href":"https:\/\/arriendo.com\/co\/wp-json\/wp\/v2\/es_exterior_materials?post=239132"},{"taxonomy":"es_basement","embeddable":true,"href":"https:\/\/arriendo.com\/co\/wp-json\/wp\/v2\/es_basements?post=239132"},{"taxonomy":"es_floor_covering","embeddable":true,"href":"https:\/\/arriendo.com\/co\/wp-json\/wp\/v2\/es_floor_coverings?post=239132"},{"taxonomy":"es_feature","embeddable":true,"href":"https:\/\/arriendo.com\/co\/wp-json\/wp\/v2\/es_features?post=239132"},{"taxonomy":"es_amenity","embeddable":true,"href":"https:\/\/arriendo.com\/co\/wp-json\/wp\/v2\/es_amenities?post=239132"},{"taxonomy":"es_neighborhood","embeddable":true,"href":"https:\/\/arriendo.com\/co\/wp-json\/wp\/v2\/es_neighborhoods?post=239132"},{"taxonomy":"es_tag","embeddable":true,"href":"https:\/\/arriendo.com\/co\/wp-json\/wp\/v2\/es_tags?post=239132"}],"curies":[{"name":"wp","href":"https:\/\/api.w.org\/{rel}","templated":true}]}}

<p>Hermoso apartamento en conjunto cerrado, ubicado en un quinto piso con ascensor. Cuenta con sala-comedor, cocina integral, balcón con excelente iluminación, tres alcobas y dos baños. Ubicado en una zona tranquila y de alta valorización. Canon: $1.350.000 (administración incluida).Te compartimos el video del inmueble para que lo conozcas. Si deseas más información o agendar una visita, no dudes en escribirnos.</p>
