{"id":239081,"date":"2026-01-28T13:29:44","date_gmt":"2026-01-28T18:29:44","guid":{"rendered":"https:\/\/arriendo.com\/co\/%es_type%\/%address_city%\/%neighborhood%\/valledupar-el-amparo-casa-en-arriendo-en-8808b8\/"},"modified":"2026-01-28T13:29:44","modified_gmt":"2026-01-28T18:29:44","slug":"AR-239081","status":"publish","type":"properties","link":"https:\/\/arriendo.com\/co\/casas\/valledupar\/el-amparo\/AR-239081\/","title":{"rendered":"Casa en Arriendo en El amparo, Valledupar"},"content":{"rendered":"<p>Casa de 2 Pisos, Ubicada en el Barrio El Amparo: Primer piso: sala principal, garaje, ba\u00f1o social, comedor, zona de cocina, patio de labores con patio auxiliar, alcoba de servicio con ba\u00f1o interno, patio principal amplio<br \/>\n Segundo piso: 3 habitaciones con closet, 1 ba\u00f1o auxiliar, 1 ba\u00f1o amplio interno en habitaci\u00f3n principal (closet dentro del ba\u00f1o), alcoba 1 con el balcon.<\/p>\n","protected":false},"excerpt":{"rendered":"Casa de 2 Pisos, Ubicada en el Barrio El Amparo:...","protected":false},"author":7352,"featured_media":239084,"template":"","es_locations":[88,2825,436],"es_categories":[124],"es_types":[115],"es_rent_periods":[],"es_labels":[],"es_statuses":[],"es_parkings":[],"es_roofs":[],"es_exterior_materials":[],"es_basements":[],"es_floor_coverings":[],"es_features":[2212,2146,2148,2203,2132,2272,2135,2150,143,2136,2306,2137,2300,2152],"es_amenities":[2217,2155,2157,2208,2140,2273,2142,2161,2290,2143,2308,2144,2301,2162],"es_neighborhoods":[],"es_tags":[],"class_list":["post-239081","properties","type-properties","status-publish","has-post-thumbnail","hentry","es_location-cesar","es_location-el-amparo","es_location-valledupar","es_category-arriendo","es_type-casas","es_feature-bano-auxiliar","es_feature-cocina-integral","es_feature-colegios-universidades","es_feature-jardines-exteriores","es_feature-parques-cercanos","es_feature-piso-en-baldosa-marmol","es_feature-sobre-via-principal","es_feature-supermercados-c-comerciales","es_feature-terraza","es_feature-trans-publico-cercano","es_feature-zona-campestre","es_feature-zona-comercial","es_feature-zona-industrial","es_feature-zona-residencial","es_amenity-bano-auxiliar","es_amenity-cocina-integral","es_amenity-colegios-universidades","es_amenity-jardines-exteriores","es_amenity-parques-cercanos","es_amenity-piso-en-baldosa-marmol","es_amenity-sobre-via-principal","es_amenity-supermercados-c-comerciales","es_amenity-terraza","es_amenity-trans-publico-cercano","es_amenity-zona-campestre","es_amenity-zona-comercial","es_amenity-zona-industrial","es_amenity-zona-residencial","es-post-entity"],"_links":{"self":[{"href":"https:\/\/arriendo.com\/co\/wp-json\/wp\/v2\/properties\/239081","targetHints":{"allow":["GET"]}}],"collection":[{"href":"https:\/\/arriendo.com\/co\/wp-json\/wp\/v2\/properties"}],"about":[{"href":"https:\/\/arriendo.com\/co\/wp-json\/wp\/v2\/types\/properties"}],"author":[{"embeddable":true,"href":"https:\/\/arriendo.com\/co\/wp-json\/wp\/v2\/users\/7352"}],"version-history":[{"count":0,"href":"https:\/\/arriendo.com\/co\/wp-json\/wp\/v2\/properties\/239081\/revisions"}],"wp:featuredmedia":[{"embeddable":true,"href":"https:\/\/arriendo.com\/co\/wp-json\/wp\/v2\/media\/239084"}],"wp:attachment":[{"href":"https:\/\/arriendo.com\/co\/wp-json\/wp\/v2\/media?parent=239081"}],"wp:term":[{"taxonomy":"es_location","embeddable":true,"href":"https:\/\/arriendo.com\/co\/wp-json\/wp\/v2\/es_locations?post=239081"},{"taxonomy":"es_category","embeddable":true,"href":"https:\/\/arriendo.com\/co\/wp-json\/wp\/v2\/es_categories?post=239081"},{"taxonomy":"es_type","embeddable":true,"href":"https:\/\/arriendo.com\/co\/wp-json\/wp\/v2\/es_types?post=239081"},{"taxonomy":"es_rent_period","embeddable":true,"href":"https:\/\/arriendo.com\/co\/wp-json\/wp\/v2\/es_rent_periods?post=239081"},{"taxonomy":"es_label","embeddable":true,"href":"https:\/\/arriendo.com\/co\/wp-json\/wp\/v2\/es_labels?post=239081"},{"taxonomy":"es_status","embeddable":true,"href":"https:\/\/arriendo.com\/co\/wp-json\/wp\/v2\/es_statuses?post=239081"},{"taxonomy":"es_parking","embeddable":true,"href":"https:\/\/arriendo.com\/co\/wp-json\/wp\/v2\/es_parkings?post=239081"},{"taxonomy":"es_roof","embeddable":true,"href":"https:\/\/arriendo.com\/co\/wp-json\/wp\/v2\/es_roofs?post=239081"},{"taxonomy":"es_exterior_material","embeddable":true,"href":"https:\/\/arriendo.com\/co\/wp-json\/wp\/v2\/es_exterior_materials?post=239081"},{"taxonomy":"es_basement","embeddable":true,"href":"https:\/\/arriendo.com\/co\/wp-json\/wp\/v2\/es_basements?post=239081"},{"taxonomy":"es_floor_covering","embeddable":true,"href":"https:\/\/arriendo.com\/co\/wp-json\/wp\/v2\/es_floor_coverings?post=239081"},{"taxonomy":"es_feature","embeddable":true,"href":"https:\/\/arriendo.com\/co\/wp-json\/wp\/v2\/es_features?post=239081"},{"taxonomy":"es_amenity","embeddable":true,"href":"https:\/\/arriendo.com\/co\/wp-json\/wp\/v2\/es_amenities?post=239081"},{"taxonomy":"es_neighborhood","embeddable":true,"href":"https:\/\/arriendo.com\/co\/wp-json\/wp\/v2\/es_neighborhoods?post=239081"},{"taxonomy":"es_tag","embeddable":true,"href":"https:\/\/arriendo.com\/co\/wp-json\/wp\/v2\/es_tags?post=239081"}],"curies":[{"name":"wp","href":"https:\/\/api.w.org\/{rel}","templated":true}]}}

<p>Casa de 2 Pisos, Ubicada en el Barrio El Amparo: Primer piso: sala principal, garaje, baño social, comedor, zona de cocina, patio de labores con patio auxiliar, alcoba de servicio con baño interno, patio principal amplio<br />
 Segundo piso: 3 habitaciones con closet, 1 baño auxiliar, 1 baño amplio interno en habitación principal (closet dentro del baño), alcoba 1 con el balcon.</p>
