{"id":239070,"date":"2026-01-28T13:27:44","date_gmt":"2026-01-28T18:27:44","guid":{"rendered":"https:\/\/arriendo.com\/co\/%es_type%\/%address_city%\/%neighborhood%\/valledupar-los-mayales-apartamento-en-arriendo-en-0da2cc\/"},"modified":"2026-01-28T13:27:44","modified_gmt":"2026-01-28T18:27:44","slug":"AR-239070","status":"publish","type":"properties","link":"https:\/\/arriendo.com\/co\/apartamentos\/valledupar\/los-mayales\/AR-239070\/","title":{"rendered":"Apartamento en Arriendo en Los mayales, Valledupar"},"content":{"rendered":"<p>Cuenta con: 3 habitaciones, 1 ba\u00f1o social, 1 ba\u00f1o en habitaci\u00f3n principal, cocina integral, zona de labores, parqueadero privado dentro del conjunto. Valor $1.150.000 admon incluida<\/p>\n","protected":false},"excerpt":{"rendered":"Cuenta con: 3 habitaciones, 1 ba\u00f1o social, 1 ba\u00f1o en...","protected":false},"author":7352,"featured_media":239072,"template":"","es_locations":[88,2824,436],"es_categories":[124],"es_types":[114],"es_rent_periods":[],"es_labels":[],"es_statuses":[],"es_parkings":[],"es_roofs":[],"es_exterior_materials":[],"es_basements":[],"es_floor_coverings":[],"es_features":[131,2146,2148,2132,2180,2181,2135,2150,2136,2306,2137,2300,2185,2152,2204],"es_amenities":[152,2155,2157,2140,157,2142,2161,2143,161,2308,2144,2301,2173,2162,2209],"es_neighborhoods":[],"es_tags":[],"class_list":["post-239070","properties","type-properties","status-publish","has-post-thumbnail","hentry","es_location-cesar","es_location-los-mayales","es_location-valledupar","es_category-arriendo","es_type-apartamentos","es_feature-ascensor","es_feature-cocina-integral","es_feature-colegios-universidades","es_feature-parques-cercanos","es_feature-piscina","es_feature-porteria-vigilancia","es_feature-sobre-via-principal","es_feature-supermercados-c-comerciales","es_feature-trans-publico-cercano","es_feature-zona-campestre","es_feature-zona-comercial","es_feature-zona-industrial","es_feature-zona-infantil","es_feature-zona-residencial","es_feature-zonas-verdes","es_amenity-ascensor-privado","es_amenity-cocina-integral","es_amenity-colegios-universidades","es_amenity-parques-cercanos","es_amenity-piscina","es_amenity-sobre-via-principal","es_amenity-supermercados-c-comerciales","es_amenity-trans-publico-cercano","es_amenity-vigilancia-24-7","es_amenity-zona-campestre","es_amenity-zona-comercial","es_amenity-zona-industrial","es_amenity-zona-infantil","es_amenity-zona-residencial","es_amenity-zonas-verdes","es-post-entity"],"_links":{"self":[{"href":"https:\/\/arriendo.com\/co\/wp-json\/wp\/v2\/properties\/239070","targetHints":{"allow":["GET"]}}],"collection":[{"href":"https:\/\/arriendo.com\/co\/wp-json\/wp\/v2\/properties"}],"about":[{"href":"https:\/\/arriendo.com\/co\/wp-json\/wp\/v2\/types\/properties"}],"author":[{"embeddable":true,"href":"https:\/\/arriendo.com\/co\/wp-json\/wp\/v2\/users\/7352"}],"version-history":[{"count":0,"href":"https:\/\/arriendo.com\/co\/wp-json\/wp\/v2\/properties\/239070\/revisions"}],"wp:featuredmedia":[{"embeddable":true,"href":"https:\/\/arriendo.com\/co\/wp-json\/wp\/v2\/media\/239072"}],"wp:attachment":[{"href":"https:\/\/arriendo.com\/co\/wp-json\/wp\/v2\/media?parent=239070"}],"wp:term":[{"taxonomy":"es_location","embeddable":true,"href":"https:\/\/arriendo.com\/co\/wp-json\/wp\/v2\/es_locations?post=239070"},{"taxonomy":"es_category","embeddable":true,"href":"https:\/\/arriendo.com\/co\/wp-json\/wp\/v2\/es_categories?post=239070"},{"taxonomy":"es_type","embeddable":true,"href":"https:\/\/arriendo.com\/co\/wp-json\/wp\/v2\/es_types?post=239070"},{"taxonomy":"es_rent_period","embeddable":true,"href":"https:\/\/arriendo.com\/co\/wp-json\/wp\/v2\/es_rent_periods?post=239070"},{"taxonomy":"es_label","embeddable":true,"href":"https:\/\/arriendo.com\/co\/wp-json\/wp\/v2\/es_labels?post=239070"},{"taxonomy":"es_status","embeddable":true,"href":"https:\/\/arriendo.com\/co\/wp-json\/wp\/v2\/es_statuses?post=239070"},{"taxonomy":"es_parking","embeddable":true,"href":"https:\/\/arriendo.com\/co\/wp-json\/wp\/v2\/es_parkings?post=239070"},{"taxonomy":"es_roof","embeddable":true,"href":"https:\/\/arriendo.com\/co\/wp-json\/wp\/v2\/es_roofs?post=239070"},{"taxonomy":"es_exterior_material","embeddable":true,"href":"https:\/\/arriendo.com\/co\/wp-json\/wp\/v2\/es_exterior_materials?post=239070"},{"taxonomy":"es_basement","embeddable":true,"href":"https:\/\/arriendo.com\/co\/wp-json\/wp\/v2\/es_basements?post=239070"},{"taxonomy":"es_floor_covering","embeddable":true,"href":"https:\/\/arriendo.com\/co\/wp-json\/wp\/v2\/es_floor_coverings?post=239070"},{"taxonomy":"es_feature","embeddable":true,"href":"https:\/\/arriendo.com\/co\/wp-json\/wp\/v2\/es_features?post=239070"},{"taxonomy":"es_amenity","embeddable":true,"href":"https:\/\/arriendo.com\/co\/wp-json\/wp\/v2\/es_amenities?post=239070"},{"taxonomy":"es_neighborhood","embeddable":true,"href":"https:\/\/arriendo.com\/co\/wp-json\/wp\/v2\/es_neighborhoods?post=239070"},{"taxonomy":"es_tag","embeddable":true,"href":"https:\/\/arriendo.com\/co\/wp-json\/wp\/v2\/es_tags?post=239070"}],"curies":[{"name":"wp","href":"https:\/\/api.w.org\/{rel}","templated":true}]}}

<p>Cuenta con: 3 habitaciones, 1 baño social, 1 baño en habitación principal, cocina integral, zona de labores, parqueadero privado dentro del conjunto. Valor $1.150.000 admon incluida</p>

Cuenta con: 3 habitaciones, 1 baño social, 1 baño en...
