{"id":238903,"date":"2026-01-28T13:10:44","date_gmt":"2026-01-28T18:10:44","guid":{"rendered":"https:\/\/arriendo.com\/co\/%es_type%\/%address_city%\/%neighborhood%\/tocancipa-cr-venti-apartamento-en-arriendo-en-439566\/"},"modified":"2026-01-28T13:10:44","modified_gmt":"2026-01-28T18:10:44","slug":"AR-238903","status":"publish","type":"properties","link":"https:\/\/arriendo.com\/co\/apartamentos\/tocancipa\/cr-venti\/AR-238903\/","title":{"rendered":"Apartamento en Arriendo en Cr. venti, Tocancip\u00e1"},"content":{"rendered":"<p>Venti es la mejor decisi\u00f3n para vivir y disfrutar de la tranquilidad que siempre has so\u00f1ado con tu familia. Lindo apartamento con excelente iluminaci\u00f3n y acabados, primer piso. 3 habitaciones dos con closet, 2 ba\u00f1os. Cocina semintegral, zona de lavander\u00eda con lavadero y tendedero, calentador a gas. Piso en cer\u00e1mica ideal para mascotas, instalaci\u00f3n a gas. Chapa de seguridad. Cortineros. Porter\u00eda 24\/7, zona infantil, deportiva y verde. Podr\u00e1s encontrar facilidad de transporte p\u00fablico, colegios y una excelente zona comercial.<\/p>\n","protected":false},"excerpt":{"rendered":"Venti es la mejor decisi\u00f3n para vivir y disfrutar de...","protected":false},"author":5756,"featured_media":238906,"template":"","es_locations":[2821,91,740],"es_categories":[124],"es_types":[114],"es_rent_periods":[],"es_labels":[],"es_statuses":[],"es_parkings":[],"es_roofs":[],"es_exterior_materials":[],"es_basements":[],"es_floor_coverings":[],"es_features":[2145,2211,2131,2148,2196,2179,2282,145,2368,2216,2133,2181,2182,2150,2136,2151,2185,2152,2204],"es_amenities":[2153,2210,2139,2157,2197,154,2287,2160,2369,156,158,159,2161,2143,161,162,2173,2162,2209],"es_neighborhoods":[],"es_tags":[],"class_list":["post-238903","properties","type-properties","status-publish","has-post-thumbnail","hentry","es_location-cr-venti","es_location-cundinamarca","es_location-tocancipa","es_category-arriendo","es_type-apartamentos","es_feature-calentador","es_feature-canchas-deportivas","es_feature-circuito-cerrado-de-tv","es_feature-colegios-universidades","es_feature-en-conjunto-cerrado","es_feature-gimnasio","es_feature-hall-de-alcobas","es_feature-instalacion-de-gas","es_feature-loft","es_feature-parqueadero-visitantes","es_feature-porteria-recepcion","es_feature-porteria-vigilancia","es_feature-salon-comunal","es_feature-supermercados-c-comerciales","es_feature-trans-publico-cercano","es_feature-zona-de-lavanderia","es_feature-zona-infantil","es_feature-zona-residencial","es_feature-zonas-verdes","es_amenity-calentador","es_amenity-canchas-deportivas","es_amenity-circuito-cerrado-de-tv","es_amenity-colegios-universidades","es_amenity-en-conjunto-cerrado","es_amenity-gimnasio","es_amenity-hall-de-alcobas","es_amenity-instalacion-de-gas","es_amenity-loft","es_amenity-parqueadero-visitantes","es_amenity-porteria-recepcion","es_amenity-salon-comunal","es_amenity-supermercados-c-comerciales","es_amenity-trans-publico-cercano","es_amenity-vigilancia-24-7","es_amenity-zona-de-lavanderia","es_amenity-zona-infantil","es_amenity-zona-residencial","es_amenity-zonas-verdes","es-post-entity"],"_links":{"self":[{"href":"https:\/\/arriendo.com\/co\/wp-json\/wp\/v2\/properties\/238903","targetHints":{"allow":["GET"]}}],"collection":[{"href":"https:\/\/arriendo.com\/co\/wp-json\/wp\/v2\/properties"}],"about":[{"href":"https:\/\/arriendo.com\/co\/wp-json\/wp\/v2\/types\/properties"}],"author":[{"embeddable":true,"href":"https:\/\/arriendo.com\/co\/wp-json\/wp\/v2\/users\/5756"}],"version-history":[{"count":0,"href":"https:\/\/arriendo.com\/co\/wp-json\/wp\/v2\/properties\/238903\/revisions"}],"wp:featuredmedia":[{"embeddable":true,"href":"https:\/\/arriendo.com\/co\/wp-json\/wp\/v2\/media\/238906"}],"wp:attachment":[{"href":"https:\/\/arriendo.com\/co\/wp-json\/wp\/v2\/media?parent=238903"}],"wp:term":[{"taxonomy":"es_location","embeddable":true,"href":"https:\/\/arriendo.com\/co\/wp-json\/wp\/v2\/es_locations?post=238903"},{"taxonomy":"es_category","embeddable":true,"href":"https:\/\/arriendo.com\/co\/wp-json\/wp\/v2\/es_categories?post=238903"},{"taxonomy":"es_type","embeddable":true,"href":"https:\/\/arriendo.com\/co\/wp-json\/wp\/v2\/es_types?post=238903"},{"taxonomy":"es_rent_period","embeddable":true,"href":"https:\/\/arriendo.com\/co\/wp-json\/wp\/v2\/es_rent_periods?post=238903"},{"taxonomy":"es_label","embeddable":true,"href":"https:\/\/arriendo.com\/co\/wp-json\/wp\/v2\/es_labels?post=238903"},{"taxonomy":"es_status","embeddable":true,"href":"https:\/\/arriendo.com\/co\/wp-json\/wp\/v2\/es_statuses?post=238903"},{"taxonomy":"es_parking","embeddable":true,"href":"https:\/\/arriendo.com\/co\/wp-json\/wp\/v2\/es_parkings?post=238903"},{"taxonomy":"es_roof","embeddable":true,"href":"https:\/\/arriendo.com\/co\/wp-json\/wp\/v2\/es_roofs?post=238903"},{"taxonomy":"es_exterior_material","embeddable":true,"href":"https:\/\/arriendo.com\/co\/wp-json\/wp\/v2\/es_exterior_materials?post=238903"},{"taxonomy":"es_basement","embeddable":true,"href":"https:\/\/arriendo.com\/co\/wp-json\/wp\/v2\/es_basements?post=238903"},{"taxonomy":"es_floor_covering","embeddable":true,"href":"https:\/\/arriendo.com\/co\/wp-json\/wp\/v2\/es_floor_coverings?post=238903"},{"taxonomy":"es_feature","embeddable":true,"href":"https:\/\/arriendo.com\/co\/wp-json\/wp\/v2\/es_features?post=238903"},{"taxonomy":"es_amenity","embeddable":true,"href":"https:\/\/arriendo.com\/co\/wp-json\/wp\/v2\/es_amenities?post=238903"},{"taxonomy":"es_neighborhood","embeddable":true,"href":"https:\/\/arriendo.com\/co\/wp-json\/wp\/v2\/es_neighborhoods?post=238903"},{"taxonomy":"es_tag","embeddable":true,"href":"https:\/\/arriendo.com\/co\/wp-json\/wp\/v2\/es_tags?post=238903"}],"curies":[{"name":"wp","href":"https:\/\/api.w.org\/{rel}","templated":true}]}}

Apartamento en Arriendo en Cr. venti, Tocancipá

<p>Venti es la mejor decisión para vivir y disfrutar de la tranquilidad que siempre has soñado con tu familia. Lindo apartamento con excelente iluminación y acabados, primer piso. 3 habitaciones dos con closet, 2 baños. Cocina semintegral, zona de lavandería con lavadero y tendedero, calentador a gas. Piso en cerámica ideal para mascotas, instalación a gas. Chapa de seguridad. Cortineros. Portería 24/7, zona infantil, deportiva y verde. Podrás encontrar facilidad de transporte público, colegios y una excelente zona comercial.</p>

Venti es la mejor decisión para vivir y disfrutar de...
